000
CDUS45 KTWC 160731
CLIDUG

CLIMATE REPORT
NATIONAL WEATHER SERVICE TUCSON AZ
1229 AM MST TUE SEP 16 2014


...................................

...THE DOUGLAS AZ CLIMATE SUMMARY FOR SEPTEMBER 15 2014...

CLIMATE NORMAL PERIOD 1981 TO 2010
CLIMATE RECORD PERIOD 1948 TO 2014


WEATHER ITEM   OBSERVED TIME   RECORD YEAR NORMAL DEPARTURE LAST
                VALUE   (LST)  VALUE       VALUE  FROM      YEAR
                                                  NORMAL
..................................................................
TEMPERATURE (F)
 YESTERDAY
  MAXIMUM         88    237 PM  96    2010  90     -2       92
                                      2003
                                      1951
  MINIMUM         61    617 AM  45    2005  60      1       62
  AVERAGE         75                        75      0       77

PRECIPITATION (IN)
  YESTERDAY        T             1.32 1995   0.05  -0.05     0.00
  MONTH TO DATE    0.21                      0.83  -0.62     2.16
  SINCE OCT 1     10.47                     12.39  -1.92    17.74
  SINCE JAN 1      9.65                      9.84  -0.19    17.11

DEGREE DAYS
 HEATING
  YESTERDAY        0                         0      0        0
  MONTH TO DATE    0                         0      0        0
  SINCE SEP 1      0                         0      0        0
  SINCE JUL 1      0                         0      0        0

 COOLING
  YESTERDAY       10                        10      0       12
  MONTH TO DATE  160                       170    -10      163
  SINCE SEP 1    160                       170    -10      163
  SINCE JAN 1   1606                      1640    -34     1703
..................................................................


WIND (MPH)
  HIGHEST WIND SPEED    23   HIGHEST WIND DIRECTION     S (160)
  HIGHEST GUST SPEED    27   HIGHEST GUST DIRECTION     S (170)
  AVERAGE WIND SPEED     7.4


SKY COVER
  POSSIBLE SUNSHINE  MM
  AVERAGE SKY COVER 0.2


WEATHER CONDITIONS
 THE FOLLOWING WEATHER WAS RECORDED YESTERDAY.
  NO SIGNIFICANT WEATHER WAS OBSERVED.


RELATIVE HUMIDITY (PERCENT)
 HIGHEST    87
 LOWEST     34
 AVERAGE    61

..........................................................


THE DOUGLAS AZ CLIMATE NORMALS FOR TODAY
                         NORMAL    RECORD    YEAR
 MAXIMUM TEMPERATURE (F)   90        97      1956
 MINIMUM TEMPERATURE (F)   59        50      2012
                                             2005
                                             1970


SUNRISE AND SUNSET
SEPTEMBER 16 2014.....SUNRISE   603 AM MST   SUNSET   623 PM MST
SEPTEMBER 17 2014.....SUNRISE   604 AM MST   SUNSET   621 PM MST


-  INDICATES NEGATIVE NUMBERS.
R  INDICATES RECORD WAS SET OR TIED.
MM INDICATES DATA IS MISSING.
T  INDICATES TRACE AMOUNT.




$$
