000
CDUS45 KTWC 230030 RRA
CLIDUG

CLIMATE REPORT
NATIONAL WEATHER SERVICE TUCSON AZ
528 PM MST SAT APR 22 2017


...................................

...THE DOUGLAS AZ CLIMATE SUMMARY FOR APRIL 22 2017...
VALID TODAY AS OF 0500 PM LOCAL TIME.

CLIMATE NORMAL PERIOD 1981 TO 2010
CLIMATE RECORD PERIOD 1948 TO 2017


WEATHER ITEM   OBSERVED TIME   RECORD YEAR NORMAL DEPARTURE LAST
                VALUE   (LST)  VALUE       VALUE  FROM      YEAR
                                                  NORMAL
..................................................................
TEMPERATURE (F)
 TODAY
  MAXIMUM         91    436 PM  96    2012  81     10       90
  MINIMUM         39    533 AM  32    1983  45     -6       46
  AVERAGE         65                        63      2       68

PRECIPITATION (IN)
  TODAY            0.00                      0.00   0.00     0.00
  MONTH TO DATE    T                         0.16  -0.16     0.04
  SINCE OCT 1      3.05                      4.60  -1.55     2.68
  SINCE JAN 1      1.70                      2.05  -0.35     1.47

DEGREE DAYS
 HEATING
  TODAY            0                         3     -3        0
  MONTH TO DATE   89                       118    -29      127
  SINCE MAR 1    270                       443   -173      394
  SINCE JUL 1   2063                      2479   -416     2566

 COOLING
  TODAY            0                         1     -1        3
  MONTH TO DATE   11                        10      1        8
  SINCE MAR 1     18                        11      7        8
  SINCE JAN 1     18                        11      7        8
..................................................................


WIND (MPH)
  HIGHEST WIND SPEED    13   HIGHEST WIND DIRECTION    NW (300)
  HIGHEST GUST SPEED    18   HIGHEST GUST DIRECTION    NW (320)
  AVERAGE WIND SPEED     5.3


SKY COVER
  POSSIBLE SUNSHINE  MM
  AVERAGE SKY COVER 0.0


WEATHER CONDITIONS
 THE FOLLOWING WEATHER WAS RECORDED TODAY.
  NO SIGNIFICANT WEATHER WAS OBSERVED.


RELATIVE HUMIDITY (PERCENT)
 HIGHEST    19
 LOWEST      5
 AVERAGE    12

..........................................................


THE DOUGLAS AZ CLIMATE NORMALS FOR TOMORROW
                         NORMAL    RECORD    YEAR
 MAXIMUM TEMPERATURE (F)   82        96      2012
 MINIMUM TEMPERATURE (F)   45        28      1968


SUNRISE AND SUNSET
APRIL 22 2017.........SUNRISE   542 AM MST   SUNSET   652 PM MST
APRIL 23 2017.........SUNRISE   541 AM MST   SUNSET   653 PM MST


-  INDICATES NEGATIVE NUMBERS.
R  INDICATES RECORD WAS SET OR TIED.
MM INDICATES DATA IS MISSING.
T  INDICATES TRACE AMOUNT.




$$
