000
CDUS45 KTWC 310026
CLIDUG

CLIMATE REPORT
NATIONAL WEATHER SERVICE TUCSON AZ
525 PM MST FRI JAN 30 2015


...................................

...THE DOUGLAS AZ CLIMATE SUMMARY FOR JANUARY 30 2015...
VALID TODAY AS OF 0500 PM LOCAL TIME.

CLIMATE NORMAL PERIOD 1981 TO 2010
CLIMATE RECORD PERIOD 1948 TO 2015


WEATHER ITEM   OBSERVED TIME   RECORD YEAR NORMAL DEPARTURE LAST
                VALUE   (LST)  VALUE       VALUE  FROM      YEAR
                                                  NORMAL
..................................................................
TEMPERATURE (F)
 TODAY
  MAXIMUM         52    346 PM  76    2014  64    -12       76
                                      2012
                                      1996
  MINIMUM         47    756 AM  10    1949  31     16       31
  AVERAGE         50                        47      3       54

PRECIPITATION (IN)
  TODAY            0.65                      0.02   0.63     0.00
  MONTH TO DATE    0.83                      0.71   0.12      T
  SINCE OCT 1      2.80                      3.26  -0.46     0.82
  SINCE JAN 1      0.83                      0.71   0.12      T

DEGREE DAYS
 HEATING
  TODAY           15                        18     -3       11
  MONTH TO DATE  579                       563     16      529
  SINCE DEC 1   1137                      1152    -15     1177
  SINCE JUL 1   1531                      1587    -56     1623
..................................................................


WIND (MPH)
  HIGHEST WIND SPEED    21   HIGHEST WIND DIRECTION    SE (140)
  HIGHEST GUST SPEED    27   HIGHEST GUST DIRECTION     E (90)
  AVERAGE WIND SPEED    11.2


SKY COVER
  POSSIBLE SUNSHINE  MM
  AVERAGE SKY COVER 1.0


WEATHER CONDITIONS
 THE FOLLOWING WEATHER WAS RECORDED TODAY.
  HEAVY RAIN
  RAIN
  LIGHT RAIN
  FOG


RELATIVE HUMIDITY (PERCENT)
 HIGHEST    93
 LOWEST     80
 AVERAGE    87

..........................................................


THE DOUGLAS AZ CLIMATE NORMALS FOR TOMORROW
                         NORMAL    RECORD    YEAR
 MAXIMUM TEMPERATURE (F)   64        76      2003
                                             1967
                                             1963
 MINIMUM TEMPERATURE (F)   31        13      2002
                                             1949


SUNRISE AND SUNSET
JANUARY 30 2015.......SUNRISE   712 AM MST   SUNSET   551 PM MST
JANUARY 31 2015.......SUNRISE   712 AM MST   SUNSET   552 PM MST


-  INDICATES NEGATIVE NUMBERS.
R  INDICATES RECORD WAS SET OR TIED.
MM INDICATES DATA IS MISSING.
T  INDICATES TRACE AMOUNT.

$$
