000
CDUS45 KTWC 170034
CLIDUG

CLIMATE REPORT
NATIONAL WEATHER SERVICE TUCSON AZ
533 PM MST WED APR 16 2014


...................................

...THE DOUGLAS AZ CLIMATE SUMMARY FOR APRIL 16 2014...
VALID TODAY AS OF 0500 PM LOCAL TIME.

CLIMATE NORMAL PERIOD 1981 TO 2010
CLIMATE RECORD PERIOD 1948 TO 2014


WEATHER ITEM   OBSERVED TIME   RECORD YEAR NORMAL DEPARTURE LAST
                VALUE   (LST)  VALUE       VALUE  FROM      YEAR
                                                  NORMAL
..................................................................
TEMPERATURE (F)
 TODAY
  MAXIMUM         85    327 PM  92    1962  80      5       82
  MINIMUM         41    610 AM  31    1976  43     -2       51
  AVERAGE         63                        61      2       67

PRECIPITATION (IN)
  TODAY            0.00                      0.01  -0.01     0.00
  MONTH TO DATE    0.00                      0.12  -0.12     0.01
  SINCE OCT 1      1.26                      4.56  -3.30     1.50
  SINCE JAN 1      0.44                      2.01  -1.57     0.87

DEGREE DAYS
 HEATING
  TODAY            2                         4     -2        0
  MONTH TO DATE   88                        96     -8       72
  SINCE MAR 1    338                       421    -83      311
  SINCE JUL 1   2302                      2457   -155     2515

 COOLING
  TODAY            0                         1     -1        2
  MONTH TO DATE    6                         4      2        4
  SINCE MAR 1      6                         5      1        6
  SINCE JAN 1      6                         5      1        6
..................................................................


WIND (MPH)
  HIGHEST WIND SPEED    25   HIGHEST WIND DIRECTION     W (250)
  HIGHEST GUST SPEED    34   HIGHEST GUST DIRECTION    SW (220)
  AVERAGE WIND SPEED     7.3


SKY COVER
  POSSIBLE SUNSHINE  MM
  AVERAGE SKY COVER 0.0


WEATHER CONDITIONS
 THE FOLLOWING WEATHER WAS RECORDED TODAY.
  NO SIGNIFICANT WEATHER WAS OBSERVED.


RELATIVE HUMIDITY (PERCENT)
 HIGHEST    22
 LOWEST      2
 AVERAGE    12

..........................................................


THE DOUGLAS AZ CLIMATE NORMALS FOR TOMORROW
                         NORMAL    RECORD    YEAR
 MAXIMUM TEMPERATURE (F)   80        92      1962
 MINIMUM TEMPERATURE (F)   43        28      1976


SUNRISE AND SUNSET
APRIL 16 2014.........SUNRISE   549 AM MST   SUNSET   648 PM MST
APRIL 17 2014.........SUNRISE   548 AM MST   SUNSET   649 PM MST


-  INDICATES NEGATIVE NUMBERS.
R  INDICATES RECORD WAS SET OR TIED.
MM INDICATES DATA IS MISSING.
T  INDICATES TRACE AMOUNT.




$$
