000
CDUS45 KTWC 280730
CLIDUG

CLIMATE REPORT
NATIONAL WEATHER SERVICE TUCSON AZ
1230 AM MST FRI NOV 28 2014


...................................

...THE DOUGLAS AZ CLIMATE SUMMARY FOR NOVEMBER 27 2014...

CLIMATE NORMAL PERIOD 1981 TO 2010
CLIMATE RECORD PERIOD 1948 TO 2014


WEATHER ITEM   OBSERVED TIME   RECORD YEAR NORMAL DEPARTURE LAST
                VALUE   (LST)  VALUE       VALUE  FROM      YEAR
                                                  NORMAL
..................................................................
TEMPERATURE (F)
 YESTERDAY
  MAXIMUM         75    307 PM  81    1949  66      9       55
  MINIMUM         27    716 AM  17    1993  32     -5       33
  AVERAGE         51                        49      2       44

PRECIPITATION (IN)
  YESTERDAY        0.00          0.33 1997   0.03  -0.03     0.00
  MONTH TO DATE    0.01                      0.62  -0.61     0.52
  SINCE OCT 1      1.37                      1.51  -0.14     0.52
  SINCE JAN 1     14.94                     12.06   2.88    17.63

DEGREE DAYS
 HEATING
  YESTERDAY       14                        16     -2       21
  MONTH TO DATE  333                       304     29      278
  SINCE SEP 1    352                       387    -35      397
  SINCE JUL 1    352                       387    -35      397

 COOLING
  YESTERDAY        0                         0      0        0
  MONTH TO DATE    2                         0      2        0
  SINCE SEP 1    334                       342     -8      302
  SINCE JAN 1   1780                      1812    -32     1842
..................................................................


WIND (MPH)
  HIGHEST WIND SPEED    15   HIGHEST WIND DIRECTION     E (80)
  HIGHEST GUST SPEED    23   HIGHEST GUST DIRECTION    NE (60)
  AVERAGE WIND SPEED     6.7


SKY COVER
  POSSIBLE SUNSHINE  MM
  AVERAGE SKY COVER 0.0


WEATHER CONDITIONS
 THE FOLLOWING WEATHER WAS RECORDED YESTERDAY.
  NO SIGNIFICANT WEATHER WAS OBSERVED.


RELATIVE HUMIDITY (PERCENT)
 HIGHEST    63
 LOWEST     13
 AVERAGE    38

..........................................................


THE DOUGLAS AZ CLIMATE NORMALS FOR TODAY
                         NORMAL    RECORD    YEAR
 MAXIMUM TEMPERATURE (F)   66        80      1949
 MINIMUM TEMPERATURE (F)   32        16      2005


SUNRISE AND SUNSET
NOVEMBER 28 2014......SUNRISE   657 AM MST   SUNSET   515 PM MST
NOVEMBER 29 2014......SUNRISE   658 AM MST   SUNSET   515 PM MST


-  INDICATES NEGATIVE NUMBERS.
R  INDICATES RECORD WAS SET OR TIED.
MM INDICATES DATA IS MISSING.
T  INDICATES TRACE AMOUNT.




$$
