000
CDUS45 KTWC 260735
CLIDUG

CLIMATE REPORT
NATIONAL WEATHER SERVICE TUCSON AZ
1234 AM MST THU MAY 26 2016


...................................

...THE DOUGLAS AZ CLIMATE SUMMARY FOR MAY 25 2016...

CLIMATE NORMAL PERIOD 1981 TO 2010
CLIMATE RECORD PERIOD 1948 TO 2016


WEATHER ITEM   OBSERVED TIME   RECORD YEAR NORMAL DEPARTURE LAST
                VALUE   (LST)  VALUE       VALUE  FROM      YEAR
                                                  NORMAL
..................................................................
TEMPERATURE (F)
 YESTERDAY
  MAXIMUM         87    342 PM  98    2001  91     -4       83
  MINIMUM         51    415 AM  41    2010  54     -3       43
                                      1980
                                      1960
  AVERAGE         69                        72     -3       63

PRECIPITATION (IN)
  YESTERDAY        0.00          0.04 1967   0.01  -0.01     0.00
  MONTH TO DATE    T                         0.22  -0.22      T
  SINCE OCT 1      2.68                      4.89  -2.21     4.80
  SINCE JAN 1      1.47                      2.34  -0.87     2.83

DEGREE DAYS
 HEATING
  YESTERDAY        0                         0      0        2
  MONTH TO DATE   28                        20      8       53
  SINCE MAR 1    449                       485    -36      434
  SINCE JUL 1   2621                      2521    100     2272

 COOLING
  YESTERDAY        4                         8     -4        0
  MONTH TO DATE  107                       122    -15       23
  SINCE MAR 1    125                       152    -27       27
  SINCE JAN 1    125                       152    -27       27
..................................................................


WIND (MPH)
  HIGHEST WIND SPEED    35   HIGHEST WIND DIRECTION    SW (240)
  HIGHEST GUST SPEED    44   HIGHEST GUST DIRECTION    SW (240)
  AVERAGE WIND SPEED    15.7


SKY COVER
  POSSIBLE SUNSHINE  MM
  AVERAGE SKY COVER 0.0


WEATHER CONDITIONS
 THE FOLLOWING WEATHER WAS RECORDED YESTERDAY.
  NO SIGNIFICANT WEATHER WAS OBSERVED.


RELATIVE HUMIDITY (PERCENT)
 HIGHEST    24
 LOWEST      8
 AVERAGE    16

..........................................................


THE DOUGLAS AZ CLIMATE NORMALS FOR TODAY
                         NORMAL    RECORD    YEAR
 MAXIMUM TEMPERATURE (F)   91       101      1951
 MINIMUM TEMPERATURE (F)   54        41      1959


SUNRISE AND SUNSET
MAY 26 2016...........SUNRISE   516 AM MST   SUNSET   715 PM MST
MAY 27 2016...........SUNRISE   516 AM MST   SUNSET   716 PM MST


-  INDICATES NEGATIVE NUMBERS.
R  INDICATES RECORD WAS SET OR TIED.
MM INDICATES DATA IS MISSING.
T  INDICATES TRACE AMOUNT.




$$
