000
CDUS45 KTWC 011430 RRA
CLIDUG

CLIMATE REPORT
NATIONAL WEATHER SERVICE TUCSON AZ
728 AM MST WED MAR 1 2017


...................................

...THE DOUGLAS AZ CLIMATE SUMMARY FOR MARCH 1 2017...
VALID AS OF 0700 AM LOCAL TIME.

CLIMATE NORMAL PERIOD 1981 TO 2010
CLIMATE RECORD PERIOD 1948 TO 2017


WEATHER ITEM   OBSERVED TIME   RECORD YEAR NORMAL DEPARTURE LAST
                VALUE   (LST)  VALUE       VALUE  FROM      YEAR
                                                  NORMAL
..................................................................
TEMPERATURE (F)
 TODAY
  MINIMUM         30    659 AM  21    2007  35     -5       34
                                      1962

PRECIPITATION (IN)
  TODAY            0.00          0.96 1952   0.02  -0.02     0.00
  MONTH TO DATE    0.00                      0.02  -0.02     0.00
  SINCE OCT 1      2.97                      3.96  -0.99     2.45
  SINCE JAN 1      1.62                      1.41   0.21     1.24

DEGREE DAYS
 HEATING
  TODAY           29                        13     16        8

 COOLING
  TODAY            0                         0      0        0
..................................................................


WIND (MPH)
  HIGHEST WIND SPEED    12   HIGHEST WIND DIRECTION    NW (320)
  HIGHEST GUST SPEED    13   HIGHEST GUST DIRECTION     N (20)
  AVERAGE WIND SPEED     5.6


SKY COVER
  POSSIBLE SUNSHINE  MM
  AVERAGE SKY COVER 0.0


WEATHER CONDITIONS
 THE FOLLOWING WEATHER WAS RECORDED TODAY.
  NO SIGNIFICANT WEATHER WAS OBSERVED.


RELATIVE HUMIDITY (PERCENT)
 HIGHEST    92           500 AM

..........................................................


THE DOUGLAS AZ CLIMATE NORMALS FOR TOMORROW
                         NORMAL    RECORD    YEAR
 MAXIMUM TEMPERATURE (F)   69        86      2009
 MINIMUM TEMPERATURE (F)   35        18      1971


SUNRISE AND SUNSET
MARCH  1 2017.........SUNRISE   645 AM MST   SUNSET   617 PM MST
MARCH  2 2017.........SUNRISE   644 AM MST   SUNSET   618 PM MST


-  INDICATES NEGATIVE NUMBERS.
R  INDICATES RECORD WAS SET OR TIED.
MM INDICATES DATA IS MISSING.
T  INDICATES TRACE AMOUNT.




$$
