719
CDUS43 KDVN 121021
CLIDVN


CLIMATE REPORT
NATIONAL WEATHER SERVICE QUAD CITIES IA IL
419 AM CST FRI FEB 12 2016


...................................

...THE DAVENPORT IA CLIMATE SUMMARY FOR FEBRUARY 11 2016...

CLIMATE NORMAL PERIOD 1981 TO 2010
CLIMATE RECORD PERIOD 9999 TO 9999


WEATHER ITEM   OBSERVED TIME   RECORD YEAR NORMAL DEPARTURE LAST
                VALUE   (LST)  VALUE       VALUE  FROM      YEAR
                                                  NORMAL
..................................................................
TEMPERATURE (F)
 YESTERDAY
  MAXIMUM         23    416 PM  MM      MM  33    -10       33
  MINIMUM          4    629 AM  MM      MM  17    -13       12
  AVERAGE         14                        25    -11       23

PRECIPITATION (IN)
  YESTERDAY        0.00         MM      MM   0.06  -0.06      T
  MONTH TO DATE    0.31                      0.49  -0.18     1.39
  SINCE DEC 1      5.15                      3.41   1.74     3.17
  SINCE JAN 1      0.71                      1.68  -0.97     2.38

SNOWFALL (IN)
  YESTERDAY        0.0          MM      MM  MM     MM         T
  MONTH TO DATE    0.7                      MM     MM       12.5
  SINCE DEC 1      6.6                      MM     MM       24.4
  SINCE JUL 1     13.5                      MM     MM       28.4
  SNOW DEPTH       T

DEGREE DAYS
 HEATING
  YESTERDAY       51                        40     11       42
  MONTH TO DATE  435                       457    -22      519
  SINCE DEC 1   2592                      3045   -453     2934
  SINCE JUL 1   3655                      4393   -738     4539

 COOLING
  YESTERDAY        0                         0      0        0
  MONTH TO DATE    0                         0      0        0
  SINCE DEC 1      0                         0      0        0
  SINCE JAN 1      0                         0      0        0
..................................................................


WIND (MPH)
  HIGHEST WIND SPEED     9   HIGHEST WIND DIRECTION     N (360)
  HIGHEST GUST SPEED    10   HIGHEST GUST DIRECTION     N (360)
  AVERAGE WIND SPEED     2.9


SKY COVER
  POSSIBLE SUNSHINE  MM
  AVERAGE SKY COVER 0.2


WEATHER CONDITIONS
 THE FOLLOWING WEATHER WAS RECORDED YESTERDAY.
  NO SIGNIFICANT WEATHER WAS OBSERVED.


RELATIVE HUMIDITY (PERCENT)
 HIGHEST    83           700 AM
 LOWEST     39           300 PM
 AVERAGE    61

..........................................................


THE DAVENPORT IA CLIMATE NORMALS FOR TODAY
                         NORMAL    RECORD    YEAR
 MAXIMUM TEMPERATURE (F)   33        MM        MM
 MINIMUM TEMPERATURE (F)   17        MM        MM


SUNRISE AND SUNSET
FEBRUARY 12 2016......SUNRISE   702 AM CST   SUNSET   532 PM CST
FEBRUARY 13 2016......SUNRISE   701 AM CST   SUNSET   533 PM CST


-  INDICATES NEGATIVE NUMBERS.
R  INDICATES RECORD WAS SET OR TIED.
MM INDICATES DATA IS MISSING.
T  INDICATES TRACE AMOUNT.




$$
