000
CDUS43 KDVN 201018
CLIDVN


CLIMATE REPORT
NATIONAL WEATHER SERVICE QUAD CITIES IA IL
416 AM CST SAT DEC 20 2014


...................................

...THE DAVENPORT IA CLIMATE SUMMARY FOR DECEMBER 19 2014...

CLIMATE NORMAL PERIOD 1981 TO 2010
CLIMATE RECORD PERIOD 9999 TO 9999


WEATHER ITEM   OBSERVED TIME   RECORD YEAR NORMAL DEPARTURE LAST
                VALUE   (LST)  VALUE       VALUE  FROM      YEAR
                                                  NORMAL
..................................................................
TEMPERATURE (F)
 YESTERDAY
  MAXIMUM         31    354 PM  MM      MM  32     -1       37
  MINIMUM         13    426 AM  MM      MM  16     -3       27
  AVERAGE         22                        24     -2       32

PRECIPITATION (IN)
  YESTERDAY        T            MM      MM   0.06  -0.06     0.14
  MONTH TO DATE    0.44                      1.26  -0.82     0.51
  SINCE DEC 1      0.44                      1.26  -0.82     0.51
  SINCE JAN 1     33.87                     35.56  -1.69    34.28

SNOWFALL (IN)
  YESTERDAY        T            MM      MM  MM     MM        0.0
  MONTH TO DATE    T                        MM     MM        5.5
  SINCE DEC 1      T                        MM     MM        5.5
  SINCE JUL 1      4.0                      MM     MM        8.8
  SNOW DEPTH       0

DEGREE DAYS
 HEATING
  YESTERDAY       43                        41      2       33
  MONTH TO DATE  662                       723    -61      846
  SINCE DEC 1    662                       723    -61      846
  SINCE JUL 1   2267                      2071    196     2259

 COOLING
  YESTERDAY        0                         0      0        0
  MONTH TO DATE    0                         0      0        0
  SINCE DEC 1      0                         0      0        0
  SINCE JAN 1    728                       786    -58      938
..................................................................


WIND (MPH)
  HIGHEST WIND SPEED     9   HIGHEST WIND DIRECTION     E (70)
  HIGHEST GUST SPEED    10   HIGHEST GUST DIRECTION     E (70)
  AVERAGE WIND SPEED     4.0


SKY COVER
  POSSIBLE SUNSHINE  MM
  AVERAGE SKY COVER 0.5


WEATHER CONDITIONS
 THE FOLLOWING WEATHER WAS RECORDED YESTERDAY.
  LIGHT SNOW
  FOG
  HAZE


RELATIVE HUMIDITY (PERCENT)
 HIGHEST    88           100 AM
 LOWEST     63           100 PM
 AVERAGE    76

..........................................................


THE DAVENPORT IA CLIMATE NORMALS FOR TODAY
                         NORMAL    RECORD    YEAR
 MAXIMUM TEMPERATURE (F)   32        MM        MM
 MINIMUM TEMPERATURE (F)   16        MM        MM


SUNRISE AND SUNSET
DECEMBER 20 2014......SUNRISE   725 AM CST   SUNSET   435 PM CST
DECEMBER 21 2014......SUNRISE   726 AM CST   SUNSET   435 PM CST


-  INDICATES NEGATIVE NUMBERS.
R  INDICATES RECORD WAS SET OR TIED.
MM INDICATES DATA IS MISSING.
T  INDICATES TRACE AMOUNT.




$$
