000
CDUS43 KDVN 302134
CLIDVN


CLIMATE REPORT
NATIONAL WEATHER SERVICE QUAD CITIES IA IL
433 PM CDT SAT JUL 30 2016


...................................

...THE DAVENPORT IA CLIMATE SUMMARY FOR JULY 30 2016...
VALID TODAY AS OF 0400 PM LOCAL TIME.

CLIMATE NORMAL PERIOD 1981 TO 2010
CLIMATE RECORD PERIOD 9999 TO 9999


WEATHER ITEM   OBSERVED TIME   RECORD YEAR NORMAL DEPARTURE LAST
                VALUE   (LST)  VALUE       VALUE  FROM      YEAR
                                                  NORMAL
..................................................................
TEMPERATURE (F)
 TODAY
  MAXIMUM         81    257 PM  MM      MM  83     -2       85
  MINIMUM         67    554 AM  MM      MM  63      4       61
  AVERAGE         74                        73      1       73

PRECIPITATION (IN)
  TODAY            T            MM      MM   0.13  -0.13     0.00
  MONTH TO DATE    6.60                      4.07   2.53     6.90
  SINCE JUN 1     12.19                      8.26   3.93    14.58
  SINCE JAN 1     22.75                     21.07   1.68    25.22

SNOWFALL (IN)
  TODAY            0.0          MM      MM  MM     MM        0.0
  MONTH TO DATE    0.0                      MM     MM        0.0
  SINCE JUN 1      0.0                      MM     MM        0.0
  SINCE JUL 1      0.0                      MM     MM        0.0
  SNOW DEPTH       0

DEGREE DAYS
 HEATING
  TODAY            0                         0      0        0
  MONTH TO DATE    4                         0      4        5
  SINCE JUN 1      9                        24    -15       12
  SINCE JUL 1      4                         0      4        5

 COOLING
  TODAY            9                         8      1        8
  MONTH TO DATE  257                       249      8      221
  SINCE JUN 1    485                       431     54      407
  SINCE JAN 1    570                       492     78      487
..................................................................


WIND (MPH)
  HIGHEST WIND SPEED     9   HIGHEST WIND DIRECTION    NE (40)
  HIGHEST GUST SPEED    12   HIGHEST GUST DIRECTION     E (100)
  AVERAGE WIND SPEED     5.0


SKY COVER
  POSSIBLE SUNSHINE  MM
  AVERAGE SKY COVER 0.9


WEATHER CONDITIONS
 THE FOLLOWING WEATHER WAS RECORDED TODAY.
  LIGHT RAIN
  FOG


RELATIVE HUMIDITY (PERCENT)
 HIGHEST    93          1200 AM
 LOWEST     58           300 PM
 AVERAGE    76

..........................................................


THE DAVENPORT IA CLIMATE NORMALS FOR TOMORROW
                         NORMAL    RECORD    YEAR
 MAXIMUM TEMPERATURE (F)   83        MM        MM
 MINIMUM TEMPERATURE (F)   63        MM        MM


SUNRISE AND SUNSET
JULY 30 2016..........SUNRISE   555 AM CDT   SUNSET   822 PM CDT
JULY 31 2016..........SUNRISE   556 AM CDT   SUNSET   820 PM CDT


-  INDICATES NEGATIVE NUMBERS.
R  INDICATES RECORD WAS SET OR TIED.
MM INDICATES DATA IS MISSING.
T  INDICATES TRACE AMOUNT.




$$
