000
CDUS43 KDVN 202225
CLIDVN


CLIMATE REPORT
NATIONAL WEATHER SERVICE QUAD CITIES IA IL
421 PM CST MON FEB 20 2017


...................................

...THE DAVENPORT IA CLIMATE SUMMARY FOR FEBRUARY 20 2017...
VALID TODAY AS OF 0400 PM LOCAL TIME.

CLIMATE NORMAL PERIOD 1981 TO 2010
CLIMATE RECORD PERIOD 9999 TO 9999


WEATHER ITEM   OBSERVED TIME   RECORD YEAR NORMAL DEPARTURE LAST
                VALUE   (LST)  VALUE       VALUE  FROM      YEAR
                                                  NORMAL
..................................................................
TEMPERATURE (F)
 TODAY
  MAXIMUM         69    334 PM  MM      MM  36     33       54
  MINIMUM         50    719 AM  MM      MM  19     31       33
  AVERAGE         60                        28     32       44

PRECIPITATION (IN)
  TODAY            T            MM      MM   0.04  -0.04     0.00
  MONTH TO DATE    0.23                      0.87  -0.64     0.38
  SINCE DEC 1      2.75                      3.79  -1.04     5.22
  SINCE JAN 1      1.37                      2.06  -0.69     0.78

SNOWFALL (IN)
  TODAY            0.0          MM      MM  MM     MM        0.0
  MONTH TO DATE    1.2                      MM     MM        2.6
  SINCE DEC 1     18.3                      MM     MM        8.5
  SINCE JUL 1     18.3                      MM     MM       15.4
  SNOW DEPTH       0

DEGREE DAYS
 HEATING
  TODAY            5                        37    -32       21
  MONTH TO DATE  610                       805   -195      769
  SINCE DEC 1   3027                      3393   -366     2926
  SINCE JUL 1   3882                      4741   -859     3989

 COOLING
  TODAY            0                         0      0        0
  MONTH TO DATE    0                         0      0        0
  SINCE DEC 1      0                         0      0        0
  SINCE JAN 1      0                         0      0        0
..................................................................


WIND (MPH)
  HIGHEST WIND SPEED    25   HIGHEST WIND DIRECTION     S (160)
  HIGHEST GUST SPEED    34   HIGHEST GUST DIRECTION    SE (150)
  AVERAGE WIND SPEED    15.4


SKY COVER
  POSSIBLE SUNSHINE  MM
  AVERAGE SKY COVER 0.4


WEATHER CONDITIONS
 THE FOLLOWING WEATHER WAS RECORDED TODAY.
  LIGHT RAIN
  FOG
  HAZE


RELATIVE HUMIDITY (PERCENT)
 HIGHEST    96           800 AM
 LOWEST     55           300 PM
 AVERAGE    76

..........................................................


THE DAVENPORT IA CLIMATE NORMALS FOR TOMORROW
                         NORMAL    RECORD    YEAR
 MAXIMUM TEMPERATURE (F)   36        MM        MM
 MINIMUM TEMPERATURE (F)   20        MM        MM


SUNRISE AND SUNSET
FEBRUARY 20 2017......SUNRISE   650 AM CST   SUNSET   542 PM CST
FEBRUARY 21 2017......SUNRISE   649 AM CST   SUNSET   544 PM CST


-  INDICATES NEGATIVE NUMBERS.
R  INDICATES RECORD WAS SET OR TIED.
MM INDICATES DATA IS MISSING.
T  INDICATES TRACE AMOUNT.




$$
