000
CDUS46 KOTX 230433
CLIEAT


CLIMATE REPORT
NATIONAL WEATHER SERVICE SPOKANE, WA
833 PM PST WED NOV 22 2017


...................................

...THE WENATCHEE WA PANGBORN FIELD CLIMATE SUMMARY FOR NOVEMBER 22 2017...
VALID TODAY AS OF 0800 PM LOCAL TIME.

CLIMATE NORMAL PERIOD 1981 TO 2010
CLIMATE RECORD PERIOD 1959 TO 2017


WEATHER ITEM   OBSERVED TIME   RECORD YEAR NORMAL DEPARTURE LAST
                VALUE   (LST)  VALUE       VALUE  FROM      YEAR
                                                  NORMAL
..................................................................
TEMPERATURE (F)
 TODAY
  MAXIMUM         44    324 PM  60    1967  40      4       40
  MINIMUM         34    625 AM   1    1985  30      4       36
  AVERAGE         39                        35      4       38

PRECIPITATION (IN)
  TODAY            T             0.38 1961   0.03  -0.03     0.05
  MONTH TO DATE    1.19                      0.77   0.42     0.33
  SINCE OCT 1      2.00                      1.21   0.79     2.36
  SINCE JAN 1      9.08                      6.27   2.81     9.71

DEGREE DAYS
 HEATING
  TODAY           26                        30     -4       27
  MONTH TO DATE  608                       567     41      398
  SINCE SEP 1   1208                      1103    105      901
  SINCE JUL 1   1208                      1117     91      905

 COOLING
  TODAY            0                         0      0        0
  MONTH TO DATE    0                         0      0        0
  SINCE SEP 1    113                         2    111       28
  SINCE JAN 1   1058                       790    268      801
..................................................................


WIND (MPH)
  HIGHEST WIND SPEED     7   HIGHEST WIND DIRECTION     N (350)
  HIGHEST GUST SPEED     9   HIGHEST GUST DIRECTION    SE (140)
  AVERAGE WIND SPEED     1.3


SKY COVER
  POSSIBLE SUNSHINE  MM
  AVERAGE SKY COVER 0.7


WEATHER CONDITIONS
 THE FOLLOWING WEATHER WAS RECORDED TODAY.
  LIGHT RAIN
  FOG
  FOG W/VISIBILITY <= 1/4 MILE


RELATIVE HUMIDITY (PERCENT)
 HIGHEST   100          1200 AM
 LOWEST     89           100 PM
 AVERAGE    95

..........................................................


THE WENATCHEE WA PANGBORN FIELD CLIMATE NORMALS FOR TOMORROW
                         NORMAL    RECORD    YEAR
 MAXIMUM TEMPERATURE (F)   40        64      1959
 MINIMUM TEMPERATURE (F)   29        -5      1985


SUNRISE AND SUNSET
NOVEMBER 22 2017......SUNRISE   716 AM PST   SUNSET   418 PM PST
NOVEMBER 23 2017......SUNRISE   717 AM PST   SUNSET   417 PM PST


-  INDICATES NEGATIVE NUMBERS.
R  INDICATES RECORD WAS SET OR TIED.
MM INDICATES DATA IS MISSING.
T  INDICATES TRACE AMOUNT.




$$
