000
CDUS46 KOTX 290829
CLIEAT


CLIMATE REPORT
NATIONAL WEATHER SERVICE SPOKANE, WA
129 AM PDT MON MAY 29 2017


...................................

...THE WENATCHEE WA PANGBORN FIELD CLIMATE SUMMARY FOR MAY 28 2017...

CLIMATE NORMAL PERIOD 1981 TO 2010
CLIMATE RECORD PERIOD 1959 TO 2017


WEATHER ITEM   OBSERVED TIME   RECORD YEAR NORMAL DEPARTURE LAST
                VALUE   (LST)  VALUE       VALUE  FROM      YEAR
                                                  NORMAL
..................................................................
TEMPERATURE (F)
 YESTERDAY
  MAXIMUM         88    450 PM  94    1983  74     14       70
  MINIMUM         58    521 AM  41    1998  52      6       50
  AVERAGE         73                        63     10       60

PRECIPITATION (IN)
  YESTERDAY        0.00          0.42 1967   0.02  -0.02      T
  MONTH TO DATE    0.59                      0.59   0.00     0.94
  SINCE OCT 1      9.60                      6.51   3.09    10.24
  SINCE JAN 1      6.78                      3.56   3.22     6.38

SNOWFALL (IN)
  YESTERDAY       MM

DEGREE DAYS
 HEATING
  YESTERDAY        0                         4     -4        5
  MONTH TO DATE  198                       189      9       69
  SINCE MAR 1   1410                      1241    169      835
  SINCE JUL 1   6201                      5705    496     4708

 COOLING
  YESTERDAY        8                         2      6        0
  MONTH TO DATE   34                        30      4       27
  SINCE MAR 1     34                        68    -34       39
  SINCE JAN 1     34                        68    -34       39
..................................................................


WIND (MPH)
  HIGHEST WIND SPEED    14   HIGHEST WIND DIRECTION     W (290)
  HIGHEST GUST SPEED    19   HIGHEST GUST DIRECTION    NW (310)
  AVERAGE WIND SPEED     6.0


SKY COVER
  POSSIBLE SUNSHINE  MM
  AVERAGE SKY COVER 0.0


WEATHER CONDITIONS
 THE FOLLOWING WEATHER WAS RECORDED YESTERDAY.
  NO SIGNIFICANT WEATHER WAS OBSERVED.


RELATIVE HUMIDITY (PERCENT)
 HIGHEST    62           500 AM
 LOWEST     18           200 PM
 AVERAGE    40

..........................................................


THE WENATCHEE WA PANGBORN FIELD CLIMATE NORMALS FOR TODAY
                         NORMAL    RECORD    YEAR
 MAXIMUM TEMPERATURE (F)   75        98      1986
 MINIMUM TEMPERATURE (F)   52        40      1976


SUNRISE AND SUNSET
MAY 29 2017...........SUNRISE   510 AM PDT   SUNSET   847 PM PDT
MAY 30 2017...........SUNRISE   509 AM PDT   SUNSET   848 PM PDT


-  INDICATES NEGATIVE NUMBERS.
R  INDICATES RECORD WAS SET OR TIED.
MM INDICATES DATA IS MISSING.
T  INDICATES TRACE AMOUNT.




$$
