000
CDUS46 KOTX 250825
CLIEAT


CLIMATE REPORT
NATIONAL WEATHER SERVICE SPOKANE, WA
124 AM PDT TUE JUL 25 2017


...................................

...THE WENATCHEE WA PANGBORN FIELD CLIMATE SUMMARY FOR JULY 24 2017...

CLIMATE NORMAL PERIOD 1981 TO 2010
CLIMATE RECORD PERIOD 1959 TO 2017


WEATHER ITEM   OBSERVED TIME   RECORD YEAR NORMAL DEPARTURE LAST
                VALUE   (LST)  VALUE       VALUE  FROM      YEAR
                                                  NORMAL
..................................................................
TEMPERATURE (F)
 YESTERDAY
  MAXIMUM         89    429 PM 105    1994  89      0       89
  MINIMUM         60    516 AM  53    2014  63     -3       58
  AVERAGE         75                        76     -1       74

PRECIPITATION (IN)
  YESTERDAY        0.00          0.15 1981   0.00   0.00     0.00
  MONTH TO DATE    0.00                      0.22  -0.22     0.26
  SINCE OCT 1      9.82                      7.42   2.40    11.16
  SINCE JAN 1      7.00                      4.47   2.53     7.30

SNOWFALL (IN)
  YESTERDAY       MM

DEGREE DAYS
 HEATING
  YESTERDAY        0                         0      0        0
  MONTH TO DATE    0                         2     -2        2
  SINCE JUN 1     40                        60    -20       58
  SINCE JUL 1      0                         2     -2        2

 COOLING
  YESTERDAY       10                        11     -1        9
  MONTH TO DATE  287                       213     74      127
  SINCE JUN 1    411                       505    -94      307
  SINCE JAN 1    467                       652   -185      349
..................................................................


WIND (MPH)
  HIGHEST WIND SPEED    13   HIGHEST WIND DIRECTION    NW (320)
  HIGHEST GUST SPEED    18   HIGHEST GUST DIRECTION     S (180)
  AVERAGE WIND SPEED     5.9


SKY COVER
  POSSIBLE SUNSHINE  MM
  AVERAGE SKY COVER 0.0


WEATHER CONDITIONS
 THE FOLLOWING WEATHER WAS RECORDED YESTERDAY.
  NO SIGNIFICANT WEATHER WAS OBSERVED.


RELATIVE HUMIDITY (PERCENT)
 HIGHEST    55           400 AM
 LOWEST     17           300 PM
 AVERAGE    36

..........................................................


THE WENATCHEE WA PANGBORN FIELD CLIMATE NORMALS FOR TODAY
                         NORMAL    RECORD    YEAR
 MAXIMUM TEMPERATURE (F)   89       102      1998
 MINIMUM TEMPERATURE (F)   63        52      1966


SUNRISE AND SUNSET
JULY 25 2017..........SUNRISE   531 AM PDT   SUNSET   843 PM PDT
JULY 26 2017..........SUNRISE   532 AM PDT   SUNSET   842 PM PDT


-  INDICATES NEGATIVE NUMBERS.
R  INDICATES RECORD WAS SET OR TIED.
MM INDICATES DATA IS MISSING.
T  INDICATES TRACE AMOUNT.




$$
