000
CDUS46 KOTX 260047
CLIEAT


CLIMATE REPORT
NATIONAL WEATHER SERVICE SPOKANE, WA
447 PM PST SAT FEB 25 2017


...................................

...THE WENATCHEE WA PANGBORN FIELD CLIMATE SUMMARY FOR FEBRUARY 25 2017...
VALID AS OF 0400 PM LOCAL TIME.

CLIMATE NORMAL PERIOD 1981 TO 2010
CLIMATE RECORD PERIOD 1959 TO 2017


WEATHER ITEM   OBSERVED TIME   RECORD YEAR NORMAL DEPARTURE LAST
                VALUE   (LST)  VALUE       VALUE  FROM      YEAR
                                                  NORMAL
..................................................................
TEMPERATURE (F)
 TODAY
  MAXIMUM         34    359 PM  62    1995  45    -11       54
  MINIMUM         16    633 AM   6    1993  30    -14       31
  AVERAGE         25                        38    -13       43

PRECIPITATION (IN)
  TODAY            0.00          0.67 2004   0.03  -0.03     0.00
  MONTH TO DATE    1.64                      0.73   0.91     0.43
  SINCE OCT 1      5.57                      4.74   0.83     6.51
  SINCE JAN 1      2.75                      1.79   0.96     2.65

SNOWFALL (IN)
  TODAY           MM

DEGREE DAYS
 HEATING
  TODAY           40                        28     12       22
  MONTH TO DATE  951                       765    186      681
  SINCE DEC 1   3605                      3013    592     2734
  SINCE JUL 1   4682                      4385    297     3799

 COOLING
  TODAY            0                         0      0        0
  MONTH TO DATE    0                         0      0        0
  SINCE DEC 1      0                         0      0        0
  SINCE JAN 1      0                         0      0        0
..................................................................


WIND (MPH)
  HIGHEST WIND SPEED    10   HIGHEST WIND DIRECTION    SE (130)
  HIGHEST GUST SPEED    13   HIGHEST GUST DIRECTION    SE (130)
  AVERAGE WIND SPEED     4.2


SKY COVER
  POSSIBLE SUNSHINE  MM
  AVERAGE SKY COVER 0.0


WEATHER CONDITIONS
 THE FOLLOWING WEATHER WAS RECORDED TODAY.
  NO SIGNIFICANT WEATHER WAS OBSERVED.


RELATIVE HUMIDITY (PERCENT)
 HIGHEST    92           600 AM
 LOWEST     56           200 PM
 AVERAGE    74

..........................................................


THE WENATCHEE WA PANGBORN FIELD CLIMATE NORMALS FOR TOMORROW
                         NORMAL    RECORD    YEAR
 MAXIMUM TEMPERATURE (F)   46        60      1968
 MINIMUM TEMPERATURE (F)   30         5      1993


SUNRISE AND SUNSET
FEBRUARY 25 2017......SUNRISE   648 AM PST   SUNSET   540 PM PST
FEBRUARY 26 2017......SUNRISE   646 AM PST   SUNSET   542 PM PST


-  INDICATES NEGATIVE NUMBERS.
R  INDICATES RECORD WAS SET OR TIED.
MM INDICATES DATA IS MISSING.
T  INDICATES TRACE AMOUNT.




$$
