000
CDUS46 KOTX 230825
CLIEAT


CLIMATE REPORT
NATIONAL WEATHER SERVICE SPOKANE, WA
125 AM PDT SUN APR 23 2017


...................................

...THE WENATCHEE WA PANGBORN FIELD CLIMATE SUMMARY FOR APRIL 22 2017...

CLIMATE NORMAL PERIOD 1981 TO 2010
CLIMATE RECORD PERIOD 1959 TO 2017


WEATHER ITEM   OBSERVED TIME   RECORD YEAR NORMAL DEPARTURE LAST
                VALUE   (LST)  VALUE       VALUE  FROM      YEAR
                                                  NORMAL
..................................................................
TEMPERATURE (F)
 YESTERDAY
  MAXIMUM         63    353 PM  82    2012  64     -1       77
  MINIMUM         43    438 AM  30    2008  42      1       55
  AVERAGE         53                        53      0       66

PRECIPITATION (IN)
  YESTERDAY        T             0.22 1960   0.01  -0.01     0.00
  MONTH TO DATE    2.14                      0.34   1.80     0.50
  SINCE OCT 1      9.00                      5.80   3.20     9.30
  SINCE JAN 1      6.18                      2.85   3.33     5.44

SNOWFALL (IN)
  YESTERDAY       MM

DEGREE DAYS
 HEATING
  YESTERDAY       12                        12      0        0
  MONTH TO DATE  369                       313     56      132
  SINCE MAR 1   1107                       961    146      718
  SINCE JUL 1   5898                      5425    473     4591

 COOLING
  YESTERDAY        0                         0      0        1
  MONTH TO DATE    0                         0      0       12
  SINCE MAR 1      0                         2     -2       12
  SINCE JAN 1      0                         2     -2       12
..................................................................


WIND (MPH)
  HIGHEST WIND SPEED    21   HIGHEST WIND DIRECTION    NW (310)
  HIGHEST GUST SPEED    24   HIGHEST GUST DIRECTION    NW (320)
  AVERAGE WIND SPEED     6.1


SKY COVER
  POSSIBLE SUNSHINE  MM
  AVERAGE SKY COVER 0.2


WEATHER CONDITIONS
 THE FOLLOWING WEATHER WAS RECORDED YESTERDAY.
  LIGHT RAIN


RELATIVE HUMIDITY (PERCENT)
 HIGHEST    76           400 AM
 LOWEST     39           400 PM
 AVERAGE    58

..........................................................


THE WENATCHEE WA PANGBORN FIELD CLIMATE NORMALS FOR TODAY
                         NORMAL    RECORD    YEAR
 MAXIMUM TEMPERATURE (F)   64        87      2012
                                             1977
 MINIMUM TEMPERATURE (F)   42        30      1985


SUNRISE AND SUNSET
APRIL 23 2017.........SUNRISE   557 AM PDT   SUNSET   802 PM PDT
APRIL 24 2017.........SUNRISE   555 AM PDT   SUNSET   803 PM PDT


-  INDICATES NEGATIVE NUMBERS.
R  INDICATES RECORD WAS SET OR TIED.
MM INDICATES DATA IS MISSING.
T  INDICATES TRACE AMOUNT.




$$
