000
CDUS46 KOTX 280827
CLIEAT


CLIMATE REPORT
NATIONAL WEATHER SERVICE SPOKANE, WA
123 AM PDT TUE JUL 28 2015


...................................

...THE WENATCHEE WA PANGBORN FIELD CLIMATE SUMMARY FOR JULY 27 2015...

CLIMATE NORMAL PERIOD 1981 TO 2010
CLIMATE RECORD PERIOD 1959 TO 2015


WEATHER ITEM   OBSERVED TIME   RECORD YEAR NORMAL DEPARTURE LAST
                VALUE   (LST)  VALUE       VALUE  FROM      YEAR
                                                  NORMAL
..................................................................
TEMPERATURE (F)
 YESTERDAY
  MAXIMUM         82    431 PM 108    1998  89     -7       94
  MINIMUM         57    519 AM  54    1976  63     -6       64
  AVERAGE         70                        76     -6       79

PRECIPITATION (IN)
  YESTERDAY        0.00          T    1983   0.00   0.00     0.00
  MONTH TO DATE    0.24                      0.24   0.00     0.38
  SINCE OCT 1      7.15                      7.44  -0.29     3.69
  SINCE JAN 1      3.97                      4.49  -0.52     3.13

SNOWFALL (IN)
  YESTERDAY       MM

DEGREE DAYS
 HEATING
  YESTERDAY        0                         0      0        0
  MONTH TO DATE    0                         2     -2        0
  SINCE JUN 1      0                        60    -60       15
  SINCE JUL 1      0                         2     -2        0

 COOLING
  YESTERDAY        5                        11     -6       14
  MONTH TO DATE  420                       246    174      404
  SINCE JUN 1    803                       538    265      560
  SINCE JAN 1    902                       685    217      618
..................................................................


WIND (MPH)
  HIGHEST WIND SPEED    30   HIGHEST WIND DIRECTION    NW (310)
  HIGHEST GUST SPEED    37   HIGHEST GUST DIRECTION    NW (320)
  AVERAGE WIND SPEED    15.8


SKY COVER
  POSSIBLE SUNSHINE  MM
  AVERAGE SKY COVER 0.2


WEATHER CONDITIONS
 THE FOLLOWING WEATHER WAS RECORDED YESTERDAY.
  NO SIGNIFICANT WEATHER WAS OBSERVED.


RELATIVE HUMIDITY (PERCENT)
 HIGHEST    47           500 AM
 LOWEST     18           200 PM
 AVERAGE    33

..........................................................


THE WENATCHEE WA PANGBORN FIELD CLIMATE NORMALS FOR TODAY
                         NORMAL    RECORD    YEAR
 MAXIMUM TEMPERATURE (F)   89       105      1998
 MINIMUM TEMPERATURE (F)   63        52      1995


SUNRISE AND SUNSET
JULY 28 2015..........SUNRISE   534 AM PDT   SUNSET   840 PM PDT
JULY 29 2015..........SUNRISE   535 AM PDT   SUNSET   839 PM PDT


-  INDICATES NEGATIVE NUMBERS.
R  INDICATES RECORD WAS SET OR TIED.
MM INDICATES DATA IS MISSING.
T  INDICATES TRACE AMOUNT.




$$
