000
CDUS43 KMPX 260627
CLIEAU


CLIMATE REPORT
NATIONAL WEATHER SERVICE CHANHASSEN MN
123 AM CDT MON SEP 26 2016


...................................

...THE EAU CLAIRE WI CLIMATE SUMMARY FOR SEPTEMBER 25 2016...

CLIMATE NORMAL PERIOD 1981 TO 2010
CLIMATE RECORD PERIOD 1893 TO 2016


WEATHER ITEM   OBSERVED TIME   RECORD YEAR NORMAL DEPARTURE LAST
                VALUE   (LST)  VALUE       VALUE  FROM      YEAR
                                                  NORMAL
..................................................................
TEMPERATURE (F)
 YESTERDAY
  MAXIMUM         69        MM  91    1920  67      2       78
  MINIMUM         53        MM  27    1942  45      8       56
  AVERAGE         61                        56      5       67

PRECIPITATION (IN)
  YESTERDAY        0.09          2.85 1934   0.12  -0.03     0.00
  MONTH TO DATE    7.98                      3.12   4.86     4.51
  SINCE SEP 1      7.98                      3.12   4.86     4.51
  SINCE JAN 1     34.81                     25.24   9.57    32.07

SNOWFALL (IN)
  YESTERDAY        0.0           T    1984   0.0    0.0      0.0
  MONTH TO DATE    0.0                       0.0    0.0      0.0
  SINCE SEP 1      0.0                       0.0    0.0      0.0
  SINCE JUL 1      0.0                       0.0    0.0      0.0
  SNOW DEPTH       0

DEGREE DAYS
 HEATING
  YESTERDAY        4                        10     -6        0
  MONTH TO DATE   39                       138    -99       60
  SINCE SEP 1     39                       138    -99       60
  SINCE JUL 1     49                       177   -128      115

 COOLING
  YESTERDAY        0                         1     -1        2
  MONTH TO DATE   39                        46     -7      113
  SINCE SEP 1     39                        46     -7      113
  SINCE JAN 1    622                       573     49      515
..................................................................


WIND (MPH)
  HIGHEST WIND SPEED    21   HIGHEST WIND DIRECTION    SW (240)
  HIGHEST GUST SPEED    30   HIGHEST GUST DIRECTION     W (270)
  AVERAGE WIND SPEED    11.1


SKY COVER
  POSSIBLE SUNSHINE  MM
  AVERAGE SKY COVER 0.8


WEATHER CONDITIONS
 THE FOLLOWING WEATHER WAS RECORDED YESTERDAY.
  RAIN
  LIGHT RAIN
  FOG


RELATIVE HUMIDITY (PERCENT)
 HIGHEST    93          1200 AM
 LOWEST     63           100 PM
 AVERAGE    78

..........................................................


THE EAU CLAIRE WI CLIMATE NORMALS FOR TODAY
                         NORMAL    RECORD    YEAR
 MAXIMUM TEMPERATURE (F)   67        86      1986
 MINIMUM TEMPERATURE (F)   44        28      1926
                                             1965
                                             1984


SUNRISE AND SUNSET
SEPTEMBER 26 2016.....SUNRISE   658 AM CDT   SUNSET   655 PM CDT
SEPTEMBER 27 2016.....SUNRISE   700 AM CDT   SUNSET   653 PM CDT


-  INDICATES NEGATIVE NUMBERS.
R  INDICATES RECORD WAS SET OR TIED.
MM INDICATES DATA IS MISSING.
T  INDICATES TRACE AMOUNT.




$$
