000
CDUS43 KMPX 310653
CLIEAU


CLIMATE REPORT
NATIONAL WEATHER SERVICE CHANHASSEN MN
152 AM CDT THU JUL 31 2014


...................................

...THE EAU CLAIRE WI CLIMATE SUMMARY FOR JULY 30 2014...

CLIMATE NORMAL PERIOD 1981 TO 2010
CLIMATE RECORD PERIOD 1893 TO 2014


WEATHER ITEM   OBSERVED TIME   RECORD YEAR NORMAL DEPARTURE LAST
                VALUE   (LST)  VALUE       VALUE  FROM      YEAR
                                                  NORMAL
..................................................................
TEMPERATURE (F)
 YESTERDAY
  MAXIMUM         79    408 PM 103    1999  82     -3       75
  MINIMUM         51    541 AM  46    1899  60     -9       61
  AVERAGE         65                        71     -6       68

PRECIPITATION (IN)
  YESTERDAY        0.26          1.47 1970   0.13   0.13     0.04
  MONTH TO DATE    2.44                      3.74  -1.30     0.64
  SINCE JUN 1     12.28                      7.87   4.41     6.50
  SINCE JAN 1     26.38                     17.51   8.87    26.55

SNOWFALL (IN)
  YESTERDAY        0.0           0.0    MM   0.0    0.0      0.0
  MONTH TO DATE    0.0                       0.0    0.0      0.0
  SINCE JUN 1      0.0                       0.0    0.0      0.0
  SINCE JUL 1      0.0                       0.0    0.0      0.0
  SNOW DEPTH       0

DEGREE DAYS
 HEATING
  YESTERDAY        0                         0      0        0
  MONTH TO DATE   18                         2     16       26
  SINCE JUN 1     43                        64    -21       89
  SINCE JUL 1     18                         2     16       26

 COOLING
  YESTERDAY        0                         7     -7        3
  MONTH TO DATE  133                       209    -76      237
  SINCE JUN 1    267                       329    -62      327
  SINCE JAN 1    302                       361    -59      359
..................................................................


WIND (MPH)
  HIGHEST WIND SPEED    16   HIGHEST WIND DIRECTION    NW (330)
  HIGHEST GUST SPEED    21   HIGHEST GUST DIRECTION    NW (330)
  AVERAGE WIND SPEED     3.6


SKY COVER
  POSSIBLE SUNSHINE  MM
  AVERAGE SKY COVER 0.3


WEATHER CONDITIONS
 THE FOLLOWING WEATHER WAS RECORDED YESTERDAY.
  THUNDERSTORM
  HEAVY RAIN
  RAIN
  LIGHT RAIN
  FOG
  FOG W/VISIBILITY <= 1/4 MILE


RELATIVE HUMIDITY (PERCENT)
 HIGHEST   100           300 AM
 LOWEST     43           200 PM
 AVERAGE    72

..........................................................


THE EAU CLAIRE WI CLIMATE NORMALS FOR TODAY
                         NORMAL    RECORD    YEAR
 MAXIMUM TEMPERATURE (F)   82       103      2006
 MINIMUM TEMPERATURE (F)   60        45      1960


SUNRISE AND SUNSET
JULY 31 2014..........SUNRISE   551 AM CDT   SUNSET   833 PM CDT
AUGUST  1 2014........SUNRISE   552 AM CDT   SUNSET   832 PM CDT


-  INDICATES NEGATIVE NUMBERS.
R  INDICATES RECORD WAS SET OR TIED.
MM INDICATES DATA IS MISSING.
T  INDICATES TRACE AMOUNT.




$$
