000
CDUS43 KMPX 230834
CLIEAU


CLIMATE REPORT
NATIONAL WEATHER SERVICE CHANHASSEN MN
333 AM CDT MON OCT 23 2017


...................................

...THE EAU CLAIRE WI CLIMATE SUMMARY FOR OCTOBER 22 2017...

CLIMATE NORMAL PERIOD 1981 TO 2010
CLIMATE RECORD PERIOD 1893 TO 2017


WEATHER ITEM   OBSERVED TIME   RECORD YEAR NORMAL DEPARTURE LAST
                VALUE   (LST)  VALUE       VALUE  FROM      YEAR
                                                  NORMAL
..................................................................
TEMPERATURE (F)
 YESTERDAY
  MAXIMUM         60    413 PM  82    1899  55      5       63
  MINIMUM         47   1159 PM  15    1930  35     12       37
                                      1896
  AVERAGE         54                        45      9       50

PRECIPITATION (IN)
  YESTERDAY        0.03          1.75 1979   0.06  -0.03     0.00
  MONTH TO DATE    3.14                      1.80   1.34     1.77
  SINCE SEP 1      5.41                      5.48  -0.07     9.97
  SINCE JAN 1     33.53                     27.60   5.93    36.80

SNOWFALL (IN)
  YESTERDAY       MM             4.0  1917   0.0   MM        0.0
  MONTH TO DATE    0.0                       0.1   -0.1      0.0
  SINCE SEP 1      0.0                       0.1   -0.1      0.0
  SINCE JUL 1      0.0                       0.1   -0.1      0.0
  SNOW DEPTH       0

DEGREE DAYS
 HEATING
  YESTERDAY       11                        20     -9       15
  MONTH TO DATE  235                       354   -119      255
  SINCE SEP 1    353                       548   -195      337
  SINCE JUL 1    396                       587   -191      347

 COOLING
  YESTERDAY        0                         0      0        0
  MONTH TO DATE    0                         4     -4        2
  SINCE SEP 1     94                        52     42       41
  SINCE JAN 1    466                       579   -113      624
..................................................................


WIND (MPH)
  HIGHEST WIND SPEED    14   HIGHEST WIND DIRECTION     W (280)
  HIGHEST GUST SPEED    18   HIGHEST GUST DIRECTION     W (270)
  AVERAGE WIND SPEED     7.6


SKY COVER
  POSSIBLE SUNSHINE  MM
  AVERAGE SKY COVER 0.5


WEATHER CONDITIONS
 THE FOLLOWING WEATHER WAS RECORDED YESTERDAY.
  LIGHT RAIN


RELATIVE HUMIDITY (PERCENT)
 HIGHEST    93           100 AM
 LOWEST     35           400 PM
 AVERAGE    64

..........................................................


THE EAU CLAIRE WI CLIMATE NORMALS FOR TODAY
                         NORMAL    RECORD    YEAR
 MAXIMUM TEMPERATURE (F)   55        84      1899
 MINIMUM TEMPERATURE (F)   35        14      1936


SUNRISE AND SUNSET
OCTOBER 23 2017.......SUNRISE   732 AM CDT   SUNSET   607 PM CDT
OCTOBER 24 2017.......SUNRISE   734 AM CDT   SUNSET   606 PM CDT


-  INDICATES NEGATIVE NUMBERS.
R  INDICATES RECORD WAS SET OR TIED.
MM INDICATES DATA IS MISSING.
T  INDICATES TRACE AMOUNT.




$$
