164
CDUS42 KAKQ 210529
CLIECG


CLIMATE REPORT
NATIONAL WEATHER SERVICE WAKEFIELD, VA
129 AM EDT SAT OCT 21 2017


...................................

...THE ELIZABETH CITY NC CLIMATE SUMMARY FOR OCTOBER 20 2017...

CLIMATE NORMAL PERIOD 1981 TO 2010
CLIMATE RECORD PERIOD 1934 TO 2017


WEATHER ITEM   OBSERVED TIME   RECORD YEAR NORMAL DEPARTURE LAST
                VALUE   (LST)  VALUE       VALUE  FROM      YEAR
                                                  NORMAL
..................................................................
TEMPERATURE (F)
 YESTERDAY
  MAXIMUM         78    214 PM  87    1984  71      7       82
  MINIMUM         50    533 AM  30    1974  51     -1       64
  AVERAGE         64                        61      3       73

PRECIPITATION (IN)
  YESTERDAY        0.00          2.21 1944   0.08  -0.08     0.00
  MONTH TO DATE    0.83                      2.01  -1.18    10.01
  SINCE SEP 1      3.25                      5.94  -2.69    22.04
  SINCE JAN 1     38.39                     39.90  -1.51    49.55

SNOWFALL (IN)
  YESTERDAY        0.0           0.0  2002  MM     MM
  MONTH TO DATE    0.0                      MM     MM
  SINCE NOV 1      1.2                      MM     MM
  SINCE JUL 1      0.0                      MM     MM
  SNOW DEPTH       0

DEGREE DAYS
 HEATING
  YESTERDAY        1                         5     -4        0
  MONTH TO DATE   15                        64    -49       27
  SINCE SEP 1     15                        76    -61       27
  SINCE JUL 1     15                        76    -61       27

 COOLING
  YESTERDAY        0                         1     -1        8
  MONTH TO DATE  122                        46     76       98
  SINCE SEP 1    393                       272    121      426
  SINCE JAN 1   1939                      1568    371     1933
..................................................................


WIND (MPH)
  HIGHEST WIND SPEED    12   HIGHEST WIND DIRECTION    NE (60)
  HIGHEST GUST SPEED    14   HIGHEST GUST DIRECTION    NE (60)
  AVERAGE WIND SPEED     3.6


SKY COVER
  POSSIBLE SUNSHINE  MM
  AVERAGE SKY COVER 0.1


WEATHER CONDITIONS
 THE FOLLOWING WEATHER WAS RECORDED YESTERDAY.
  FOG
  FOG W/VISIBILITY <= 1/4 MILE


RELATIVE HUMIDITY (PERCENT)
 HIGHEST   100          1200 AM
 LOWEST     40           100 PM
 AVERAGE    70

..........................................................


THE ELIZABETH CITY NC CLIMATE NORMALS FOR TODAY
                         NORMAL    RECORD    YEAR
 MAXIMUM TEMPERATURE (F)   71        85      1947
 MINIMUM TEMPERATURE (F)   50        30      1974
                                             1952
                                             1940


SUNRISE AND SUNSET
OCTOBER 21 2017.......SUNRISE   717 AM EDT   SUNSET   621 PM EDT
OCTOBER 22 2017.......SUNRISE   718 AM EDT   SUNSET   619 PM EDT


-  INDICATES NEGATIVE NUMBERS.
R  INDICATES RECORD WAS SET OR TIED.
MM INDICATES DATA IS MISSING.
T  INDICATES TRACE AMOUNT.




$$
