000
CDUS42 KAKQ 292135
CLIECG


CLIMATE REPORT
NATIONAL WEATHER SERVICE WAKEFIELD, VA
535 PM EDT MON JUN 29 2015


...................................

...THE ELIZABETH CITY NC CLIMATE SUMMARY FOR JUNE 29 2015...
VALID TODAY AS OF 0500 PM LOCAL TIME.

CLIMATE NORMAL PERIOD 1981 TO 2010
CLIMATE RECORD PERIOD 1934 TO 2015


WEATHER ITEM   OBSERVED TIME   RECORD YEAR NORMAL DEPARTURE LAST
                VALUE   (LST)  VALUE       VALUE  FROM      YEAR
                                                  NORMAL
..................................................................
TEMPERATURE (F)
 TODAY
  MAXIMUM         84    207 PM  97    2012  87     -3       81
                                      2010
                                      1944
  MINIMUM         65    302 AM  55    1979  69     -4       59
  AVERAGE         75

PRECIPITATION (IN)
  TODAY            0.00          3.47 1973   0.14  -0.14     0.00
  MONTH TO DATE    4.87                      4.33   0.54     3.83
  SINCE JUN 1      4.87                      4.33   0.54     3.83
  SINCE JAN 1     22.17                     21.50   0.67    18.79

SNOWFALL (IN)
  TODAY            0.0
  MONTH TO DATE    0.0
  SINCE NOV 1      T
  SINCE JUL 1      T
  SNOW DEPTH       0

DEGREE DAYS
 HEATING
  TODAY            0
  MONTH TO DATE    0
  SINCE JUN 1      0
  SINCE JUL 1   3235

 COOLING
  TODAY           10
  MONTH TO DATE  393
  SINCE JUN 1    393
  SINCE JAN 1    598
..................................................................


WIND (MPH)
  RESULTANT WIND SPEED   5   RESULTANT WIND DIRECTION   E (90)
  HIGHEST WIND SPEED    14   HIGHEST WIND DIRECTION    SE (120)
  HIGHEST GUST SPEED    17   HIGHEST GUST DIRECTION    SE (130)


SKY COVER
  POSSIBLE SUNSHINE  MM
  AVERAGE SKY COVER 0.0


WEATHER CONDITIONS
 THE FOLLOWING WEATHER WAS RECORDED TODAY.
  NO SIGNIFICANT WEATHER WAS OBSERVED.


RELATIVE HUMIDITY (PERCENT)
 HIGHEST    87
 LOWEST     51
 AVERAGE    69

..........................................................


THE ELIZABETH CITY NC CLIMATE NORMALS FOR TOMORROW
                         NORMAL    RECORD    YEAR
 MAXIMUM TEMPERATURE (F)   87       100      1936
 MINIMUM TEMPERATURE (F)   69        53      1938


SUNRISE AND SUNSET
JUNE 29 2015..........SUNRISE   550 AM EDT   SUNSET   826 PM EDT
JUNE 30 2015..........SUNRISE   550 AM EDT   SUNSET   826 PM EDT


-  INDICATES NEGATIVE NUMBERS.
R  INDICATES RECORD WAS SET OR TIED.
MM INDICATES DATA IS MISSING.
T  INDICATES TRACE AMOUNT.




$$
