000
CDUS42 KAKQ 020632
CLIECG


CLIMATE REPORT
NATIONAL WEATHER SERVICE WAKEFIELD, VA
132 AM EST MON MAR 2 2015


...................................

...THE ELIZABETH CITY NC CLIMATE SUMMARY FOR MARCH 1 2015...

CLIMATE NORMAL PERIOD 1981 TO 2010
CLIMATE RECORD PERIOD 1934 TO 2015


WEATHER ITEM   OBSERVED TIME   RECORD YEAR NORMAL DEPARTURE LAST
                VALUE   (LST)  VALUE       VALUE  FROM      YEAR
                                                  NORMAL
..................................................................
TEMPERATURE (F)
 YESTERDAY
  MAXIMUM         45    257 PM  82    2012  57    -12       54
  MINIMUM         28    120 AM  16    1937  36     -8       31
  AVERAGE         37                        46     -9       43

PRECIPITATION (IN)
  YESTERDAY        0.62          2.52 1969   0.10   0.52     0.00
  MONTH TO DATE    0.62                      0.10   0.52     0.00
  SINCE MAR 1      0.62                      0.10   0.52     0.00
  SINCE JAN 1      7.42                      6.54   0.88     4.14

SNOWFALL (IN)
  YESTERDAY        0.0           1.5  1968  MM     MM
  MONTH TO DATE    0.0                      MM     MM
  SINCE NOV 1      T                        MM     MM
  SINCE JUL 1      T                        MM     MM
  SNOW DEPTH       0

DEGREE DAYS
 HEATING
  YESTERDAY       28                        19      9       22
  MONTH TO DATE   28                        19      9       22
  SINCE MAR 1     28                        19      9       22
  SINCE JUL 1   2562                      2491     71     2597

 COOLING
  YESTERDAY        0                         0      0        0
  MONTH TO DATE    0                         0      0        0
  SINCE MAR 1      0                         0      0        0
  SINCE JAN 1      2                         2      0        0
..................................................................


WIND (MPH)
  HIGHEST WIND SPEED    17   HIGHEST WIND DIRECTION    NW (300)
  HIGHEST GUST SPEED    23   HIGHEST GUST DIRECTION     W (280)
  AVERAGE WIND SPEED     5.9


SKY COVER
  POSSIBLE SUNSHINE  MM
  AVERAGE SKY COVER 0.8


WEATHER CONDITIONS
 THE FOLLOWING WEATHER WAS RECORDED YESTERDAY.
  HEAVY RAIN
  RAIN
  LIGHT RAIN
  FOG


RELATIVE HUMIDITY (PERCENT)
 HIGHEST   100           800 PM
 LOWEST     75          1200 AM
 AVERAGE    88

..........................................................


THE ELIZABETH CITY NC CLIMATE NORMALS FOR TODAY
                         NORMAL    RECORD    YEAR
 MAXIMUM TEMPERATURE (F)   57        82      1997
 MINIMUM TEMPERATURE (F)   36        21      1980


SUNRISE AND SUNSET
MARCH  2 2015.........SUNRISE   634 AM EST   SUNSET   600 PM EST
MARCH  3 2015.........SUNRISE   633 AM EST   SUNSET   601 PM EST


-  INDICATES NEGATIVE NUMBERS.
R  INDICATES RECORD WAS SET OR TIED.
MM INDICATES DATA IS MISSING.
T  INDICATES TRACE AMOUNT.




$$
