000
CDUS42 KAKQ 252128
CLIECG


CLIMATE REPORT
NATIONAL WEATHER SERVICE WAKEFIELD, VA
528 PM EDT SUN SEP 25 2016


...................................

...THE ELIZABETH CITY NC CLIMATE SUMMARY FOR SEPTEMBER 25 2016...
VALID TODAY AS OF 0500 PM LOCAL TIME.

CLIMATE NORMAL PERIOD 1981 TO 2010
CLIMATE RECORD PERIOD 1934 TO 2016


WEATHER ITEM   OBSERVED TIME   RECORD YEAR NORMAL DEPARTURE LAST
                VALUE   (LST)  VALUE       VALUE  FROM      YEAR
                                                  NORMAL
..................................................................
TEMPERATURE (F)
 TODAY
  MAXIMUM         75    155 PM  93    1986  79     -4       74
  MINIMUM         69    722 AM  43    1967  60      9       71
  AVERAGE         72

PRECIPITATION (IN)
  TODAY            T             1.69 2008   0.11  -0.11     0.90
  MONTH TO DATE   12.00                      3.31   8.69     2.04
  SINCE SEP 1     12.00                      3.31   8.69     2.04
  SINCE JAN 1     39.51                     37.27   2.24    32.22

SNOWFALL (IN)
  TODAY            0.0
  MONTH TO DATE    0.0
  SINCE NOV 1      1.8
  SINCE JUL 1      0.0
  SNOW DEPTH       0

DEGREE DAYS
 HEATING
  TODAY            0
  MONTH TO DATE    0
  SINCE SEP 1      0
  SINCE JUL 1      0

 COOLING
  TODAY            7
  MONTH TO DATE  289
  SINCE SEP 1    289
  SINCE JAN 1   1796
..................................................................


WIND (MPH)
  RESULTANT WIND SPEED  10   RESULTANT WIND DIRECTION  NE (40)
  HIGHEST WIND SPEED    15   HIGHEST WIND DIRECTION    NE (40)
  HIGHEST GUST SPEED    19   HIGHEST GUST DIRECTION    NE (30)


SKY COVER
  POSSIBLE SUNSHINE  MM
  AVERAGE SKY COVER 0.9


WEATHER CONDITIONS
 THE FOLLOWING WEATHER WAS RECORDED TODAY.
  NO SIGNIFICANT WEATHER WAS OBSERVED.


RELATIVE HUMIDITY (PERCENT)
 HIGHEST    84
 LOWEST     53
 AVERAGE    69

..........................................................


THE ELIZABETH CITY NC CLIMATE NORMALS FOR TOMORROW
                         NORMAL    RECORD    YEAR
 MAXIMUM TEMPERATURE (F)   78        95      1986
 MINIMUM TEMPERATURE (F)   60        44      1943


SUNRISE AND SUNSET
SEPTEMBER 25 2016.....SUNRISE   655 AM EDT   SUNSET   656 PM EDT
SEPTEMBER 26 2016.....SUNRISE   656 AM EDT   SUNSET   655 PM EDT


-  INDICATES NEGATIVE NUMBERS.
R  INDICATES RECORD WAS SET OR TIED.
MM INDICATES DATA IS MISSING.
T  INDICATES TRACE AMOUNT.




$$
