056
CDUS42 KAKQ 300529
CLIECG


CLIMATE REPORT
NATIONAL WEATHER SERVICE WAKEFIELD, VA
129 AM EDT SUN APR 30 2017


...................................

...THE ELIZABETH CITY NC CLIMATE SUMMARY FOR APRIL 29 2017...

CLIMATE NORMAL PERIOD 1981 TO 2010
CLIMATE RECORD PERIOD 1934 TO 2017


WEATHER ITEM   OBSERVED TIME   RECORD YEAR NORMAL DEPARTURE LAST
                VALUE   (LST)  VALUE       VALUE  FROM      YEAR
                                                  NORMAL
..................................................................
TEMPERATURE (F)
 YESTERDAY
  MAXIMUM         87    305 PM  90    1974  73     14       65
  MINIMUM         73   1159 PM  37    1940  51     22       54
  AVERAGE         80                        62     18       60

PRECIPITATION (IN)
  YESTERDAY        0.00          0.93 1990   0.10  -0.10     0.00
  MONTH TO DATE    2.52                      3.05  -0.53     4.04
  SINCE MAR 1      6.31                      7.03  -0.72     6.26
  SINCE JAN 1     10.92                     13.47  -2.55    13.85

SNOWFALL (IN)
  YESTERDAY        0.0           0.0  2002  MM     MM
  MONTH TO DATE    0.0                      MM     MM
  SINCE NOV 1      1.2                      MM     MM
  SINCE JUL 1      1.2                      MM     MM
  SNOW DEPTH       0

DEGREE DAYS
 HEATING
  YESTERDAY        0                         5     -5        5
  MONTH TO DATE   83                       219   -136      229
  SINCE MAR 1    558                       684   -126      506
  SINCE JUL 1   2653                      3156   -503     2417

 COOLING
  YESTERDAY       15                         2     13        0
  MONTH TO DATE  110                        35     75       29
  SINCE MAR 1    117                        40     77       55
  SINCE JAN 1    120                        42     78       55
..................................................................


WIND (MPH)
  HIGHEST WIND SPEED    21   HIGHEST WIND DIRECTION    SW (220)
  HIGHEST GUST SPEED    25   HIGHEST GUST DIRECTION    SW (220)
  AVERAGE WIND SPEED    13.3


SKY COVER
  POSSIBLE SUNSHINE  MM
  AVERAGE SKY COVER 0.3


WEATHER CONDITIONS
 THE FOLLOWING WEATHER WAS RECORDED YESTERDAY.
  LIGHT RAIN


RELATIVE HUMIDITY (PERCENT)
 HIGHEST   100           100 AM
 LOWEST     63           300 PM
 AVERAGE    82

..........................................................


THE ELIZABETH CITY NC CLIMATE NORMALS FOR TODAY
                         NORMAL    RECORD    YEAR
 MAXIMUM TEMPERATURE (F)   73        90      1974
 MINIMUM TEMPERATURE (F)   52        35      2001


SUNRISE AND SUNSET
APRIL 30 2017.........SUNRISE   613 AM EDT   SUNSET   752 PM EDT
MAY  1 2017...........SUNRISE   611 AM EDT   SUNSET   753 PM EDT


-  INDICATES NEGATIVE NUMBERS.
R  INDICATES RECORD WAS SET OR TIED.
MM INDICATES DATA IS MISSING.
T  INDICATES TRACE AMOUNT.




$$
