000
CDUS45 KGJT 200737
CLIEEO


CLIMATE REPORT
NATIONAL WEATHER SERVICE GRAND JUNCTION CO
134 AM MDT MON OCT 20 2014


...................................

...THE MEEKER CO CLIMATE SUMMARY FOR OCTOBER 19 2014...

CLIMATE NORMAL PERIOD 1981 TO 2010
CLIMATE RECORD PERIOD 9999 TO 9999


WEATHER ITEM   OBSERVED TIME   RECORD YEAR NORMAL DEPARTURE LAST
                VALUE   (LST)  VALUE       VALUE  FROM      YEAR
                                                  NORMAL
..................................................................
TEMPERATURE (F)
 YESTERDAY
  MAXIMUM         72    308 PM  MM      MM  59     13       57
  MINIMUM         34    637 AM  MM      MM  28      6       22
  AVERAGE         53                        43     10       40

PRECIPITATION (IN)
  YESTERDAY        0.00         MM      MM   0.06  -0.06     0.00
  MONTH TO DATE    1.04                      1.18  -0.14     2.27
  SINCE SEP 1      3.41                      2.94   0.47     5.21
  SINCE JAN 1     15.14                     12.80   2.34    15.30

SNOWFALL (IN)
  YESTERDAY       MM            MM      MM  MM     MM       MM
  MONTH TO DATE   MM                        MM     MM       MM
  SINCE SEP 1     MM                        MM     MM       MM
  SINCE JUL 1     MM                        MM     MM       MM
  SNOW DEPTH      MM

DEGREE DAYS
 HEATING
  YESTERDAY       12                        22    -10       25
  MONTH TO DATE  289                       346    -57      426
  SINCE SEP 1    447                       599   -152      619
  SINCE JUL 1    504                       653   -149      638

 COOLING
  YESTERDAY        0                         0      0        0
  MONTH TO DATE    0                         0      0        0
  SINCE SEP 1      1                         4     -3       41
  SINCE JAN 1    197                       172     25      324
..................................................................


WIND (MPH)
  HIGHEST WIND SPEED    12   HIGHEST WIND DIRECTION     E (70)
  HIGHEST GUST SPEED    13   HIGHEST GUST DIRECTION    NE (60)
  AVERAGE WIND SPEED     2.2


SKY COVER
  POSSIBLE SUNSHINE  MM
  AVERAGE SKY COVER 0.1


WEATHER CONDITIONS
 THE FOLLOWING WEATHER WAS RECORDED YESTERDAY.
  HAZE


RELATIVE HUMIDITY (PERCENT)
 HIGHEST    82           500 AM
 LOWEST     25           300 PM
 AVERAGE    54

..........................................................


THE MEEKER CO CLIMATE NORMALS FOR TODAY
                         NORMAL    RECORD    YEAR
 MAXIMUM TEMPERATURE (F)   59        MM        MM
 MINIMUM TEMPERATURE (F)   27        MM        MM


SUNRISE AND SUNSET
OCTOBER 20 2014.......SUNRISE   727 AM MDT   SUNSET   625 PM MDT
OCTOBER 21 2014.......SUNRISE   728 AM MDT   SUNSET   623 PM MDT


-  INDICATES NEGATIVE NUMBERS.
R  INDICATES RECORD WAS SET OR TIED.
MM INDICATES DATA IS MISSING.
T  INDICATES TRACE AMOUNT.




$$
