000
CDUS45 KGJT 010825
CLIEEO


CLIMATE REPORT
NATIONAL WEATHER SERVICE GRAND JUNCTION CO
130 AM MDT TUE SEP 1 2015


...................................

...THE MEEKER CO CLIMATE SUMMARY FOR AUGUST 31 2015...

CLIMATE NORMAL PERIOD 1981 TO 2010
CLIMATE RECORD PERIOD 9999 TO 9999


WEATHER ITEM   OBSERVED TIME   RECORD YEAR NORMAL DEPARTURE LAST
                VALUE   (LST)  VALUE       VALUE  FROM      YEAR
                                                  NORMAL
..................................................................
TEMPERATURE (F)
 YESTERDAY
  MAXIMUM         78    146 PM  MM      MM  80     -2       76
  MINIMUM         51   1159 PM  MM      MM  45      6       47
  AVERAGE         65                        62      3       62

PRECIPITATION (IN)
  YESTERDAY        0.06         MM      MM   0.05   0.01     0.01
  MONTH TO DATE    0.95                      1.32  -0.37     3.33
  SINCE JUN 1      3.47                      3.71  -0.24     4.30
  SINCE JAN 1     12.69                      9.86   2.83    11.73

SNOWFALL (IN)
  YESTERDAY       MM            MM      MM  MM     MM       MM
  MONTH TO DATE   MM                        MM     MM       MM
  SINCE JUN 1     MM                        MM     MM       MM
  SINCE JUL 1     MM                        MM     MM       MM
  SNOW DEPTH      MM

DEGREE DAYS
 HEATING
  YESTERDAY        0                         3     -3        3
  MONTH TO DATE   13                        33    -20       50
  SINCE JUN 1     88                       198   -110      192
  SINCE JUL 1     37                        54    -17       57

 COOLING
  YESTERDAY        0                         0      0        0
  MONTH TO DATE   80                        65     15       39
  SINCE JUN 1    221                       167     54      195
  SINCE JAN 1    221                       168     53      196
..................................................................


WIND (MPH)
  HIGHEST WIND SPEED    18   HIGHEST WIND DIRECTION     S (200)
  HIGHEST GUST SPEED    26   HIGHEST GUST DIRECTION     S (190)
  AVERAGE WIND SPEED     5.0


SKY COVER
  POSSIBLE SUNSHINE  MM
  AVERAGE SKY COVER 0.4


WEATHER CONDITIONS
 THE FOLLOWING WEATHER WAS RECORDED YESTERDAY.
  THUNDERSTORM
  LIGHT RAIN
  HAZE


RELATIVE HUMIDITY (PERCENT)
 HIGHEST    89          1000 PM
 LOWEST     36           200 PM
 AVERAGE    63

..........................................................


THE MEEKER CO CLIMATE NORMALS FOR TODAY
                         NORMAL    RECORD    YEAR
 MAXIMUM TEMPERATURE (F)   80        MM        MM
 MINIMUM TEMPERATURE (F)   45        MM        MM


SUNRISE AND SUNSET
SEPTEMBER  1 2015.....SUNRISE   639 AM MDT   SUNSET   743 PM MDT
SEPTEMBER  2 2015.....SUNRISE   640 AM MDT   SUNSET   742 PM MDT


-  INDICATES NEGATIVE NUMBERS.
R  INDICATES RECORD WAS SET OR TIED.
MM INDICATES DATA IS MISSING.
T  INDICATES TRACE AMOUNT.




$$
