000
CDUS44 KBMX 282213
CLIEET


CLIMATE REPORT
NATIONAL WEATHER SERVICE BIRMINGHAM, AL
513 PM CDT TUE MAR 28 2017


...................................

...THE SHELBY COUNTY AIRPORT CLIMATE SUMMARY FOR MARCH 28 2017...
VALID TODAY AS OF 0500 PM LOCAL TIME.

CLIMATE NORMAL PERIOD 1981 TO 2010
CLIMATE RECORD PERIOD 9999 TO 9999


WEATHER ITEM   OBSERVED TIME   RECORD YEAR NORMAL DEPARTURE LAST
                VALUE   (LST)  VALUE       VALUE  FROM      YEAR
                                                  NORMAL
..................................................................
TEMPERATURE (F)
 TODAY
  MAXIMUM         79    259 PM  MM      MM  70      9       71
  MINIMUM         65    105 AM  MM      MM  47     18       51
  AVERAGE         72                        58     14       61

PRECIPITATION (IN)
  TODAY            0.01                      0.14  -0.13     0.00
  MONTH TO DATE    5.09                      4.08   1.01     4.71
  SINCE MAR 1      5.09                      4.08   1.01     4.71
  SINCE JAN 1     16.19                     15.16   1.03    15.35

SNOWFALL (IN)
  TODAY            0.0                      MM     MM        0.0
  MONTH TO DATE    0.0                      MM     MM        0.0
  SINCE MAR 1      0.0                      MM     MM        0.0
  SINCE JUL 1      0.0                      MM     MM         T
  SNOW DEPTH       0

DEGREE DAYS
 HEATING
  TODAY            0                         7     -7        4
  MONTH TO DATE  225                       288    -63      170
  SINCE MAR 1    225                       288    -63      170
  SINCE JUL 1   1546                      2417   -871     1748

 COOLING
  TODAY            7                         1      6        0
  MONTH TO DATE   41                         2     39       31
  SINCE MAR 1     41                         2     39       31
  SINCE JAN 1     51                         6     45       38
..................................................................


WIND (MPH)
  HIGHEST WIND SPEED    13   HIGHEST WIND DIRECTION    NW (310)
  HIGHEST GUST SPEED    17   HIGHEST GUST DIRECTION    SW (240)
  AVERAGE WIND SPEED     5.9


SKY COVER
  POSSIBLE SUNSHINE  MM
  AVERAGE SKY COVER 0.7


WEATHER CONDITIONS
 THE FOLLOWING WEATHER WAS RECORDED TODAY.
  LIGHT RAIN
  FOG


RELATIVE HUMIDITY (PERCENT)
 HIGHEST   100           500 AM
 LOWEST     58           300 PM
 AVERAGE    79

..........................................................


THE SHELBY COUNTY AIRPORT CLIMATE NORMALS FOR TOMORROW
                         NORMAL    RECORD    YEAR
 MAXIMUM TEMPERATURE (F)   70        MM        MM
 MINIMUM TEMPERATURE (F)   47        MM        MM


SUNRISE AND SUNSET
MARCH 28 2017.........SUNRISE   640 AM CDT   SUNSET   705 PM CDT
MARCH 29 2017.........SUNRISE   639 AM CDT   SUNSET   705 PM CDT


-  INDICATES NEGATIVE NUMBERS.
R  INDICATES RECORD WAS SET OR TIED.
MM INDICATES DATA IS MISSING.
T  INDICATES TRACE AMOUNT.




$$
