000
CDUS46 KEKA 170017
CLIEKA


CLIMATE REPORT
NATIONAL WEATHER SERVICE EUREKA CA
514 PM PDT WED APR 16 2014


...................................

...THE EUREKA CA CLIMATE SUMMARY FOR APRIL 16 2014...
VALID TODAY AS OF 0500 PM LOCAL TIME.

CLIMATE NORMAL PERIOD 1981 TO 2010
CLIMATE RECORD PERIOD 1886 TO 2014


WEATHER ITEM   OBSERVED RECORD YEAR NORMAL DEPARTURE LAST
                VALUE   VALUE       VALUE  FROM      YEAR
                                           NORMAL
...........................................................
TEMPERATURE (F)
 TODAY
  MAXIMUM         58     75    1936  58      0       54
  MINIMUM         44     34    1975  44      0       35
                               1917
  AVERAGE         51                 51      0       45

PRECIPITATION (IN)
  TODAY            0.00   1.01 1992   0.10  -0.10     0.00
  MONTH TO DATE    0.26               1.99  -1.73     2.44
  SINCE JUL 1     19.07              36.47 -17.40    30.71
  SINCE JAN 1     13.95              19.42  -5.47     9.88

SNOWFALL (IN)
  TODAY            0.0    0.0  2001   0.0    0.0      0.0
  MONTH TO DATE    0.0                0.0    0.0      0.0
  SINCE MAR 1      0.0                0.0    0.0      0.0
  SINCE JUL 1      T                  0.2   -0.2       T
  SNOW DEPTH      MM

...........................................................


WIND (MPH)
  HIGHEST WIND SPEED    12   HIGHEST WIND DIRECTION     N (360)
  HIGHEST GUST SPEED    MM   HIGHEST GUST DIRECTION    MM
  AVERAGE WIND SPEED     5.3


SKY COVER
  AVERAGE SKY COVER 0.3


WEATHER CONDITIONS
 THE FOLLOWING WEATHER WAS RECORDED TODAY.
  NO SIGNIFICANT WEATHER WAS OBSERVED.


..........................................................


THE EUREKA CA CLIMATE NORMALS FOR TOMORROW
                         NORMAL    RECORD    YEAR
 MAXIMUM TEMPERATURE (F)   58        67      1983
 MINIMUM TEMPERATURE (F)   44        34      1922


SUNRISE AND SUNSET
APRIL 16 2014.........SUNRISE   636 AM PDT   SUNSET   757 PM PDT
APRIL 17 2014.........SUNRISE   635 AM PDT   SUNSET   758 PM PDT


-  INDICATES NEGATIVE NUMBERS.
R  INDICATES RECORD WAS SET OR TIED.
MM INDICATES DATA IS MISSING.
T  INDICATES TRACE AMOUNT.




&&

..........................................................

TOTAL SEASON     NORMAL   % OF NORMAL     LAST SEASON

    19.07         36.47        52            30.71

$$
