000
CDUS46 KEKA 211209
CLIEKA


CLIMATE REPORT
NATIONAL WEATHER SERVICE EUREKA CA
509 AM PDT SUN SEP 21 2014


...................................

...THE EUREKA CA CLIMATE SUMMARY FOR SEPTEMBER 20 2014...

CLIMATE NORMAL PERIOD 1981 TO 2010
CLIMATE RECORD PERIOD 1886 TO 2014


WEATHER ITEM   OBSERVED RECORD YEAR NORMAL DEPARTURE LAST
                VALUE   VALUE       VALUE  FROM      YEAR
                                           NORMAL
...........................................................
TEMPERATURE (F)
 YESTERDAY
  MAXIMUM         66     75    1997  64      2       74
                               1939
  MINIMUM         57     42    1924  50      7       48
  AVERAGE         62                 57      5       61

PRECIPITATION (IN)
  YESTERDAY        0.00   0.44 2013   0.02  -0.02     0.44
  MONTH TO DATE    0.38               0.33   0.05     0.56
  SINCE JUL 1      0.42               0.82  -0.40     0.64
  SINCE JAN 1     16.41              24.10  -7.69    12.12

SNOWFALL (IN)
  YESTERDAY        0.0    0.0  2002   0.0    0.0     MM
                               2001
  MONTH TO DATE    0.0                0.0    0.0      0.0
  SINCE SEP 1      0.0                0.0    0.0      0.0
  SINCE JUL 1      0.0                0.0    0.0      0.0
  SNOW DEPTH       0

DEGREE DAYS
 HEATING
  YESTERDAY        3                  8     -5        4
  MONTH TO DATE  128                150    -22       70
  SINCE SEP 1    128                150    -22       70
  SINCE JUL 1    491                576    -85      489

 COOLING
  YESTERDAY        0                  0      0        0
  MONTH TO DATE    0                  0      0        1
  SINCE SEP 1      0                  0      0        1
  SINCE JAN 1      1                  0      1        6
...........................................................


WIND (MPH)
  HIGHEST WIND SPEED     9   HIGHEST WIND DIRECTION     N (20)
  HIGHEST GUST SPEED    16   HIGHEST GUST DIRECTION    MM
  AVERAGE WIND SPEED     4.5


SKY COVER
  AVERAGE SKY COVER 0.5


WEATHER CONDITIONS
 THE FOLLOWING WEATHER WAS RECORDED YESTERDAY.
  FOG
  FOG W/VISIBILITY <= 1/4 MILE


..........................................................


THE EUREKA CA CLIMATE NORMALS FOR TODAY
                         NORMAL    RECORD    YEAR
 MAXIMUM TEMPERATURE (F)   63        85      1939
 MINIMUM TEMPERATURE (F)   50        39      1895


SUNRISE AND SUNSET
SEPTEMBER 21 2014.....SUNRISE   703 AM PDT   SUNSET   715 PM PDT
SEPTEMBER 22 2014.....SUNRISE   704 AM PDT   SUNSET   714 PM PDT


-  INDICATES NEGATIVE NUMBERS.
R  INDICATES RECORD WAS SET OR TIED.
MM INDICATES DATA IS MISSING.
T  INDICATES TRACE AMOUNT.




&&

..........................................................

TOTAL SEASON     NORMAL   % OF NORMAL     LAST SEASON

     0.42          0.82        51             0.64


$$
