000
CDUS46 KEKA 230014
CLIEKA


CLIMATE REPORT
NATIONAL WEATHER SERVICE EUREKA CA
411 PM PST MON DEC 22 2014


...................................

...THE EUREKA CA CLIMATE SUMMARY FOR DECEMBER 22 2014...
VALID TODAY AS OF 0400 PM LOCAL TIME.

CLIMATE NORMAL PERIOD 1981 TO 2010
CLIMATE RECORD PERIOD 1886 TO 2014


WEATHER ITEM   OBSERVED RECORD YEAR NORMAL DEPARTURE LAST
                VALUE   VALUE       VALUE  FROM      YEAR
                                           NORMAL
...........................................................
TEMPERATURE (F)
 TODAY
  MAXIMUM         58     65    1964  55      3       54
  MINIMUM         56     22    1990  40     16       39
  AVERAGE         57                 48      9       47

PRECIPITATION (IN)
  TODAY            0.11   2.34 1892   0.26  -0.15      T
  MONTH TO DATE    8.95               5.84   3.11     0.55
  SINCE JUL 1     20.71              14.77   5.94     5.11
  SINCE JAN 1     36.70              38.05  -1.35    16.59

SNOWFALL (IN)
  TODAY            0.0    T    2012   0.0    0.0     MM
                               2008
                               2001
  MONTH TO DATE    0.0                0.0    0.0       T
  SINCE DEC 1      0.0                0.0    0.0       T
  SINCE JUL 1      0.0                0.0    0.0       T
  SNOW DEPTH      MM

...........................................................


WIND (MPH)
  HIGHEST WIND SPEED     7   HIGHEST WIND DIRECTION     N (360)
  HIGHEST GUST SPEED    MM   HIGHEST GUST DIRECTION    MM
  AVERAGE WIND SPEED     1.3


SKY COVER
  AVERAGE SKY COVER 1.0


WEATHER CONDITIONS
 THE FOLLOWING WEATHER WAS RECORDED TODAY.
  LIGHT RAIN
  FOG


..........................................................


THE EUREKA CA CLIMATE NORMALS FOR TOMORROW
                         NORMAL    RECORD    YEAR
 MAXIMUM TEMPERATURE (F)   55        68      1993
 MINIMUM TEMPERATURE (F)   40        24      1998


SUNRISE AND SUNSET
DECEMBER 22 2014......SUNRISE   738 AM PST   SUNSET   453 PM PST
DECEMBER 23 2014......SUNRISE   738 AM PST   SUNSET   453 PM PST


-  INDICATES NEGATIVE NUMBERS.
R  INDICATES RECORD WAS SET OR TIED.
MM INDICATES DATA IS MISSING.
T  INDICATES TRACE AMOUNT.




&&

..........................................................

TOTAL SEASON     NORMAL   % OF NORMAL     LAST SEASON

    20.71         14.77        140             5.11


$$
