213
CDUS46 KEKA 311210
CLIEKA


CLIMATE REPORT
NATIONAL WEATHER SERVICE EUREKA CA
508 AM PDT TUE MAY 31 2016


...................................

...THE EUREKA CA CLIMATE SUMMARY FOR MAY 30 2016...

CLIMATE NORMAL PERIOD 1981 TO 2010
CLIMATE RECORD PERIOD 1886 TO 2016


WEATHER ITEM   OBSERVED RECORD YEAR NORMAL DEPARTURE LAST
                VALUE   VALUE       VALUE  FROM      YEAR
                                           NORMAL
...........................................................
TEMPERATURE (F)
 YESTERDAY
  MAXIMUM         60     77    1997  61     -1       59
  MINIMUM         50     42    1898  49      1       50
                               1893
  AVERAGE         55                 55      0       55

PRECIPITATION (IN)
  YESTERDAY        0.00   2.15 1943   0.04  -0.04      T
  MONTH TO DATE    0.76               1.73  -0.97     0.01
  SINCE OCT 1     47.47              38.45   9.02    30.57
  SINCE JAN 1     26.75              22.48   4.27    12.19

SNOWFALL (IN)
  YESTERDAY        0.0   MM      MM   0.0    0.0      0.0
  MONTH TO DATE    0.0                0.0    0.0      0.0
  SINCE MAR 1      0.0                T      0.0       T
  SINCE JUL 1      T                  0.2   -0.2       T
  SNOW DEPTH       0

DEGREE DAYS
 HEATING
  YESTERDAY       10                 10      0       10
  MONTH TO DATE  285                338    -53      342
  SINCE MAR 1    984               1237   -253     1162
  SINCE JUL 1   3394               4159   -765     3317

 COOLING
  YESTERDAY        0                  0      0        0
  MONTH TO DATE    0                  0      0        0
  SINCE MAR 1      0                  0      0        0
  SINCE JAN 1      0                  0      0        0
...........................................................


WIND (MPH)
  HIGHEST WIND SPEED    12   HIGHEST WIND DIRECTION    NW (330)
  HIGHEST GUST SPEED    12   HIGHEST GUST DIRECTION    MM
  AVERAGE WIND SPEED     4.4


SKY COVER
  AVERAGE SKY COVER 0.9


WEATHER CONDITIONS
 THE FOLLOWING WEATHER WAS RECORDED YESTERDAY.
  NO SIGNIFICANT WEATHER WAS OBSERVED.


..........................................................


THE EUREKA CA CLIMATE NORMALS FOR TODAY
                         NORMAL    RECORD    YEAR
 MAXIMUM TEMPERATURE (F)   61        81      1970
 MINIMUM TEMPERATURE (F)   49        41      2000


SUNRISE AND SUNSET
MAY 31 2016...........SUNRISE   548 AM PDT   SUNSET   842 PM PDT
JUNE  1 2016..........SUNRISE   547 AM PDT   SUNSET   842 PM PDT


-  INDICATES NEGATIVE NUMBERS.
R  INDICATES RECORD WAS SET OR TIED.
MM INDICATES DATA IS MISSING.
T  INDICATES TRACE AMOUNT.




&&

..........................................................

TOTAL SEASON     NORMAL   % OF NORMAL     LAST SEASON

    47.47         38.45        123            30.57


$$
