000
CDUS46 KEKA 271218
CLIEKA


CLIMATE REPORT
NATIONAL WEATHER SERVICE EUREKA CA
418 AM PST TUE JAN 27 2015


...................................

...THE EUREKA CA CLIMATE SUMMARY FOR JANUARY 26 2015...

CLIMATE NORMAL PERIOD 1981 TO 2010
CLIMATE RECORD PERIOD 1886 TO 2015


WEATHER ITEM   OBSERVED RECORD YEAR NORMAL DEPARTURE LAST
                VALUE   VALUE       VALUE  FROM      YEAR
                                           NORMAL
...........................................................
TEMPERATURE (F)
 YESTERDAY
  MAXIMUM         56     77    1888  56      0       58
  MINIMUM         42     30    1957  41      1       39
                               1898
                               1887
  AVERAGE         49                 49      0       49

PRECIPITATION (IN)
  YESTERDAY        0.00   2.44 1983   0.19  -0.19     0.00
  MONTH TO DATE    1.36               5.54  -4.18     0.73
  SINCE JUL 1     22.87              22.59   0.28     5.85
  SINCE JAN 1      1.36               5.54  -4.18     0.73

SNOWFALL (IN)
  YESTERDAY        0.0    0.1  2002   0.0    0.0      0.0
  MONTH TO DATE    0.0                0.0    0.0      0.0
  SINCE DEC 1      0.0                T      0.0       T
  SINCE JUL 1      0.0                T      0.0       T
  SNOW DEPTH       0

DEGREE DAYS
 HEATING
  YESTERDAY       16                 16      0       16
  MONTH TO DATE  359                437    -78      452
  SINCE DEC 1    730                970   -240     1144
  SINCE JUL 1   1750               2392   -642     2595

 COOLING
  YESTERDAY        0                  0      0        0
  MONTH TO DATE    0                  0      0        0
  SINCE DEC 1      0                  0      0        0
  SINCE JAN 1      0                  0      0        0
...........................................................


WIND (MPH)
  HIGHEST WIND SPEED     9   HIGHEST WIND DIRECTION    NW (310)
  HIGHEST GUST SPEED    13   HIGHEST GUST DIRECTION    MM
  AVERAGE WIND SPEED     1.5


SKY COVER
  AVERAGE SKY COVER 0.8


WEATHER CONDITIONS
 THE FOLLOWING WEATHER WAS RECORDED YESTERDAY.
  FOG
  HAZE


..........................................................


THE EUREKA CA CLIMATE NORMALS FOR TODAY
                         NORMAL    RECORD    YEAR
 MAXIMUM TEMPERATURE (F)   56        73      1940
 MINIMUM TEMPERATURE (F)   41        28      1957


SUNRISE AND SUNSET
JANUARY 27 2015.......SUNRISE   731 AM PST   SUNSET   528 PM PST
JANUARY 28 2015.......SUNRISE   731 AM PST   SUNSET   529 PM PST


-  INDICATES NEGATIVE NUMBERS.
R  INDICATES RECORD WAS SET OR TIED.
MM INDICATES DATA IS MISSING.
T  INDICATES TRACE AMOUNT.




&&

..........................................................

TOTAL SEASON     NORMAL   % OF NORMAL     LAST SEASON

    22.87         22.59        101             5.85


$$
