000
CDUS46 KEKA 290017
CLIEKA


CLIMATE REPORT
NATIONAL WEATHER SERVICE EUREKA CA
516 PM PDT THU JUL 28 2016


...................................

...THE EUREKA CA CLIMATE SUMMARY FOR JULY 28 2016...
VALID TODAY AS OF 0500 PM LOCAL TIME.

CLIMATE NORMAL PERIOD 1981 TO 2010
CLIMATE RECORD PERIOD 1886 TO 2016


WEATHER ITEM   OBSERVED RECORD YEAR NORMAL DEPARTURE LAST
                VALUE   VALUE       VALUE  FROM      YEAR
                                           NORMAL
...........................................................
TEMPERATURE (F)
 TODAY
  MAXIMUM         63     77    2015  64     -1       77
  MINIMUM         52     48    1986  53     -1       51
                               1959
                               1954
  AVERAGE         58                 58      0       64

PRECIPITATION (IN)
  TODAY            0.00   0.07 2012   0.01  -0.01     0.00
  MONTH TO DATE    0.54               0.17   0.37     0.15
  SINCE OCT 1     48.03              39.42   8.61    30.82
  SINCE JAN 1     27.31              23.45   3.86    12.44

SNOWFALL (IN)
  TODAY            0.0   MM      MM   0.0    0.0      0.0
  MONTH TO DATE    0.0                0.0    0.0      0.0
  SINCE JUN 1      0.0                0.0    0.0      0.0
  SINCE JUL 1      0.0                0.0    0.0      0.0
  SNOW DEPTH      MM

...........................................................


WIND (MPH)
  HIGHEST WIND SPEED     7   HIGHEST WIND DIRECTION    NW (330)
  HIGHEST GUST SPEED     9   HIGHEST GUST DIRECTION    MM
  AVERAGE WIND SPEED     2.9


SKY COVER
  AVERAGE SKY COVER 0.5


WEATHER CONDITIONS
 THE FOLLOWING WEATHER WAS RECORDED TODAY.
  FOG


..........................................................


THE EUREKA CA CLIMATE NORMALS FOR TOMORROW
                         NORMAL    RECORD    YEAR
 MAXIMUM TEMPERATURE (F)   64        75      2015
 MINIMUM TEMPERATURE (F)   53        47      1904


SUNRISE AND SUNSET
JULY 28 2016..........SUNRISE   610 AM PDT   SUNSET   836 PM PDT
JULY 29 2016..........SUNRISE   611 AM PDT   SUNSET   835 PM PDT


-  INDICATES NEGATIVE NUMBERS.
R  INDICATES RECORD WAS SET OR TIED.
MM INDICATES DATA IS MISSING.
T  INDICATES TRACE AMOUNT.




&&

..........................................................

TOTAL SEASON     NORMAL   % OF NORMAL     LAST SEASON

    48.03         39.42        122            30.82


$$
