000
CDUS46 KEKA 310815
CLIEKA


CLIMATE REPORT
NATIONAL WEATHER SERVICE EUREKA CA
115 AM PDT MON AUG 31 2015


...................................

...THE EUREKA CA CLIMATE SUMMARY FOR AUGUST 30 2015...

CLIMATE NORMAL PERIOD 1981 TO 2010
CLIMATE RECORD PERIOD 1886 TO 2015


WEATHER ITEM   OBSERVED RECORD YEAR NORMAL DEPARTURE LAST
                VALUE   VALUE       VALUE  FROM      YEAR
                                           NORMAL
...........................................................
TEMPERATURE (F)
 YESTERDAY
  MAXIMUM         71     82    1968  64      7       71
  MINIMUM         59     47    1908  52      7       58
  AVERAGE         65                 58      7       65

PRECIPITATION (IN)
  YESTERDAY        T      1.57 1983   0.01  -0.01     0.00
  MONTH TO DATE    0.41               0.29   0.12     0.02
  SINCE OCT 1     31.23              39.72  -8.49    17.93
  SINCE JAN 1     12.85              23.75 -10.90    16.03

SNOWFALL (IN)
  YESTERDAY        0.0    0.0  2002   0.0    0.0      0.0
                               2001
  MONTH TO DATE    0.0                0.0    0.0      0.0
  SINCE JUN 1      0.0                0.0    0.0      0.0
  SINCE JUL 1      0.0                0.0    0.0      0.0
  SNOW DEPTH       0

DEGREE DAYS
 HEATING
  YESTERDAY        0                  7     -7        0
  MONTH TO DATE  104                190    -86      172
  SINCE JUN 1    462                682   -220      612
  SINCE JUL 1    221                416   -195      360

 COOLING
  YESTERDAY        0                  0      0        0
  MONTH TO DATE    4                  0      4        0
  SINCE JUN 1      5                  0      5        0
  SINCE JAN 1      5                  0      5        1
...........................................................


WIND (MPH)
  HIGHEST WIND SPEED     9   HIGHEST WIND DIRECTION     N (360)
  HIGHEST GUST SPEED     9   HIGHEST GUST DIRECTION    MM
  AVERAGE WIND SPEED     2.7


SKY COVER
  AVERAGE SKY COVER 0.8


WEATHER CONDITIONS
 THE FOLLOWING WEATHER WAS RECORDED YESTERDAY.
  LIGHT RAIN


..........................................................


THE EUREKA CA CLIMATE NORMALS FOR TODAY
                         NORMAL    RECORD    YEAR
 MAXIMUM TEMPERATURE (F)   64        72      1997
                                             1896
 MINIMUM TEMPERATURE (F)   52        45      1999
                                             1890


SUNRISE AND SUNSET
AUGUST 31 2015........SUNRISE   642 AM PDT   SUNSET   751 PM PDT
SEPTEMBER  1 2015.....SUNRISE   643 AM PDT   SUNSET   749 PM PDT


-  INDICATES NEGATIVE NUMBERS.
R  INDICATES RECORD WAS SET OR TIED.
MM INDICATES DATA IS MISSING.
T  INDICATES TRACE AMOUNT.




&&

..........................................................

TOTAL SEASON     NORMAL   % OF NORMAL     LAST SEASON

    31.23         39.72        79            17.93


$$
