000
CDUS46 KEKA 201210
CLIEKA


CLIMATE REPORT
NATIONAL WEATHER SERVICE EUREKA CA
410 AM PST MON NOV 20 2017


...................................

...THE EUREKA CA CLIMATE SUMMARY FOR NOVEMBER 19 2017...

CLIMATE NORMAL PERIOD 1981 TO 2010
CLIMATE RECORD PERIOD 1886 TO 2017


WEATHER ITEM   OBSERVED RECORD YEAR NORMAL DEPARTURE LAST
                VALUE   VALUE       VALUE  FROM      YEAR
                                           NORMAL
...........................................................
TEMPERATURE (F)
 YESTERDAY
  MAXIMUM         60     78    1987  57      3       64
  MINIMUM         34     29    1994  43     -9       51
  AVERAGE         47                 50     -3       58

PRECIPITATION (IN)
  YESTERDAY        0.01   3.27 1924   0.20  -0.19     0.35
  MONTH TO DATE    4.89               3.17   1.72     2.57
  SINCE OCT 1      6.53               5.41   1.12    13.49
  SINCE JAN 1     44.60              29.77  14.83    40.85

SNOWFALL (IN)
  YESTERDAY       MM      T    2016   0.0   MM         T
  MONTH TO DATE    0.0                0.0    0.0       T
  SINCE SEP 1      0.0                0.0    0.0       T
  SINCE JUL 1      0.0                0.0    0.0       T
  SNOW DEPTH       0

DEGREE DAYS
 HEATING
  YESTERDAY       18                 15      3        7
  MONTH TO DATE  255                255      0      160
  SINCE SEP 1    763                823    -60      632
  SINCE JUL 1   1154               1249    -95     1079

 COOLING
  YESTERDAY        0                  0      0        0
  MONTH TO DATE    0                  0      0        0
  SINCE SEP 1     13                  0     13        0
  SINCE JAN 1     13                  0     13        0
...........................................................


WIND (MPH)
  HIGHEST WIND SPEED     9   HIGHEST WIND DIRECTION     S (180)
  HIGHEST GUST SPEED    18   HIGHEST GUST DIRECTION     S (170)
  AVERAGE WIND SPEED     3.5


SKY COVER
  AVERAGE SKY COVER 1.0


WEATHER CONDITIONS
 THE FOLLOWING WEATHER WAS RECORDED YESTERDAY.
  LIGHT RAIN


..........................................................


THE EUREKA CA CLIMATE NORMALS FOR TODAY
                         NORMAL    RECORD    YEAR
 MAXIMUM TEMPERATURE (F)   57        73      1926
 MINIMUM TEMPERATURE (F)   43        33      2004


SUNRISE AND SUNSET
NOVEMBER 20 2017......SUNRISE   710 AM PST   SUNSET   455 PM PST
NOVEMBER 21 2017......SUNRISE   711 AM PST   SUNSET   454 PM PST


-  INDICATES NEGATIVE NUMBERS.
R  INDICATES RECORD WAS SET OR TIED.
MM INDICATES DATA IS MISSING.
T  INDICATES TRACE AMOUNT.




&&

..........................................................

TOTAL SEASON     NORMAL   % OF NORMAL     LAST SEASON

     6.53          5.41        121            13.49


$$
