491
CDUS46 KEKA 260013
CLIEKA


CLIMATE REPORT
NATIONAL WEATHER SERVICE EUREKA CA
513 PM PDT SUN SEP 25 2016


...................................

...THE EUREKA CA CLIMATE SUMMARY FOR SEPTEMBER 25 2016...
VALID TODAY AS OF 0500 PM LOCAL TIME.

CLIMATE NORMAL PERIOD 1981 TO 2010
CLIMATE RECORD PERIOD 1886 TO 2016


WEATHER ITEM   OBSERVED RECORD YEAR NORMAL DEPARTURE LAST
                VALUE   VALUE       VALUE  FROM      YEAR
                                           NORMAL
...........................................................
TEMPERATURE (F)
 TODAY
  MAXIMUM         75     78    1970  63     12       67
  MINIMUM         47     41    1934  49     -2       49
  AVERAGE         61                 56      5       58

PRECIPITATION (IN)
  TODAY            0.00   1.01 1923   0.03  -0.03     0.00
  MONTH TO DATE    0.01               0.45  -0.44     0.27
  SINCE OCT 1     48.08              40.19   7.89    31.50
  SINCE JAN 1     27.36              24.22   3.14    13.12

SNOWFALL (IN)
  TODAY            0.0    0.0  2002   0.0    0.0      0.0
                               2001
  MONTH TO DATE    0.0                0.0    0.0      0.0
  SINCE SEP 1      0.0                0.0    0.0      0.0
  SINCE JUL 1      0.0                0.0    0.0      0.0
  SNOW DEPTH      MM

...........................................................


WIND (MPH)
  HIGHEST WIND SPEED     8   HIGHEST WIND DIRECTION     W (270)
  HIGHEST GUST SPEED    MM   HIGHEST GUST DIRECTION    MM
  AVERAGE WIND SPEED     3.4


SKY COVER
  AVERAGE SKY COVER 0.3


WEATHER CONDITIONS
 THE FOLLOWING WEATHER WAS RECORDED TODAY.
  FOG


..........................................................


THE EUREKA CA CLIMATE NORMALS FOR TOMORROW
                         NORMAL    RECORD    YEAR
 MAXIMUM TEMPERATURE (F)   63        83      1936
 MINIMUM TEMPERATURE (F)   49        42      2013
                                             1955


SUNRISE AND SUNSET
SEPTEMBER 25 2016.....SUNRISE   708 AM PDT   SUNSET   708 PM PDT
SEPTEMBER 26 2016.....SUNRISE   709 AM PDT   SUNSET   706 PM PDT


-  INDICATES NEGATIVE NUMBERS.
R  INDICATES RECORD WAS SET OR TIED.
MM INDICATES DATA IS MISSING.
T  INDICATES TRACE AMOUNT.




&&

..........................................................

TOTAL SEASON     NORMAL   % OF NORMAL     LAST SEASON

    48.08         40.19        120            31.50


$$
