000
CDUS46 KEKA 311210
CLIEKA


CLIMATE REPORT
NATIONAL WEATHER SERVICE EUREKA CA
509 AM PDT WED AUG 31 2016


...................................

...THE EUREKA CA CLIMATE SUMMARY FOR AUGUST 30 2016...

CLIMATE NORMAL PERIOD 1981 TO 2010
CLIMATE RECORD PERIOD 1886 TO 2016


WEATHER ITEM   OBSERVED RECORD YEAR NORMAL DEPARTURE LAST
                VALUE   VALUE       VALUE  FROM      YEAR
                                           NORMAL
...........................................................
TEMPERATURE (F)
 YESTERDAY
  MAXIMUM         70     82    1968  64      6       71
  MINIMUM         53     47    1908  52      1       59
  AVERAGE         62                 58      4       65

PRECIPITATION (IN)
  YESTERDAY        0.00   1.57 1983   0.01  -0.01      T
  MONTH TO DATE    0.04               0.29  -0.25     0.41
  SINCE OCT 1     48.07              39.72   8.35    31.23
  SINCE JAN 1     27.35              23.75   3.60    12.85

SNOWFALL (IN)
  YESTERDAY        0.0    0.0  2002   0.0    0.0      0.0
                               2001
  MONTH TO DATE    0.0                0.0    0.0      0.0
  SINCE JUN 1      0.0                0.0    0.0      0.0
  SINCE JUL 1      0.0                0.0    0.0      0.0
  SNOW DEPTH       0

DEGREE DAYS
 HEATING
  YESTERDAY        3                  7     -4        0
  MONTH TO DATE  239                190     49      104
  SINCE JUN 1    667                682    -15      462
  SINCE JUL 1    443                416     27      221

 COOLING
  YESTERDAY        0                  0      0        0
  MONTH TO DATE    0                  0      0        4
  SINCE JUN 1      0                  0      0        5
  SINCE JAN 1      0                  0      0        5
...........................................................


WIND (MPH)
  HIGHEST WIND SPEED    10   HIGHEST WIND DIRECTION     N (360)
  HIGHEST GUST SPEED    12   HIGHEST GUST DIRECTION    MM
  AVERAGE WIND SPEED     3.8


SKY COVER
  AVERAGE SKY COVER 0.1


WEATHER CONDITIONS
 THE FOLLOWING WEATHER WAS RECORDED YESTERDAY.
  NO SIGNIFICANT WEATHER WAS OBSERVED.


..........................................................


THE EUREKA CA CLIMATE NORMALS FOR TODAY
                         NORMAL    RECORD    YEAR
 MAXIMUM TEMPERATURE (F)   64        72      1997
                                             1896
 MINIMUM TEMPERATURE (F)   52        45      1999
                                             1890


SUNRISE AND SUNSET
AUGUST 31 2016........SUNRISE   643 AM PDT   SUNSET   750 PM PDT
SEPTEMBER  1 2016.....SUNRISE   644 AM PDT   SUNSET   748 PM PDT


-  INDICATES NEGATIVE NUMBERS.
R  INDICATES RECORD WAS SET OR TIED.
MM INDICATES DATA IS MISSING.
T  INDICATES TRACE AMOUNT.




&&

..........................................................

TOTAL SEASON     NORMAL   % OF NORMAL     LAST SEASON

    48.07         39.72        121            31.23


$$
