000
CDUS41 KRLX 032122
CLIEKN


CLIMATE REPORT
NATIONAL WEATHER SERVICE CHARLESTON WV
521 PM EDT WED JUN 3 2015


...................................

...THE ELKINS WV CLIMATE SUMMARY FOR JUNE 3 2015...
VALID TODAY AS OF 0500 PM LOCAL TIME.

CLIMATE NORMAL PERIOD 1981 TO 2010
CLIMATE RECORD PERIOD 1899 TO 2015


WEATHER ITEM   OBSERVED TIME   RECORD YEAR NORMAL DEPARTURE LAST
                VALUE   (LST)  VALUE       VALUE  FROM      YEAR
                                                  NORMAL
..................................................................
TEMPERATURE (F)
 TODAY
  MAXIMUM         69   1114 AM  89    1951  75     -6       78
  MINIMUM         55    237 AM  33    1966  51      4       57
  AVERAGE         62                        63     -1       68

PRECIPITATION (IN)
  TODAY            0.00          1.68 1941   0.14  -0.14     0.45
  MONTH TO DATE    0.59                      0.44   0.15     0.45
  SINCE JUN 1      0.59                      0.44   0.15     0.45
  SINCE JAN 1     22.44                     19.65   2.79    15.79

DEGREE DAYS
 HEATING
  TODAY            3                         4     -1        0
  MONTH TO DATE   10                        12     -2        0
  SINCE JUN 1     10                        12     -2        0
  SINCE JUL 1   5945                      5809    136     5988

 COOLING
  TODAY            0                         2     -2        3
  MONTH TO DATE    3                         5     -2        6
  SINCE JUN 1      3                         5     -2        6
  SINCE JAN 1     68                        28     40       42
..................................................................


WIND (MPH)
  HIGHEST WIND SPEED    10   HIGHEST WIND DIRECTION    SE (130)
  HIGHEST GUST SPEED    15   HIGHEST GUST DIRECTION    SE (140)
  AVERAGE WIND SPEED     1.6


SKY COVER
  POSSIBLE SUNSHINE  MM
  AVERAGE SKY COVER 0.8


WEATHER CONDITIONS
 THE FOLLOWING WEATHER WAS RECORDED TODAY.
  NO SIGNIFICANT WEATHER WAS OBSERVED.


RELATIVE HUMIDITY (PERCENT)
 HIGHEST    93          1200 AM
 LOWEST     61          1100 AM
 AVERAGE    77

..........................................................


THE ELKINS WV CLIMATE NORMALS FOR TOMORROW
                         NORMAL    RECORD    YEAR
 MAXIMUM TEMPERATURE (F)   75        91      1925
 MINIMUM TEMPERATURE (F)   52        31      1977


SUNRISE AND SUNSET
JUNE  3 2015..........SUNRISE   555 AM EDT   SUNSET   840 PM EDT
JUNE  4 2015..........SUNRISE   555 AM EDT   SUNSET   841 PM EDT


-  INDICATES NEGATIVE NUMBERS.
R  INDICATES RECORD WAS SET OR TIED.
MM INDICATES DATA IS MISSING.
T  INDICATES TRACE AMOUNT.




$$
