000
CDUS41 KRLX 160816
CLIEKN


CLIMATE REPORT
NATIONAL WEATHER SERVICE CHARLESTON WV
316 AM EST TUE JAN 16 2018


...................................

...THE ELKINS WV CLIMATE SUMMARY FOR JANUARY 15 2018...

CLIMATE NORMAL PERIOD 1981 TO 2010
CLIMATE RECORD PERIOD 1899 TO 2018


WEATHER ITEM   OBSERVED TIME   RECORD YEAR NORMAL DEPARTURE LAST
                VALUE   (LST)  VALUE       VALUE  FROM      YEAR
                                                  NORMAL
..................................................................
TEMPERATURE (F)
 YESTERDAY
  MAXIMUM         36    438 PM  68    1932  39     -3       42
  MINIMUM          5    615 AM -12    1964  19    -14       35
  AVERAGE         21                        29     -8       39

PRECIPITATION (IN)
  YESTERDAY        0.00          0.92 1918   0.11  -0.11     0.01
  MONTH TO DATE    1.34                      1.55  -0.21     3.62
  SINCE JAN 1      1.34                      1.55  -0.21     3.62

SNOWFALL (IN)
  YESTERDAY        0.0           6.6  1944   0.9   -0.9      0.0
  MONTH TO DATE    5.7                      11.3   -5.6      4.7
  SINCE SEP 1     21.8                      33.7  -11.9     14.9
  SNOW DEPTH       1

DEGREE DAYS
 HEATING
  YESTERDAY       44                        36      8       26
  MONTH TO DATE  676                       540    136      468
  SINCE DEC 1   1721                      1547    174     1386
  SINCE JUL 1   2806                      2831    -25     2331

 COOLING
  YESTERDAY        0                         0      0        0
  MONTH TO DATE    0                         0      0        0
  SINCE DEC 1      0                         0      0        0
  SINCE JAN 1      0                         0      0        0
..................................................................


WIND (MPH)
  HIGHEST WIND SPEED    10   HIGHEST WIND DIRECTION     W (250)
  HIGHEST GUST SPEED    14   HIGHEST GUST DIRECTION     W (250)
  AVERAGE WIND SPEED     2.7


SKY COVER
  POSSIBLE SUNSHINE  MM
  AVERAGE SKY COVER 0.5


WEATHER CONDITIONS
 THE FOLLOWING WEATHER WAS RECORDED YESTERDAY.
  NO SIGNIFICANT WEATHER WAS OBSERVED.


RELATIVE HUMIDITY (PERCENT)
 HIGHEST   100           900 AM
 LOWEST     59           700 PM
 AVERAGE    80

..........................................................


THE ELKINS WV CLIMATE NORMALS FOR TODAY
                         NORMAL    RECORD    YEAR
 MAXIMUM TEMPERATURE (F)   39        66      1949
 MINIMUM TEMPERATURE (F)   19       -18      1994


SUNRISE AND SUNSET
JANUARY 16 2018.......SUNRISE   736 AM EST   SUNSET   523 PM EST
JANUARY 17 2018.......SUNRISE   736 AM EST   SUNSET   524 PM EST


-  INDICATES NEGATIVE NUMBERS.
R  INDICATES RECORD WAS SET OR TIED.
MM INDICATES DATA IS MISSING.
T  INDICATES TRACE AMOUNT.




$$
