736
CDUS41 KRLX 292116
CLIEKN


CLIMATE REPORT
NATIONAL WEATHER SERVICE CHARLESTON WV
516 PM EDT FRI JUL 29 2016


...................................

...THE ELKINS WV CLIMATE SUMMARY FOR JULY 29 2016...
VALID TODAY AS OF 0500 PM LOCAL TIME.

CLIMATE NORMAL PERIOD 1981 TO 2010
CLIMATE RECORD PERIOD 1899 TO 2016


WEATHER ITEM   OBSERVED TIME   RECORD YEAR NORMAL DEPARTURE LAST
                VALUE   (LST)  VALUE       VALUE  FROM      YEAR
                                                  NORMAL
..................................................................
TEMPERATURE (F)
 TODAY
  MAXIMUM         83    359 PM  91    1940  81      2       87
  MINIMUM         67    156 AM  44    1925  59      8       65
                                      1920
  AVERAGE         75                        70      5       76

PRECIPITATION (IN)
  TODAY            0.01          1.39 1939   0.17  -0.16     0.00
  MONTH TO DATE    4.24                      5.04  -0.80     4.54
  SINCE JUN 1      9.30                      9.44  -0.14    13.06
  SINCE JAN 1     26.74                     28.65  -1.91    34.91

DEGREE DAYS
 HEATING
  TODAY            0                         0      0        0
  MONTH TO DATE    0                         8     -8        0
  SINCE JUN 1     28                        63    -35       21
  SINCE JUL 1      0                         8     -8        0

 COOLING
  TODAY           10                         5      5       11
  MONTH TO DATE  237                       147     90      191
  SINCE JUN 1    358                       239    119      344
  SINCE JAN 1    387                       262    125      409
..................................................................


WIND (MPH)
  HIGHEST WIND SPEED     8   HIGHEST WIND DIRECTION     N (340)
  HIGHEST GUST SPEED    12   HIGHEST GUST DIRECTION     N (360)
  AVERAGE WIND SPEED     2.6


SKY COVER
  POSSIBLE SUNSHINE  MM
  AVERAGE SKY COVER 0.8


WEATHER CONDITIONS
 THE FOLLOWING WEATHER WAS RECORDED TODAY.
  RAIN
  LIGHT RAIN
  FOG


RELATIVE HUMIDITY (PERCENT)
 HIGHEST    93           200 AM
 LOWEST     51           400 PM
 AVERAGE    72

..........................................................


THE ELKINS WV CLIMATE NORMALS FOR TOMORROW
                         NORMAL    RECORD    YEAR
 MAXIMUM TEMPERATURE (F)   81        92      1913
 MINIMUM TEMPERATURE (F)   59        44      1981


SUNRISE AND SUNSET
JULY 29 2016..........SUNRISE   618 AM EDT   SUNSET   833 PM EDT
JULY 30 2016..........SUNRISE   619 AM EDT   SUNSET   832 PM EDT


-  INDICATES NEGATIVE NUMBERS.
R  INDICATES RECORD WAS SET OR TIED.
MM INDICATES DATA IS MISSING.
T  INDICATES TRACE AMOUNT.




$$
