000
CDUS41 KRLX 270822
CLIEKN


CLIMATE REPORT
NATIONAL WEATHER SERVICE CHARLESTON WV
318 AM EST FRI FEB 27 2015


...................................

...THE ELKINS WV CLIMATE SUMMARY FOR FEBRUARY 26 2015...

CLIMATE NORMAL PERIOD 1981 TO 2010
CLIMATE RECORD PERIOD 1899 TO 2015


WEATHER ITEM   OBSERVED TIME   RECORD YEAR NORMAL DEPARTURE LAST
                VALUE   (LST)  VALUE       VALUE  FROM      YEAR
                                                  NORMAL
..................................................................
TEMPERATURE (F)
 YESTERDAY
  MAXIMUM         MM        MM  74    2000  46     MM       24
  MINIMUM         MM        MM -11    1970  23     MM        2
  AVERAGE         MM                        34     MM       13

PRECIPITATION (IN)
  YESTERDAY        0.05          1.14 1912   0.11  -0.06     0.10
  MONTH TO DATE    2.69                      2.86  -0.17     4.11
  SINCE JAN 1      5.71                      6.09  -0.38     6.26

SNOWFALL (IN)
  YESTERDAY        0.7
  MONTH TO DATE   22.4
  SINCE SEP 1     47.8
  SNOW DEPTH      10

DEGREE DAYS
 HEATING
  YESTERDAY       MM                        31     MM       52
  MONTH TO DATE   MM                       860     MM      920
  SINCE DEC 1     MM                      2977     MM     3128
  SINCE JUL 1     MM                      4261     MM     4423

 COOLING
  YESTERDAY        0                         0      0        0
  MONTH TO DATE    0                         0      0        0
  SINCE DEC 1      0                         0      0        0
  SINCE JAN 1      0                         0      0        0
..................................................................


WIND (MPH)
  HIGHEST WIND SPEED    10   HIGHEST WIND DIRECTION    NW (320)
  HIGHEST GUST SPEED    MM   HIGHEST GUST DIRECTION    MM
  AVERAGE WIND SPEED     4.4


SKY COVER
  POSSIBLE SUNSHINE  MM
  AVERAGE SKY COVER 0.9


WEATHER CONDITIONS
 THE FOLLOWING WEATHER WAS RECORDED YESTERDAY.
  LIGHT SNOW
  HAZE


RELATIVE HUMIDITY (PERCENT)
 HIGHEST    78           400 AM
 LOWEST     40           200 AM
 AVERAGE    59

..........................................................


THE ELKINS WV CLIMATE NORMALS FOR TODAY
                         NORMAL    RECORD    YEAR
 MAXIMUM TEMPERATURE (F)   46        72      1996
 MINIMUM TEMPERATURE (F)   24       -21      1963


SUNRISE AND SUNSET
FEBRUARY 27 2015......SUNRISE   655 AM EST   SUNSET   610 PM EST
FEBRUARY 28 2015......SUNRISE   654 AM EST   SUNSET   611 PM EST


-  INDICATES NEGATIVE NUMBERS.
R  INDICATES RECORD WAS SET OR TIED.
MM INDICATES DATA IS MISSING.
T  INDICATES TRACE AMOUNT.




$$
