000
CDUS41 KRLX 110720
CLIEKN


CLIMATE REPORT
NATIONAL WEATHER SERVICE CHARLESTON WV
320 AM EDT FRI JUL 11 2014


...................................

...THE ELKINS WV CLIMATE SUMMARY FOR JULY 10 2014...

CLIMATE NORMAL PERIOD 1981 TO 2010
CLIMATE RECORD PERIOD 1899 TO 2014


WEATHER ITEM   OBSERVED TIME   RECORD YEAR NORMAL DEPARTURE LAST
                VALUE   (LST)  VALUE       VALUE  FROM      YEAR
                                                  NORMAL
..................................................................
TEMPERATURE (F)
 YESTERDAY
  MAXIMUM         83    141 PM  96    1936  81      2       85
  MINIMUM         57    549 AM  39    1963  59     -2       65
  AVERAGE         70                        70      0       75

PRECIPITATION (IN)
  YESTERDAY        0.00          2.67 1985   0.18  -0.18     0.06
  MONTH TO DATE    0.83                      1.77  -0.94     1.57
  SINCE JAN 1     20.69                     25.38  -4.69    22.13

SNOWFALL (IN)
  YESTERDAY        0.0
  MONTH TO DATE    0.0
  SINCE SEP 1     92.3
  SNOW DEPTH       0

DEGREE DAYS
 HEATING
  YESTERDAY        0                         0      0        0
  MONTH TO DATE    6                         8     -2        0
  SINCE JUN 1     20                        63    -43       12
  SINCE JUL 1      6                         8     -2        0

 COOLING
  YESTERDAY        5                         5      0       10
  MONTH TO DATE   55                        50      5       86
  SINCE JUN 1    200                       142     58      183
  SINCE JAN 1    236                       165     71      208
..................................................................


WIND (MPH)
  HIGHEST WIND SPEED    16   HIGHEST WIND DIRECTION    NW (320)
  HIGHEST GUST SPEED    21   HIGHEST GUST DIRECTION     W (290)
  AVERAGE WIND SPEED     3.0


SKY COVER
  POSSIBLE SUNSHINE  MM
  AVERAGE SKY COVER 0.2


WEATHER CONDITIONS
 THE FOLLOWING WEATHER WAS RECORDED YESTERDAY.
  FOG
  HAZE


RELATIVE HUMIDITY (PERCENT)
 HIGHEST    93           200 AM
 LOWEST     43           200 PM
 AVERAGE    68

..........................................................


THE ELKINS WV CLIMATE NORMALS FOR TODAY
                         NORMAL    RECORD    YEAR
 MAXIMUM TEMPERATURE (F)   81        91      1993
 MINIMUM TEMPERATURE (F)   59        44      1963
                                             1961
                                             1953


SUNRISE AND SUNSET
JULY 11 2014..........SUNRISE   604 AM EDT   SUNSET   846 PM EDT
JULY 12 2014..........SUNRISE   604 AM EDT   SUNSET   845 PM EDT


-  INDICATES NEGATIVE NUMBERS.
R  INDICATES RECORD WAS SET OR TIED.
MM INDICATES DATA IS MISSING.
T  INDICATES TRACE AMOUNT.




$$
