000
CDUS41 KRLX 100907
CLIEKN


CLIMATE REPORT
NATIONAL WEATHER SERVICE CHARLESTON WV
406 AM EST WED FEB 10 2016


...................................

...THE ELKINS WV CLIMATE SUMMARY FOR FEBRUARY 9 2016...

CLIMATE NORMAL PERIOD 1981 TO 2010
CLIMATE RECORD PERIOD 1899 TO 2016


WEATHER ITEM   OBSERVED TIME   RECORD YEAR NORMAL DEPARTURE LAST
                VALUE   (LST)  VALUE       VALUE  FROM      YEAR
                                                  NORMAL
..................................................................
TEMPERATURE (F)
 YESTERDAY
  MAXIMUM         31    338 AM  75    2001  41    -10       51
  MINIMUM         20   1159 PM -16    1899  21     -1       29
  AVERAGE         26                        31     -5       40

PRECIPITATION (IN)
  YESTERDAY        0.12          1.56 1994   0.10   0.02     0.15
  MONTH TO DATE    0.62                      0.95  -0.33     0.98
  SINCE JAN 1      2.99                      4.18  -1.19     4.00

SNOWFALL (IN)
  YESTERDAY        2.2
  MONTH TO DATE    2.2
  SINCE SEP 1     30.1
  SNOW DEPTH       4

DEGREE DAYS
 HEATING
  YESTERDAY       39                        34      5       25
  MONTH TO DATE  256                       311    -55      314
  SINCE DEC 1   2083                      2428   -345     2339
  SINCE JUL 1   3086                      3712   -626     3695

 COOLING
  YESTERDAY        0                         0      0        0
  MONTH TO DATE    0                         0      0        0
  SINCE DEC 1      0                         0      0        0
  SINCE JAN 1      0                         0      0        0
..................................................................


WIND (MPH)
  HIGHEST WIND SPEED    15   HIGHEST WIND DIRECTION    SW (240)
  HIGHEST GUST SPEED    21   HIGHEST GUST DIRECTION     W (270)
  AVERAGE WIND SPEED     7.4


SKY COVER
  POSSIBLE SUNSHINE  MM
  AVERAGE SKY COVER 1.0


WEATHER CONDITIONS
 THE FOLLOWING WEATHER WAS RECORDED YESTERDAY.
  LIGHT SNOW
  FOG


RELATIVE HUMIDITY (PERCENT)
 HIGHEST    92           600 AM
 LOWEST     62          1200 PM
 AVERAGE    77

..........................................................


THE ELKINS WV CLIMATE NORMALS FOR TODAY
                         NORMAL    RECORD    YEAR
 MAXIMUM TEMPERATURE (F)   42        70      1932
 MINIMUM TEMPERATURE (F)   21       -21      1899


SUNRISE AND SUNSET
FEBRUARY 10 2016......SUNRISE   717 AM EST   SUNSET   551 PM EST
FEBRUARY 11 2016......SUNRISE   716 AM EST   SUNSET   552 PM EST


-  INDICATES NEGATIVE NUMBERS.
R  INDICATES RECORD WAS SET OR TIED.
MM INDICATES DATA IS MISSING.
T  INDICATES TRACE AMOUNT.




$$
