000
CDUS41 KRLX 300718
CLIEKN


CLIMATE REPORT
NATIONAL WEATHER SERVICE CHARLESTON WV
316 AM EDT TUE SEP 30 2014


...................................

...THE ELKINS WV CLIMATE SUMMARY FOR SEPTEMBER 29 2014...

CLIMATE NORMAL PERIOD 1981 TO 2010
CLIMATE RECORD PERIOD 1899 TO 2014


WEATHER ITEM   OBSERVED TIME   RECORD YEAR NORMAL DEPARTURE LAST
                VALUE   (LST)  VALUE       VALUE  FROM      YEAR
                                                  NORMAL
..................................................................
TEMPERATURE (F)
 YESTERDAY
  MAXIMUM         76    410 PM  90    1953  69      7       74
  MINIMUM         52   1158 PM  26    1942  45      7       43
  AVERAGE         64                        57      7       59

PRECIPITATION (IN)
  YESTERDAY        0.02          1.82 1924   0.12  -0.10     0.00
  MONTH TO DATE    1.22                      3.52  -2.30     2.36
  SINCE JAN 1     29.45                     36.33  -6.88    35.28

SNOWFALL (IN)
  YESTERDAY        0.0
  MONTH TO DATE    0.0
  SINCE SEP 1      0.0
  SNOW DEPTH       0

DEGREE DAYS
 HEATING
  YESTERDAY        1                         8     -7        6
  MONTH TO DATE   96                       121    -25      108
  SINCE SEP 1     96                       121    -25      108
  SINCE JUL 1    147                       151     -4      131

 COOLING
  YESTERDAY        0                         1     -1        0
  MONTH TO DATE   65                        47     18       60
  SINCE SEP 1     65                        47     18       60
  SINCE JAN 1    503                       473     30      523
..................................................................


WIND (MPH)
  HIGHEST WIND SPEED     8   HIGHEST WIND DIRECTION     W (270)
  HIGHEST GUST SPEED    10   HIGHEST GUST DIRECTION     W (260)
  AVERAGE WIND SPEED     0.7


SKY COVER
  POSSIBLE SUNSHINE  MM
  AVERAGE SKY COVER 0.4


WEATHER CONDITIONS
 THE FOLLOWING WEATHER WAS RECORDED YESTERDAY.
  FOG
  FOG W/VISIBILITY <= 1/4 MILE


RELATIVE HUMIDITY (PERCENT)
 HIGHEST   100          1200 AM
 LOWEST     46           400 PM
 AVERAGE    73

..........................................................


THE ELKINS WV CLIMATE NORMALS FOR TODAY
                         NORMAL    RECORD    YEAR
 MAXIMUM TEMPERATURE (F)   69        90      1953
 MINIMUM TEMPERATURE (F)   45        26      1899


SUNRISE AND SUNSET
SEPTEMBER 30 2014.....SUNRISE   714 AM EDT   SUNSET   704 PM EDT
OCTOBER  1 2014.......SUNRISE   715 AM EDT   SUNSET   702 PM EDT


-  INDICATES NEGATIVE NUMBERS.
R  INDICATES RECORD WAS SET OR TIED.
MM INDICATES DATA IS MISSING.
T  INDICATES TRACE AMOUNT.




$$
