333
CDUS41 KRLX 300718
CLIEKN


CLIMATE REPORT
NATIONAL WEATHER SERVICE CHARLESTON WV
318 AM EDT THU MAR 30 2017


...................................

...THE ELKINS WV CLIMATE SUMMARY FOR MARCH 29 2017...

CLIMATE NORMAL PERIOD 1981 TO 2010
CLIMATE RECORD PERIOD 1899 TO 2017


WEATHER ITEM   OBSERVED TIME   RECORD YEAR NORMAL DEPARTURE LAST
                VALUE   (LST)  VALUE       VALUE  FROM      YEAR
                                                  NORMAL
..................................................................
TEMPERATURE (F)
 YESTERDAY
  MAXIMUM         61    459 PM  83    1907  57      4       54
  MINIMUM         38   1159 PM   7    2015  32      6       28
  AVERAGE         50                        44      6       41

PRECIPITATION (IN)
  YESTERDAY        T             1.16 1924   0.13  -0.13      T
  MONTH TO DATE    3.46                      3.69  -0.23     2.37
  SINCE JAN 1     10.71                     10.02   0.69     7.75

SNOWFALL (IN)
  YESTERDAY        0.0
  MONTH TO DATE   10.9
  SINCE SEP 1     41.3
  SNOW DEPTH       0

DEGREE DAYS
 HEATING
  YESTERDAY       15                        21     -6       24
  MONTH TO DATE  694                       740    -46      540
  SINCE MAR 1    694                       740    -46      540
  SINCE JUL 1   4097                      5061   -964     4282

 COOLING
  YESTERDAY        0                         0      0        0
  MONTH TO DATE    0                         0      0        0
  SINCE MAR 1      0                         0      0        0
  SINCE JAN 1      0                         0      0        0
..................................................................


WIND (MPH)
  HIGHEST WIND SPEED    12   HIGHEST WIND DIRECTION     N (360)
  HIGHEST GUST SPEED    16   HIGHEST GUST DIRECTION     N (340)
  AVERAGE WIND SPEED     4.2


SKY COVER
  POSSIBLE SUNSHINE  MM
  AVERAGE SKY COVER 0.6


WEATHER CONDITIONS
 THE FOLLOWING WEATHER WAS RECORDED YESTERDAY.
  FOG


RELATIVE HUMIDITY (PERCENT)
 HIGHEST    89          1200 AM
 LOWEST     39           500 PM
 AVERAGE    64

..........................................................


THE ELKINS WV CLIMATE NORMALS FOR TODAY
                         NORMAL    RECORD    YEAR
 MAXIMUM TEMPERATURE (F)   57        83      1998
 MINIMUM TEMPERATURE (F)   32        10      1941


SUNRISE AND SUNSET
MARCH 30 2017.........SUNRISE   707 AM EDT   SUNSET   741 PM EDT
MARCH 31 2017.........SUNRISE   705 AM EDT   SUNSET   742 PM EDT


-  INDICATES NEGATIVE NUMBERS.
R  INDICATES RECORD WAS SET OR TIED.
MM INDICATES DATA IS MISSING.
T  INDICATES TRACE AMOUNT.




$$
