000
CDUS41 KRLX 280717
CLIEKN


CLIMATE REPORT
NATIONAL WEATHER SERVICE CHARLESTON WV
315 AM EDT THU AUG 28 2014


...................................

...THE ELKINS WV CLIMATE SUMMARY FOR AUGUST 27 2014...

CLIMATE NORMAL PERIOD 1981 TO 2010
CLIMATE RECORD PERIOD 1899 TO 2014


WEATHER ITEM   OBSERVED TIME   RECORD YEAR NORMAL DEPARTURE LAST
                VALUE   (LST)  VALUE       VALUE  FROM      YEAR
                                                  NORMAL
..................................................................
TEMPERATURE (F)
 YESTERDAY
  MAXIMUM         84    305 PM  95    1948  79      5       77
  MINIMUM         52    551 AM  41    1945  57     -5       63
  AVERAGE         68                        68      0       70

PRECIPITATION (IN)
  YESTERDAY        0.12          1.30 1943   0.11   0.01      T
  MONTH TO DATE    2.71                      3.39  -0.68     4.51
  SINCE JAN 1     27.85                     32.36  -4.51    29.39

SNOWFALL (IN)
  YESTERDAY        0.0
  MONTH TO DATE    0.0
  SINCE SEP 1     92.3
  SNOW DEPTH       0

DEGREE DAYS
 HEATING
  YESTERDAY        0                         1     -1        0
  MONTH TO DATE   18                        12      6       19
  SINCE JUN 1     65                        79    -14       35
  SINCE JUL 1     51                        24     27       23

 COOLING
  YESTERDAY        3                         4     -1        5
  MONTH TO DATE   94                       128    -34      101
  SINCE JUN 1    382                       386     -4      406
  SINCE JAN 1    418                       409      9      431
..................................................................


WIND (MPH)
  HIGHEST WIND SPEED    10   HIGHEST WIND DIRECTION     N (340)
  HIGHEST GUST SPEED    14   HIGHEST GUST DIRECTION     N (340)
  AVERAGE WIND SPEED     2.1


SKY COVER
  POSSIBLE SUNSHINE  MM
  AVERAGE SKY COVER 0.3


WEATHER CONDITIONS
 THE FOLLOWING WEATHER WAS RECORDED YESTERDAY.
  HEAVY RAIN
  LIGHT RAIN
  FOG
  FOG W/VISIBILITY <= 1/4 MILE


RELATIVE HUMIDITY (PERCENT)
 HIGHEST   100          1200 AM
 LOWEST     54           100 PM
 AVERAGE    77

..........................................................


THE ELKINS WV CLIMATE NORMALS FOR TODAY
                         NORMAL    RECORD    YEAR
 MAXIMUM TEMPERATURE (F)   79        92      1993
                                             1948
 MINIMUM TEMPERATURE (F)   57        40      1986
                                             1946


SUNRISE AND SUNSET
AUGUST 28 2014........SUNRISE   645 AM EDT   SUNSET   756 PM EDT
AUGUST 29 2014........SUNRISE   646 AM EDT   SUNSET   754 PM EDT


-  INDICATES NEGATIVE NUMBERS.
R  INDICATES RECORD WAS SET OR TIED.
MM INDICATES DATA IS MISSING.
T  INDICATES TRACE AMOUNT.




$$
