000
CDUS41 KRLX 200722
CLIEKN


CLIMATE REPORT
NATIONAL WEATHER SERVICE CHARLESTON WV
316 AM EDT WED SEP 20 2017


...................................

...THE ELKINS WV CLIMATE SUMMARY FOR SEPTEMBER 19 2017...

CLIMATE NORMAL PERIOD 1981 TO 2010
CLIMATE RECORD PERIOD 1899 TO 2017


WEATHER ITEM   OBSERVED TIME   RECORD YEAR NORMAL DEPARTURE LAST
                VALUE   (LST)  VALUE       VALUE  FROM      YEAR
                                                  NORMAL
..................................................................
TEMPERATURE (F)
 YESTERDAY
  MAXIMUM         81    159 PM  89    1965  73      8       77
  MINIMUM         56   1154 PM  31    1959  50      6       58
  AVERAGE         69                        61      8       68

PRECIPITATION (IN)
  YESTERDAY        0.00          1.27 1915   0.12  -0.12     0.07
  MONTH TO DATE    1.04                      2.34  -1.30     0.37
  SINCE JAN 1     35.48                     35.15   0.33    30.37

SNOWFALL (IN)
  YESTERDAY        0.0           0.0  2016   0.0    0.0      0.0
  MONTH TO DATE    0.0                       0.0    0.0      0.0
  SINCE SEP 1      0.0                       0.0    0.0      0.0
  SNOW DEPTH       0

DEGREE DAYS
 HEATING
  YESTERDAY        0                         5     -5        0
  MONTH TO DATE   72                        53     19        5
  SINCE SEP 1     72                        53     19        5
  SINCE JUL 1     94                        83     11        5

 COOLING
  YESTERDAY        4                         1      3        3
  MONTH TO DATE   25                        37    -12       91
  SINCE SEP 1     25                        37    -12       91
  SINCE JAN 1    487                       463     24      780
..................................................................


WIND (MPH)
  HIGHEST WIND SPEED    10   HIGHEST WIND DIRECTION    NW (310)
  HIGHEST GUST SPEED    14   HIGHEST GUST DIRECTION     W (280)
  AVERAGE WIND SPEED     1.4


SKY COVER
  POSSIBLE SUNSHINE  MM
  AVERAGE SKY COVER 0.5


WEATHER CONDITIONS
 THE FOLLOWING WEATHER WAS RECORDED YESTERDAY.
  FOG
  FOG W/VISIBILITY <= 1/4 MILE


RELATIVE HUMIDITY (PERCENT)
 HIGHEST    93           100 AM
 LOWEST     45           300 PM
 AVERAGE    69

..........................................................


THE ELKINS WV CLIMATE NORMALS FOR TODAY
                         NORMAL    RECORD    YEAR
 MAXIMUM TEMPERATURE (F)   72        89      1908
 MINIMUM TEMPERATURE (F)   49        31      1956


SUNRISE AND SUNSET
SEPTEMBER 20 2017.....SUNRISE   705 AM EDT   SUNSET   719 PM EDT
SEPTEMBER 21 2017.....SUNRISE   706 AM EDT   SUNSET   718 PM EDT


-  INDICATES NEGATIVE NUMBERS.
R  INDICATES RECORD WAS SET OR TIED.
MM INDICATES DATA IS MISSING.
T  INDICATES TRACE AMOUNT.




$$
