000
CDUS45 KLKN 280046
CLIEKO


CLIMATE REPORT
NATIONAL WEATHER SERVICE ELKO NV
445 PM PST THU NOV 27 2014


...................................

...THE ELKO AIRPORT NV CLIMATE SUMMARY FOR NOVEMBER 27 2014...
VALID TODAY AS OF 0400 PM LOCAL TIME.

CLIMATE NORMAL PERIOD 1981 TO 2010
CLIMATE RECORD PERIOD 1888 TO 2014


WEATHER ITEM   OBSERVED TIME   RECORD YEAR NORMAL DEPARTURE LAST
                VALUE   (LST)  VALUE       VALUE  FROM      YEAR
                                                  NORMAL
..................................................................
TEMPERATURE (F)
 TODAY
  MAXIMUM         59    213 PM  64    1949  42     17       53
  MINIMUM         30    649 AM  -4    1993  18     12       23
  AVERAGE         45                        30     15       38

PRECIPITATION (IN)
  TODAY            0.00          0.80 1926   0.03  -0.03     0.00
  MONTH TO DATE    1.10                      0.99   0.11     0.36
  SINCE OCT 1      1.10                      1.74  -0.64     0.96
  SINCE JAN 1      9.15                      8.59   0.56     5.81

SNOWFALL (IN)
  TODAY            0.0           6.0  2004   0.3   -0.3      0.0
  MONTH TO DATE    1.9                       4.2   -2.3      2.8
  SINCE SEP 1      1.9                       4.9   -3.0      5.7
  SINCE JUL 1      1.9                       4.9   -3.0      5.7
  SNOW DEPTH       0

DEGREE DAYS
 HEATING
  TODAY           20                        35    -15       27
  MONTH TO DATE  771                       802    -31      696
  SINCE SEP 1   1273                      1580   -307     1473
  SINCE JUL 1   1293                      1631   -338     1473

 COOLING
  TODAY            0                         0      0        0
  MONTH TO DATE    0                         0      0        0
  SINCE SEP 1     45                        21     24       66
  SINCE JAN 1    549                       383    166      776
..................................................................


WIND (MPH)
  HIGHEST WIND SPEED     6   HIGHEST WIND DIRECTION     W (260)
  HIGHEST GUST SPEED     7   HIGHEST GUST DIRECTION     S (160)



WEATHER CONDITIONS
 THE FOLLOWING WEATHER WAS RECORDED TODAY.
  NO SIGNIFICANT WEATHER WAS OBSERVED.


RELATIVE HUMIDITY (PERCENT)
 HIGHEST    92           500 AM
 LOWEST     36           100 PM
 AVERAGE    64

..........................................................


THE ELKO AIRPORT NV CLIMATE NORMALS FOR TOMORROW
                         NORMAL    RECORD    YEAR
 MAXIMUM TEMPERATURE (F)   42        63      1980
 MINIMUM TEMPERATURE (F)   18       -13      1896


SUNRISE AND SUNSET
NOVEMBER 27 2014......SUNRISE   644 AM PST   SUNSET   417 PM PST
NOVEMBER 28 2014......SUNRISE   645 AM PST   SUNSET   417 PM PST


-  INDICATES NEGATIVE NUMBERS.
R  INDICATES RECORD WAS SET OR TIED.
MM INDICATES DATA IS MISSING.
T  INDICATES TRACE AMOUNT.




$$
