000
CDUS45 KLKN 280930
CLIEKO


CLIMATE REPORT
NATIONAL WEATHER SERVICE ELKO NV
129 AM PST SUN DEC 28 2014


...................................

...THE ELKO AIRPORT NV CLIMATE SUMMARY FOR DECEMBER 27 2014...

CLIMATE NORMAL PERIOD 1981 TO 2010
CLIMATE RECORD PERIOD 1888 TO 2014


WEATHER ITEM   OBSERVED TIME   RECORD YEAR NORMAL DEPARTURE LAST
                VALUE   (LST)  VALUE       VALUE  FROM      YEAR
                                                  NORMAL
..................................................................
TEMPERATURE (F)
 YESTERDAY
  MAXIMUM         29    231 PM  56    1917  36     -7       38
  MINIMUM         10    714 AM -25    1924  14     -4       13
  AVERAGE         20                        25     -5       26

PRECIPITATION (IN)
  YESTERDAY        0.00          1.02 1891   0.04  -0.04     0.00
  MONTH TO DATE    0.93                      1.03  -0.10     0.65
  SINCE OCT 1      2.08                      2.89  -0.81     1.61
  SINCE JAN 1     10.13                      9.74   0.39     6.46

SNOWFALL (IN)
  YESTERDAY        0.0           4.0  1936   0.3   -0.3      0.0
  MONTH TO DATE    2.5                       8.4   -5.9      4.4
  SINCE DEC 1      2.5                       8.4   -5.9      4.4
  SINCE JUL 1      4.4                      14.1   -9.7     10.1
  SNOW DEPTH       T

DEGREE DAYS
 HEATING
  YESTERDAY       45                        40      5       39
  MONTH TO DATE  802                      1049   -247     1224
  SINCE DEC 1    802                      1049   -247     1224
  SINCE JUL 1   2162                      2787   -625     2784

 COOLING
  YESTERDAY        0                         0      0        0
  MONTH TO DATE    0                         0      0        0
  SINCE DEC 1      0                         0      0        0
  SINCE JAN 1    549                       383    166      776
..................................................................


WIND (MPH)
  HIGHEST WIND SPEED     9   HIGHEST WIND DIRECTION     W (250)
  HIGHEST GUST SPEED    12   HIGHEST GUST DIRECTION     W (260)
  AVERAGE WIND SPEED     3.5



WEATHER CONDITIONS
 THE FOLLOWING WEATHER WAS RECORDED YESTERDAY.
  NO SIGNIFICANT WEATHER WAS OBSERVED.


RELATIVE HUMIDITY (PERCENT)
 HIGHEST    88           200 AM
 LOWEST     53           100 PM
 AVERAGE    71

..........................................................


THE ELKO AIRPORT NV CLIMATE NORMALS FOR TODAY
                         NORMAL    RECORD    YEAR
 MAXIMUM TEMPERATURE (F)   36        58      1980
 MINIMUM TEMPERATURE (F)   14       -16      1913


SUNRISE AND SUNSET
DECEMBER 28 2014......SUNRISE   707 AM PST   SUNSET   423 PM PST
DECEMBER 29 2014......SUNRISE   707 AM PST   SUNSET   424 PM PST


-  INDICATES NEGATIVE NUMBERS.
R  INDICATES RECORD WAS SET OR TIED.
MM INDICATES DATA IS MISSING.
T  INDICATES TRACE AMOUNT.




$$
