000
CDUS45 KLKN 280929
CLIEKO


CLIMATE REPORT
NATIONAL WEATHER SERVICE ELKO NV
227 AM PDT SAT MAR 28 2015


...................................

...THE ELKO AIRPORT NV CLIMATE SUMMARY FOR MARCH 27 2015...

CLIMATE NORMAL PERIOD 1981 TO 2010
CLIMATE RECORD PERIOD 1888 TO 2015


WEATHER ITEM   OBSERVED TIME   RECORD YEAR NORMAL DEPARTURE LAST
                VALUE   (LST)  VALUE       VALUE  FROM      YEAR
                                                  NORMAL
..................................................................
TEMPERATURE (F)
 YESTERDAY
  MAXIMUM         76R   258 PM  75    1986  55     21       45
  MINIMUM         32    613 AM   6    1888  28      4       30
  AVERAGE         54                        41     13       38

PRECIPITATION (IN)
  YESTERDAY        0.00          0.64 1939   0.03  -0.03     0.03
  MONTH TO DATE    0.16                      0.87  -0.71     0.86
  SINCE OCT 1      2.89                      5.89  -3.00     4.81
  SINCE JAN 1      0.65                      2.83  -2.18     3.20

SNOWFALL (IN)
  YESTERDAY        0.0           2.3  1961   0.2   -0.2      0.1
  MONTH TO DATE    0.7                       4.5   -3.8      2.2
  SINCE MAR 1      0.7                       4.5   -3.8      2.2
  SINCE JUL 1     10.1                      37.0  -26.9     14.5
  SNOW DEPTH       0

DEGREE DAYS
 HEATING
  YESTERDAY       11                        24    -13       27
  MONTH TO DATE  572                       718   -146      658
  SINCE MAR 1    572                       718   -146      658
  SINCE JUL 1   4580                      5886  -1306     5389

 COOLING
  YESTERDAY        0                         0      0        0
  MONTH TO DATE    0                         0      0        0
  SINCE MAR 1      0                         0      0        0
  SINCE JAN 1      0                         0      0        0
..................................................................


WIND (MPH)
  HIGHEST WIND SPEED    17   HIGHEST WIND DIRECTION     W (260)
  HIGHEST GUST SPEED    20   HIGHEST GUST DIRECTION     W (250)
  AVERAGE WIND SPEED     3.6



WEATHER CONDITIONS
 THE FOLLOWING WEATHER WAS RECORDED YESTERDAY.
  NO SIGNIFICANT WEATHER WAS OBSERVED.


RELATIVE HUMIDITY (PERCENT)
 HIGHEST    75           200 AM
 LOWEST     16           400 PM
 AVERAGE    46

..........................................................


THE ELKO AIRPORT NV CLIMATE NORMALS FOR TODAY
                         NORMAL    RECORD    YEAR
 MAXIMUM TEMPERATURE (F)   55        75      1986
 MINIMUM TEMPERATURE (F)   28         7      1944


SUNRISE AND SUNSET
MARCH 28 2015.........SUNRISE   634 AM PDT   SUNSET   704 PM PDT
MARCH 29 2015.........SUNRISE   632 AM PDT   SUNSET   705 PM PDT


-  INDICATES NEGATIVE NUMBERS.
R  INDICATES RECORD WAS SET OR TIED.
MM INDICATES DATA IS MISSING.
T  INDICATES TRACE AMOUNT.




$$
