590
CDUS45 KLKN 270929
CLIEKO


CLIMATE REPORT
NATIONAL WEATHER SERVICE ELKO NV
226 AM PDT SAT AUG 27 2016


...................................

...THE ELKO AIRPORT NV CLIMATE SUMMARY FOR AUGUST 26 2016...

CLIMATE NORMAL PERIOD 1981 TO 2010
CLIMATE RECORD PERIOD 1888 TO 2016


WEATHER ITEM   OBSERVED TIME   RECORD YEAR NORMAL DEPARTURE LAST
                VALUE   (LST)  VALUE       VALUE  FROM      YEAR
                                                  NORMAL
..................................................................
TEMPERATURE (F)
 YESTERDAY
  MAXIMUM         83    235 PM  99    1924  86     -3       92
  MINIMUM         44    601 AM  20    1992  46     -2       53
  AVERAGE         64                        66     -2       73

PRECIPITATION (IN)
  YESTERDAY        0.00          0.10 1895   0.01  -0.01     0.00
  MONTH TO DATE    T                         0.31  -0.31     0.61
  SINCE OCT 1     12.18                      9.28   2.90     8.98
  SINCE JAN 1      7.64                      6.22   1.42     6.74

SNOWFALL (IN)
  YESTERDAY        0.0           0.0  1888   0.0    0.0      0.0
  MONTH TO DATE    0.0                       0.0    0.0      0.0
  SINCE JUN 1      T                         0.0    0.0      0.0
  SINCE JUL 1      0.0                       0.0    0.0      0.0
  SNOW DEPTH       0

DEGREE DAYS
 HEATING
  YESTERDAY        1                         2     -1        0
  MONTH TO DATE    2                        20    -18        1
  SINCE JUN 1     41                       170   -129       34
  SINCE JUL 1     11                        39    -28       10

 COOLING
  YESTERDAY        0                         3     -3        8
  MONTH TO DATE  154                       120     34      185
  SINCE JUN 1    519                       347    172      551
  SINCE JAN 1    519                       351    168      558
..................................................................


WIND (MPH)
  HIGHEST WIND SPEED    23   HIGHEST WIND DIRECTION     W (260)
  HIGHEST GUST SPEED    28   HIGHEST GUST DIRECTION     W (260)
  AVERAGE WIND SPEED     5.1



WEATHER CONDITIONS
 THE FOLLOWING WEATHER WAS RECORDED YESTERDAY.
  NO SIGNIFICANT WEATHER WAS OBSERVED.


RELATIVE HUMIDITY (PERCENT)
 HIGHEST    45           600 AM
 LOWEST      7           500 PM
 AVERAGE    26

..........................................................


THE ELKO AIRPORT NV CLIMATE NORMALS FOR TODAY
                         NORMAL    RECORD    YEAR
 MAXIMUM TEMPERATURE (F)   86       101      1924
 MINIMUM TEMPERATURE (F)   46        24      1992
                                             1910


SUNRISE AND SUNSET
AUGUST 27 2016........SUNRISE   606 AM PDT   SUNSET   722 PM PDT
AUGUST 28 2016........SUNRISE   607 AM PDT   SUNSET   721 PM PDT


-  INDICATES NEGATIVE NUMBERS.
R  INDICATES RECORD WAS SET OR TIED.
MM INDICATES DATA IS MISSING.
T  INDICATES TRACE AMOUNT.




$$
