162
CDUS45 KLKN 260033
CLIEKO


CLIMATE REPORT
NATIONAL WEATHER SERVICE ELKO NV
527 PM PDT SUN SEP 25 2016


...................................

...THE ELKO AIRPORT NV CLIMATE SUMMARY FOR SEPTEMBER 25 2016...
VALID TODAY AS OF 500 PM LOCAL TIME.

CLIMATE NORMAL PERIOD 1981 TO 2010
CLIMATE RECORD PERIOD 1888 TO 2016


WEATHER ITEM   OBSERVED TIME   RECORD YEAR NORMAL DEPARTURE LAST
                VALUE   (LST)  VALUE       VALUE  FROM      YEAR
                                                  NORMAL
..................................................................
TEMPERATURE (F)
 TODAY
  MAXIMUM         75    353 PM  92    2015  75      0       92
  MINIMUM         34    340 AM  12    1891  36     -2       41
  AVERAGE         55                        55      0       67

PRECIPITATION (IN)
  TODAY            0.00          0.52 1982   0.02  -0.02     0.00
  MONTH TO DATE    1.08                      0.46   0.62     0.23
  SINCE OCT 1     13.26                      9.80   3.46     9.23
  SINCE JAN 1      8.72                      6.74   1.98     6.99

SNOWFALL (IN)
  TODAY            0.0           1.7  1948   0.0    0.0      0.0
  MONTH TO DATE    0.0                       0.1   -0.1      0.0
  SINCE SEP 1      0.0                       0.1   -0.1      0.0
  SINCE JUL 1      0.0                       0.1   -0.1      0.0
  SNOW DEPTH       0

DEGREE DAYS
 HEATING
  TODAY           10                        10      0        0
  MONTH TO DATE  155                       151      4      102
  SINCE SEP 1    155                       151      4      102
  SINCE JUL 1    168                       202    -34      113

 COOLING
  TODAY            0                         0      0        2
  MONTH TO DATE   11                        20     -9       31
  SINCE SEP 1     11                        20     -9       31
  SINCE JAN 1    555                       382    173      616
..................................................................


WIND (MPH)
  HIGHEST WIND SPEED    15   HIGHEST WIND DIRECTION    NE (60)
  HIGHEST GUST SPEED    19   HIGHEST GUST DIRECTION     E (70)



WEATHER CONDITIONS
 THE FOLLOWING WEATHER WAS RECORDED TODAY.
  NO SIGNIFICANT WEATHER WAS OBSERVED.


RELATIVE HUMIDITY (PERCENT)
 HIGHEST    85           500 AM
 LOWEST     17           100 PM
 AVERAGE    51

..........................................................


THE ELKO AIRPORT NV CLIMATE NORMALS FOR TOMORROW
                         NORMAL    RECORD    YEAR
 MAXIMUM TEMPERATURE (F)   74        90      1894
 MINIMUM TEMPERATURE (F)   35         9      1934


SUNRISE AND SUNSET
SEPTEMBER 25 2016.....SUNRISE   634 AM PDT   SUNSET   634 PM PDT
SEPTEMBER 26 2016.....SUNRISE   635 AM PDT   SUNSET   633 PM PDT


-  INDICATES NEGATIVE NUMBERS.
R  INDICATES RECORD WAS SET OR TIED.
MM INDICATES DATA IS MISSING.
T  INDICATES TRACE AMOUNT.




$$
