000
CDUS45 KLKN 290932
CLIEKO


CLIMATE REPORT
NATIONAL WEATHER SERVICE ELKO NV
229 AM PDT SAT JUL 29 2017


...................................

...THE ELKO AIRPORT NV CLIMATE SUMMARY FOR JULY 28 2017...

CLIMATE NORMAL PERIOD 1981 TO 2010
CLIMATE RECORD PERIOD 1888 TO 2017


WEATHER ITEM   OBSERVED TIME   RECORD YEAR NORMAL DEPARTURE LAST
                VALUE   (LST)  VALUE       VALUE  FROM      YEAR
                                                  NORMAL
..................................................................
TEMPERATURE (F)
 YESTERDAY
  MAXIMUM         94    354 PM 104    1934  92      2      101
  MINIMUM         54    325 AM  30    1892  51      3       53
  AVERAGE         74                        71      3       77

PRECIPITATION (IN)
  YESTERDAY        0.00          0.66 1996   0.02  -0.02     0.00
  MONTH TO DATE    0.02                      0.33  -0.31     0.01
  SINCE OCT 1     13.48                      8.93   4.55    12.15
  SINCE JAN 1      7.85                      5.87   1.98     7.61

SNOWFALL (IN)
  YESTERDAY        0.0           0.0  1888   0.0    0.0      0.0
  MONTH TO DATE    0.0                       0.0    0.0      0.0
  SINCE JUN 1      T                         0.0    0.0       T
  SINCE JUL 1      0.0                       0.0    0.0      0.0
  SNOW DEPTH       0

DEGREE DAYS
 HEATING
  YESTERDAY        0                         0      0        0
  MONTH TO DATE    0                        17    -17        9
  SINCE JUN 1     62                       148    -86       39
  SINCE JUL 1      0                        17    -17        9

 COOLING
  YESTERDAY        9                         6      3       12
  MONTH TO DATE  307                       163    144      188
  SINCE JUN 1    420                       210    210      319
  SINCE JAN 1    424                       214    210      319
..................................................................


WIND (MPH)
  HIGHEST WIND SPEED    20   HIGHEST WIND DIRECTION    NE (30)
  HIGHEST GUST SPEED    26   HIGHEST GUST DIRECTION    NE (30)
  AVERAGE WIND SPEED     6.2



WEATHER CONDITIONS
 THE FOLLOWING WEATHER WAS RECORDED YESTERDAY.
  HAZE


RELATIVE HUMIDITY (PERCENT)
 HIGHEST    61           400 AM
 LOWEST     12           400 PM
 AVERAGE    37

..........................................................


THE ELKO AIRPORT NV CLIMATE NORMALS FOR TODAY
                         NORMAL    RECORD    YEAR
 MAXIMUM TEMPERATURE (F)   92       102      2016
 MINIMUM TEMPERATURE (F)   51        32      1948


SUNRISE AND SUNSET
JULY 29 2017..........SUNRISE   537 AM PDT   SUNSET   802 PM PDT
JULY 30 2017..........SUNRISE   538 AM PDT   SUNSET   801 PM PDT


-  INDICATES NEGATIVE NUMBERS.
R  INDICATES RECORD WAS SET OR TIED.
MM INDICATES DATA IS MISSING.
T  INDICATES TRACE AMOUNT.




$$
