000
CDUS45 KLKN 230945
CLIEKO


CLIMATE REPORT
NATIONAL WEATHER SERVICE ELKO NV
245 AM PDT SAT SEP 3  2017


...................................

...THE ELKO AIRPORT NV CLIMATE SUMMARY FOR SEPTEMBER 22 2017...

CLIMATE NORMAL PERIOD 1981 TO 2010
CLIMATE RECORD PERIOD 1888 TO 2017


WEATHER ITEM   OBSERVED TIME   RECORD YEAR NORMAL DEPARTURE LAST
                VALUE   (LST)  VALUE       VALUE  FROM      YEAR
                                                  NORMAL
..................................................................
TEMPERATURE (F)
 YESTERDAY
  MAXIMUM         47        MM  92    1966  76    -29       58
  MINIMUM         31        MM  10    1895  37     -6       41
  AVERAGE         39                        56    -17       50

PRECIPITATION (IN)
  YESTERDAY        0.10          0.50 2016   0.02   0.08     0.50
  MONTH TO DATE    1.93                      0.40   1.53     0.89
  SINCE OCT 1     15.56                      9.74   5.82    13.07
  SINCE JAN 1      9.93                      6.68   3.25     8.53

SNOWFALL (IN)
  YESTERDAY       MM             T    1945   0.0   MM        0.0
                                      1941
  MONTH TO DATE    0.0                       0.0    0.0      0.0
  SINCE SEP 1      0.0                       0.0    0.0      0.0
  SINCE JUL 1      0.0                       0.0    0.0      0.0
  SNOW DEPTH       0

DEGREE DAYS
 HEATING
  YESTERDAY       26                         9     17       15
  MONTH TO DATE  124                       122      2      121
  SINCE SEP 1    124                       122      2      121
  SINCE JUL 1    128                       173    -45      134

 COOLING
  YESTERDAY        0                         0      0        0
  MONTH TO DATE   89                        20     69       11
  SINCE SEP 1     89                        20     69       11
  SINCE JAN 1    785                       382    403      555
..................................................................


WIND (MPH)
  HIGHEST WIND SPEED    15   HIGHEST WIND DIRECTION     W (280)
  HIGHEST GUST SPEED    MM   HIGHEST GUST DIRECTION    MM
  AVERAGE WIND SPEED     4.6



WEATHER CONDITIONS
 THE FOLLOWING WEATHER WAS RECORDED YESTERDAY.
  HEAVY RAIN
  RAIN
  LIGHT RAIN
  FOG


RELATIVE HUMIDITY (PERCENT)
 HIGHEST    92          1200 AM
 LOWEST     65          1000 AM
 AVERAGE    79

..........................................................


THE ELKO AIRPORT NV CLIMATE NORMALS FOR TODAY
                         NORMAL    RECORD    YEAR
 MAXIMUM TEMPERATURE (F)   75        90      2001
                                             1966
                                             1949
 MINIMUM TEMPERATURE (F)   36        10      1891


SUNRISE AND SUNSET
SEPTEMBER 23 2017.....SUNRISE   632 AM PDT   SUNSET   638 PM PDT
SEPTEMBER 24 2017.....SUNRISE   633 AM PDT   SUNSET   636 PM PDT


-  INDICATES NEGATIVE NUMBERS.
R  INDICATES RECORD WAS SET OR TIED.
MM INDICATES DATA IS MISSING.
T  INDICATES TRACE AMOUNT.




$$
