000
CDUS45 KLKN 230937
CLIEKO


CLIMATE REPORT
NATIONAL WEATHER SERVICE ELKO NV
130 AM PST MON JAN 23 2017


...................................

...THE ELKO AIRPORT NV CLIMATE SUMMARY FOR JANUARY 22 2017...

CLIMATE NORMAL PERIOD 1981 TO 2010
CLIMATE RECORD PERIOD 1888 TO 2017


WEATHER ITEM   OBSERVED TIME   RECORD YEAR NORMAL DEPARTURE LAST
                VALUE   (LST)  VALUE       VALUE  FROM      YEAR
                                                  NORMAL
..................................................................
TEMPERATURE (F)
 YESTERDAY
  MAXIMUM         35    922 PM  63    1981  36     -1       33
  MINIMUM         19   1228 AM -30    1930  14      5       16
                                      1890
  AVERAGE         27                        25      2       25

PRECIPITATION (IN)
  YESTERDAY        0.07          0.81 1997   0.04   0.03     0.00
  MONTH TO DATE    2.33                      0.84   1.49     0.90
  SINCE OCT 1      7.96                      3.90   4.06     5.44
  SINCE JAN 1      2.33                      0.84   1.49     0.90

SNOWFALL (IN)
  YESTERDAY        1.2           5.9  1997   0.3    0.9      0.0
  MONTH TO DATE   28.3                       7.8   20.5     11.4
  SINCE DEC 1     40.5                      17.7   22.8     34.7
  SINCE JUL 1     46.0                      23.4   22.6     46.9
  SNOW DEPTH       9

DEGREE DAYS
 HEATING
  YESTERDAY       38                        40     -2       40
  MONTH TO DATE  910                       880     30      913
  SINCE DEC 1   2164                      2090     74     2163
  SINCE JUL 1   3509                      3828   -319     3644

 COOLING
  YESTERDAY        0                         0      0        0
  MONTH TO DATE    0                         0      0        0
  SINCE DEC 1      0                         0      0        0
  SINCE JAN 1      0                         0      0        0
..................................................................


WIND (MPH)
  HIGHEST WIND SPEED    28   HIGHEST WIND DIRECTION     S (170)
  HIGHEST GUST SPEED    37   HIGHEST GUST DIRECTION     S (180)
  AVERAGE WIND SPEED    10.7



WEATHER CONDITIONS
 THE FOLLOWING WEATHER WAS RECORDED YESTERDAY.
  LIGHT SNOW
  FOG


RELATIVE HUMIDITY (PERCENT)
 HIGHEST    89           500 PM
 LOWEST     63           300 AM
 AVERAGE    76

..........................................................


THE ELKO AIRPORT NV CLIMATE NORMALS FOR TODAY
                         NORMAL    RECORD    YEAR
 MAXIMUM TEMPERATURE (F)   36        62      1970
 MINIMUM TEMPERATURE (F)   14       -30      1937


SUNRISE AND SUNSET
JANUARY 23 2017.......SUNRISE   701 AM PST   SUNSET   450 PM PST
JANUARY 24 2017.......SUNRISE   700 AM PST   SUNSET   451 PM PST


-  INDICATES NEGATIVE NUMBERS.
R  INDICATES RECORD WAS SET OR TIED.
MM INDICATES DATA IS MISSING.
T  INDICATES TRACE AMOUNT.




$$
