000
CDUS44 KSHV 270836
CLIELD


CLIMATE REPORT
NATIONAL WEATHER SERVICE SHREVEPORT, LA
236 AM CST SAT DEC 27 2014


...................................

...THE EL DORADO CLIMATE SUMMARY FOR DECEMBER 26 2014...

CLIMATE NORMAL PERIOD 1981 TO 2010
CLIMATE RECORD PERIOD 1907 TO 2014


WEATHER ITEM   OBSERVED TIME   RECORD YEAR NORMAL DEPARTURE LAST
                VALUE   (LST)  VALUE       VALUE  FROM      YEAR
                                                  NORMAL
..................................................................
TEMPERATURE (F)
 YESTERDAY
  MAXIMUM         56   1159 PM  77    2008  54      2       54
                                      1942
  MINIMUM         42    333 AM  11    1983  34      8       30
  AVERAGE         49                        44      5       42

PRECIPITATION (IN)
  YESTERDAY        0.01          2.64 1987   0.15  -0.14     0.00
  MONTH TO DATE    1.90                      4.49  -2.59     6.56
  SINCE DEC 1      1.90                      4.49  -2.59     6.56
  SINCE JAN 1     39.60                     52.23 -12.63    47.49

SNOWFALL (IN)
  YESTERDAY        0.0
  MONTH TO DATE    0.0
  SINCE DEC 1      0.0
  SINCE JUL 1      0.0
  SNOW DEPTH       0

DEGREE DAYS
 HEATING
  YESTERDAY       16                        21     -5       23
  MONTH TO DATE  428                       501    -73      524
  SINCE DEC 1    428                       501    -73      524
  SINCE JUL 1    979                       980     -1     1109

 COOLING
  YESTERDAY        0                         0      0        0
  MONTH TO DATE    0                         0      0        8
  SINCE DEC 1      0                         0      0        8
  SINCE JAN 1   1884                      2126   -242     2161
..................................................................


WIND (MPH)
  HIGHEST WIND SPEED    13   HIGHEST WIND DIRECTION    SE (140)
  HIGHEST GUST SPEED    19   HIGHEST GUST DIRECTION    SE (150)
  AVERAGE WIND SPEED     7.3


SKY COVER
  POSSIBLE SUNSHINE  MM
  AVERAGE SKY COVER 0.8


WEATHER CONDITIONS
 THE FOLLOWING WEATHER WAS RECORDED YESTERDAY.
  LIGHT RAIN
  FOG


RELATIVE HUMIDITY (PERCENT)
 HIGHEST   100           700 PM
 LOWEST     71          1200 AM
 AVERAGE    86

..........................................................


THE EL DORADO CLIMATE NORMALS FOR TODAY
                         NORMAL    RECORD    YEAR
 MAXIMUM TEMPERATURE (F)   54        78      1942
 MINIMUM TEMPERATURE (F)   33        16      2010


SUNRISE AND SUNSET
DECEMBER 27 2014......SUNRISE   713 AM CST   SUNSET   512 PM CST
DECEMBER 28 2014......SUNRISE   714 AM CST   SUNSET   512 PM CST


-  INDICATES NEGATIVE NUMBERS.
R  INDICATES RECORD WAS SET OR TIED.
MM INDICATES DATA IS MISSING.
T  INDICATES TRACE AMOUNT.




$$
