000
CDUS44 KSHV 272155
CLIELD


CLIMATE REPORT
NATIONAL WEATHER SERVICE SHREVEPORT, LA
455 PM CDT SAT MAY 27 2017


...................................

...THE EL DORADO CLIMATE SUMMARY FOR MAY 27 2017...
VALID TODAY AS OF 0400 PM LOCAL TIME.

CLIMATE NORMAL PERIOD 1981 TO 2010
CLIMATE RECORD PERIOD 1907 TO 2017


WEATHER ITEM   OBSERVED TIME   RECORD YEAR NORMAL DEPARTURE LAST
                VALUE   (LST)  VALUE       VALUE  FROM      YEAR
                                                  NORMAL
..................................................................
TEMPERATURE (F)
 TODAY
  MAXIMUM         89    248 PM  96    1953  85      4       77
  MINIMUM         73   1239 AM  42    1961  63     10       64
  AVERAGE         81                        74      7       71

PRECIPITATION (IN)
  TODAY            0.00          1.81 1970   0.16  -0.16     0.36
  MONTH TO DATE    6.96                      4.44   2.52     1.17
  SINCE DEC 1     32.37                     27.55   4.82    36.71
  SINCE JAN 1     26.08                     22.37   3.71    28.65

DEGREE DAYS
 HEATING
  TODAY            0                         0      0        0
  MONTH TO DATE   17                        16      1       24
  SINCE MAR 1    271                       442   -171      295
  SINCE JUL 1   1723                      2670   -947     2034

 COOLING
  TODAY           16                         9      7        6
  MONTH TO DATE  135                       174    -39      136
  SINCE MAR 1    281                       267     14      230
  SINCE JAN 1    308                       273     35      236
..................................................................


WIND (MPH)
  HIGHEST WIND SPEED    17   HIGHEST WIND DIRECTION    SW (210)
  HIGHEST GUST SPEED    22   HIGHEST GUST DIRECTION     S (200)
  AVERAGE WIND SPEED     8.6


SKY COVER
  POSSIBLE SUNSHINE  MM
  AVERAGE SKY COVER 0.9


WEATHER CONDITIONS
 THE FOLLOWING WEATHER WAS RECORDED TODAY.
  HAZE


RELATIVE HUMIDITY (PERCENT)
 HIGHEST    94           700 AM
 LOWEST     68          1200 PM
 AVERAGE    81

..........................................................


THE EL DORADO CLIMATE NORMALS FOR TOMORROW
                         NORMAL    RECORD    YEAR
 MAXIMUM TEMPERATURE (F)   85        98      1926
 MINIMUM TEMPERATURE (F)   63        42      1961


SUNRISE AND SUNSET
MAY 27 2017...........SUNRISE   605 AM CDT   SUNSET   813 PM CDT
MAY 28 2017...........SUNRISE   604 AM CDT   SUNSET   813 PM CDT


-  INDICATES NEGATIVE NUMBERS.
R  INDICATES RECORD WAS SET OR TIED.
MM INDICATES DATA IS MISSING.
T  INDICATES TRACE AMOUNT.




$$
