000
CDUS44 KSHV 280843
CLIELD


CLIMATE REPORT
NATIONAL WEATHER SERVICE SHREVEPORT, LA
243 AM CST FRI NOV 28 2014


...................................

...THE EL DORADO CLIMATE SUMMARY FOR NOVEMBER 27 2014...

CLIMATE NORMAL PERIOD 1981 TO 2010
CLIMATE RECORD PERIOD 1907 TO 2014


WEATHER ITEM   OBSERVED TIME   RECORD YEAR NORMAL DEPARTURE LAST
                VALUE   (LST)  VALUE       VALUE  FROM      YEAR
                                                  NORMAL
..................................................................
TEMPERATURE (F)
 YESTERDAY
  MAXIMUM         53    257 PM  83    1960  61     -8       43
  MINIMUM         33   1159 PM  19    1938  39     -6       25
  AVERAGE         43                        50     -7       34

PRECIPITATION (IN)
  YESTERDAY        0.00          3.09 1984   0.18  -0.18     0.00
  MONTH TO DATE    3.11                      4.32  -1.21     5.01
  SINCE DEC 1     44.26                     52.35  -8.09    46.99
  SINCE JAN 1     37.70                     47.17  -9.47    40.93

SNOWFALL (IN)
  YESTERDAY        0.0
  MONTH TO DATE    0.0
  SINCE SEP 1      0.0
  SINCE JUL 1      0.0
  SNOW DEPTH       0

DEGREE DAYS
 HEATING
  YESTERDAY       22                        15      7       31
  MONTH TO DATE  455                       300    155      399
  SINCE SEP 1    530                       433     97      513
  SINCE JUL 1    530                       433     97      513

 COOLING
  YESTERDAY        0                         0      0        0
  MONTH TO DATE    2                        13    -11        9
  SINCE SEP 1    431                       397     34      485
  SINCE JAN 1   1879                      2124   -245     2153
..................................................................


WIND (MPH)
  HIGHEST WIND SPEED    12   HIGHEST WIND DIRECTION     N (350)
  HIGHEST GUST SPEED    17   HIGHEST GUST DIRECTION     N (360)
  AVERAGE WIND SPEED     4.6


SKY COVER
  POSSIBLE SUNSHINE  MM
  AVERAGE SKY COVER 0.0


WEATHER CONDITIONS
 THE FOLLOWING WEATHER WAS RECORDED YESTERDAY.
  NO SIGNIFICANT WEATHER WAS OBSERVED.


RELATIVE HUMIDITY (PERCENT)
 HIGHEST    89           800 PM
 LOWEST     41           100 PM
 AVERAGE    65

..........................................................


THE EL DORADO CLIMATE NORMALS FOR TODAY
                         NORMAL    RECORD    YEAR
 MAXIMUM TEMPERATURE (F)   61        83      1949
 MINIMUM TEMPERATURE (F)   39        21      1959


SUNRISE AND SUNSET
NOVEMBER 28 2014......SUNRISE   654 AM CST   SUNSET   504 PM CST
NOVEMBER 29 2014......SUNRISE   655 AM CST   SUNSET   504 PM CST


-  INDICATES NEGATIVE NUMBERS.
R  INDICATES RECORD WAS SET OR TIED.
MM INDICATES DATA IS MISSING.
T  INDICATES TRACE AMOUNT.




$$
