000
CDUS44 KSHV 210751
CLIELD


CLIMATE REPORT
NATIONAL WEATHER SERVICE SHREVEPORT, LA
251 AM CDT THU SEP 21 2017


...................................

...THE EL DORADO CLIMATE SUMMARY FOR SEPTEMBER 20 2017...

CLIMATE NORMAL PERIOD 1981 TO 2010
CLIMATE RECORD PERIOD 1907 TO 2017


WEATHER ITEM   OBSERVED TIME   RECORD YEAR NORMAL DEPARTURE LAST
                VALUE   (LST)  VALUE       VALUE  FROM      YEAR
                                                  NORMAL
..................................................................
TEMPERATURE (F)
 YESTERDAY
  MAXIMUM         92    125 PM 103    1936  85      7       91
  MINIMUM         71   1159 PM  44    1981  61     10       66
  AVERAGE         82                        73      9       79

PRECIPITATION (IN)
  YESTERDAY        0.00          2.51 1979   0.10  -0.10     0.00
  MONTH TO DATE    1.23                      1.99  -0.76     1.68
  SINCE DEC 1     44.86                     41.72   3.14    58.54
  SINCE JAN 1     38.57                     36.54   2.03    50.48

SNOWFALL (IN)
  YESTERDAY        0.0
  MONTH TO DATE    0.0
  SINCE SEP 1      0.0
  SINCE JUL 1      0.0
  SNOW DEPTH       0

DEGREE DAYS
 HEATING
  YESTERDAY        0                         1     -1        0
  MONTH TO DATE    3                         1      2        0
  SINCE SEP 1      3                         1      2        0
  SINCE JUL 1      3                         1      2        0

 COOLING
  YESTERDAY       17                         9      8       14
  MONTH TO DATE  187                       231    -44      300
  SINCE SEP 1    187                       231    -44      300
  SINCE JAN 1   1922                      1958    -36     2158
..................................................................


WIND (MPH)
  HIGHEST WIND SPEED    21   HIGHEST WIND DIRECTION     S (200)
  HIGHEST GUST SPEED    27   HIGHEST GUST DIRECTION     S (200)
  AVERAGE WIND SPEED     5.9


SKY COVER
  POSSIBLE SUNSHINE  MM
  AVERAGE SKY COVER 0.3


WEATHER CONDITIONS
 THE FOLLOWING WEATHER WAS RECORDED YESTERDAY.
  NO SIGNIFICANT WEATHER WAS OBSERVED.


RELATIVE HUMIDITY (PERCENT)
 HIGHEST   100           500 AM
 LOWEST     52           300 PM
 AVERAGE    76

..........................................................


THE EL DORADO CLIMATE NORMALS FOR TODAY
                         NORMAL    RECORD    YEAR
 MAXIMUM TEMPERATURE (F)   85       102      2005
 MINIMUM TEMPERATURE (F)   61        40      1918


SUNRISE AND SUNSET
SEPTEMBER 21 2017.....SUNRISE   659 AM CDT   SUNSET   709 PM CDT
SEPTEMBER 22 2017.....SUNRISE   700 AM CDT   SUNSET   708 PM CDT


-  INDICATES NEGATIVE NUMBERS.
R  INDICATES RECORD WAS SET OR TIED.
MM INDICATES DATA IS MISSING.
T  INDICATES TRACE AMOUNT.




$$
