000
CDUS44 KSHV 232254
CLIELD


CLIMATE REPORT
NATIONAL WEATHER SERVICE SHREVEPORT, LA
454 PM CST THU FEB 23 2017


...................................

...THE EL DORADO CLIMATE SUMMARY FOR FEBRUARY 23 2017...
VALID TODAY AS OF 0400 PM LOCAL TIME.

CLIMATE NORMAL PERIOD 1981 TO 2010
CLIMATE RECORD PERIOD 1907 TO 2017


WEATHER ITEM   OBSERVED TIME   RECORD YEAR NORMAL DEPARTURE LAST
                VALUE   (LST)  VALUE       VALUE  FROM      YEAR
                                                  NORMAL
..................................................................
TEMPERATURE (F)
 TODAY
  MAXIMUM         80    324 PM  84    1996  61     19       51
  MINIMUM         50    638 AM  19    1964  38     12       41
  AVERAGE         65                        50     15       46

PRECIPITATION (IN)
  TODAY            0.00          1.63 1979   0.18  -0.18     0.97
  MONTH TO DATE    2.57                      3.92  -1.35     4.84
  SINCE DEC 1     13.05                     13.40  -0.35    15.65
  SINCE JAN 1      6.76                      8.22  -1.46     7.59

SNOWFALL (IN)
  TODAY            0.0
  MONTH TO DATE    0.0
  SINCE DEC 1      T
  SINCE JUL 1      T
  SNOW DEPTH       0

DEGREE DAYS
 HEATING
  TODAY            0                        15    -15       19
  MONTH TO DATE  215                       413   -198      313
  SINCE DEC 1   1133                      1677   -544     1355
  SINCE JUL 1   1406                      2156   -750     1649

 COOLING
  TODAY            0                         0      0        0
  MONTH TO DATE   12                         0     12        2
  SINCE DEC 1     35                         6     29       21
  SINCE JAN 1     21                         2     19        6
..................................................................


WIND (MPH)
  HIGHEST WIND SPEED    16   HIGHEST WIND DIRECTION     S (160)
  HIGHEST GUST SPEED    23   HIGHEST GUST DIRECTION    SE (150)
  AVERAGE WIND SPEED     7.2


SKY COVER
  POSSIBLE SUNSHINE  MM
  AVERAGE SKY COVER 0.0


WEATHER CONDITIONS
 THE FOLLOWING WEATHER WAS RECORDED TODAY.
  NO SIGNIFICANT WEATHER WAS OBSERVED.


RELATIVE HUMIDITY (PERCENT)
 HIGHEST   100          1200 AM
 LOWEST     45           400 PM
 AVERAGE    73

..........................................................


THE EL DORADO CLIMATE NORMALS FOR TOMORROW
                         NORMAL    RECORD    YEAR
 MAXIMUM TEMPERATURE (F)   62        83      1918
 MINIMUM TEMPERATURE (F)   39        18      1968


SUNRISE AND SUNSET
FEBRUARY 23 2017......SUNRISE   646 AM CST   SUNSET   603 PM CST
FEBRUARY 24 2017......SUNRISE   645 AM CST   SUNSET   604 PM CST


-  INDICATES NEGATIVE NUMBERS.
R  INDICATES RECORD WAS SET OR TIED.
MM INDICATES DATA IS MISSING.
T  INDICATES TRACE AMOUNT.




$$
