000
CDUS44 KEPZ 070927
CLIELP


CLIMATE REPORT
NATIONAL WEATHER SERVICE EL PASO, TX
226 AM MST SUN FEB 7 2016


...................................

...THE EL PASO CLIMATE SUMMARY FOR FEBRUARY 6 2016...

CLIMATE NORMAL PERIOD 1981 TO 2010
CLIMATE RECORD PERIOD 1879 TO 2016


WEATHER ITEM   OBSERVED TIME   RECORD YEAR NORMAL DEPARTURE LAST
                VALUE   (LST)  VALUE       VALUE  FROM      YEAR
                                                  NORMAL
..................................................................
TEMPERATURE (F)
 YESTERDAY
  MAXIMUM         58    421 PM  77    2009  61     -3       74
                                      1963
  MINIMUM         21    705 AM  19    1923  35    -14       37
  AVERAGE         40                        48     -8       56

PRECIPITATION (IN)
  YESTERDAY        0.00          0.42 1905   0.02  -0.02     0.00
  MONTH TO DATE    0.07                      0.11  -0.04     0.00
  SINCE DEC 1      1.61                      1.29   0.32     0.97
  SINCE JAN 1      0.53                      0.51   0.02     0.85

SNOWFALL (IN)
  YESTERDAY        0.0                                       0.0
  MONTH TO DATE    T                                         0.0
  SINCE DEC 1      8.1                                        T
  SINCE JUL 1      8.1                                        T
  SNOW DEPTH       0

DEGREE DAYS
 HEATING
  YESTERDAY       25                        17      8        9
  MONTH TO DATE  151                       104     47       74
  SINCE DEC 1   1307                      1347    -40     1204
  SINCE JUL 1   1642                      1789   -147     1567

 COOLING
  YESTERDAY        0                         0      0        0
  MONTH TO DATE    0                         0      0        0
  SINCE DEC 1      0                         0      0        0
  SINCE JAN 1      0                         0      0        0
..................................................................


WIND (MPH)
  HIGHEST WIND SPEED    14   HIGHEST WIND DIRECTION    SW (230)
  HIGHEST GUST SPEED    17   HIGHEST GUST DIRECTION    SW (230)
  AVERAGE WIND SPEED     5.0


SKY COVER
  POSSIBLE SUNSHINE  MM
  AVERAGE SKY COVER 0.2


WEATHER CONDITIONS
 THE FOLLOWING WEATHER WAS RECORDED YESTERDAY.
  NO SIGNIFICANT WEATHER WAS OBSERVED.


RELATIVE HUMIDITY (PERCENT)
 HIGHEST    47           700 AM
 LOWEST     11           200 PM
 AVERAGE    29

..........................................................


THE EL PASO CLIMATE NORMALS FOR TODAY
                         NORMAL    RECORD    YEAR
 MAXIMUM TEMPERATURE (F)   61        79      2009
 MINIMUM TEMPERATURE (F)   36        12      1899


SUNRISE AND SUNSET
FEBRUARY  7 2016......SUNRISE   655 AM MST   SUNSET   545 PM MST
FEBRUARY  8 2016......SUNRISE   654 AM MST   SUNSET   546 PM MST


-  INDICATES NEGATIVE NUMBERS.
R  INDICATES RECORD WAS SET OR TIED.
MM INDICATES DATA IS MISSING.
T  INDICATES TRACE AMOUNT.




$$
