000
CDUS44 KEPZ 292327
CLIELP


CLIMATE REPORT
NATIONAL WEATHER SERVICE EL PASO, TX
526 PM MDT MON MAY 29 2017


...................................

...THE EL PASO CLIMATE SUMMARY FOR MAY 29 2017...
VALID TODAY AS OF 500 PM LOCAL TIME.

CLIMATE NORMAL PERIOD 1981 TO 2010
CLIMATE RECORD PERIOD 1879 TO 2017


WEATHER ITEM   OBSERVED TIME   RECORD YEAR NORMAL DEPARTURE LAST
                VALUE   (LST)  VALUE       VALUE  FROM      YEAR
                                                  NORMAL
..................................................................
TEMPERATURE (F)
 TODAY
  MAXIMUM         91    257 PM 102    1896  92     -1       94
  MINIMUM         66    536 AM  45    1987  64      2       69

PRECIPITATION (IN)
  TODAY            0.00                      0.01  -0.01     0.00
  MONTH TO DATE    T                         0.43  -0.43      T
  SINCE MAR 1      0.14                      0.92  -0.78     0.05
  SINCE JAN 1      1.35                      1.78  -0.43     0.58

..................................................................


WIND (MPH)
  HIGHEST WIND SPEED    21   HIGHEST WIND DIRECTION     E (100)
  HIGHEST GUST SPEED    26   HIGHEST GUST DIRECTION    SE (130)


SKY COVER
  AVERAGE SKY COVER 0.1


WEATHER CONDITIONS
 THE FOLLOWING WEATHER WAS RECORDED TODAY.
  NO SIGNIFICANT WEATHER WAS OBSERVED.


RELATIVE HUMIDITY (PERCENT)
 HIGHEST    42           500 AM
 LOWEST     13           400 PM

..........................................................


THE EL PASO CLIMATE NORMALS FOR TOMORROW
                         NORMAL    RECORD    YEAR
 MAXIMUM TEMPERATURE (F)   92       103      1994
 MINIMUM TEMPERATURE (F)   64        46      1987


SUNRISE AND SUNSET
MAY 29 2017...........SUNRISE   602 AM MDT   SUNSET   805 PM MDT
MAY 30 2017...........SUNRISE   601 AM MDT   SUNSET   805 PM MDT


-  INDICATES NEGATIVE NUMBERS.
R  INDICATES RECORD WAS SET OR TIED.
MM INDICATES DATA IS MISSING.
T  INDICATES TRACE AMOUNT.




$$
