000
CDUS44 KEPZ 230927
CLIELP


CLIMATE REPORT
NATIONAL WEATHER SERVICE EL PASO, TX
327 AM MDT SAT MAY 23 2015


...................................

...THE EL PASO CLIMATE SUMMARY FOR MAY 22 2015...

CLIMATE NORMAL PERIOD 1981 TO 2010
CLIMATE RECORD PERIOD 1879 TO 2015


WEATHER ITEM   OBSERVED TIME   RECORD YEAR NORMAL DEPARTURE LAST
                VALUE   (LST)  VALUE       VALUE  FROM      YEAR
                                                  NORMAL
..................................................................
TEMPERATURE (F)
 YESTERDAY
  MAXIMUM         91    321 PM 105    2005  90      1       89
  MINIMUM         56    239 AM  43    1977  62     -6       66
  AVERAGE         74                        76     -2       78

PRECIPITATION (IN)
  YESTERDAY        0.00          0.59 2009   0.01  -0.01     0.00
  MONTH TO DATE    0.81                      0.31   0.50     0.00
  SINCE MAR 1      1.66                      0.80   0.86     0.63
  SINCE JAN 1      2.54                      1.66   0.88     0.63

SNOWFALL (IN)
  YESTERDAY        0.0                                       0.0
  MONTH TO DATE    0.0                                       0.0
  SINCE MAR 1      0.0                                       0.0
  SINCE JUL 1      T                                          T
  SNOW DEPTH       0

DEGREE DAYS
 HEATING
  YESTERDAY        0                         0      0        0
  MONTH TO DATE    0                         6     -6       23
  SINCE MAR 1    241                       368   -127      261
  SINCE JUL 1   2064                      2471   -407     2049

 COOLING
  YESTERDAY        9                        11     -2       13
  MONTH TO DATE  143                       175    -32      171
  SINCE MAR 1    269                       267      2      290
  SINCE JAN 1    270                       267      3      297
..................................................................


WIND (MPH)
  HIGHEST WIND SPEED    28   HIGHEST WIND DIRECTION     W (250)
  HIGHEST GUST SPEED    34   HIGHEST GUST DIRECTION     W (250)
  AVERAGE WIND SPEED    10.8


SKY COVER
  POSSIBLE SUNSHINE  MM
  AVERAGE SKY COVER 0.5


WEATHER CONDITIONS
 THE FOLLOWING WEATHER WAS RECORDED YESTERDAY.
  NO SIGNIFICANT WEATHER WAS OBSERVED.


RELATIVE HUMIDITY (PERCENT)
 HIGHEST    86           100 AM
 LOWEST      4           600 PM
 AVERAGE    45

..........................................................


THE EL PASO CLIMATE NORMALS FOR TODAY
                         NORMAL    RECORD    YEAR
 MAXIMUM TEMPERATURE (F)   90       105      2005
 MINIMUM TEMPERATURE (F)   62        45      1975


SUNRISE AND SUNSET
MAY 23 2015...........SUNRISE   604 AM MDT   SUNSET   801 PM MDT
MAY 24 2015...........SUNRISE   604 AM MDT   SUNSET   801 PM MDT


-  INDICATES NEGATIVE NUMBERS.
R  INDICATES RECORD WAS SET OR TIED.
MM INDICATES DATA IS MISSING.
T  INDICATES TRACE AMOUNT.




$$
