764
CDUS44 KEPZ 260927
CLIELP


CLIMATE REPORT
NATIONAL WEATHER SERVICE EL PASO, TX
326 AM MDT TUE JUL 26 2016


...................................

...THE EL PASO CLIMATE SUMMARY FOR JULY 25 2016...

CLIMATE NORMAL PERIOD 1981 TO 2010
CLIMATE RECORD PERIOD 1879 TO 2016


WEATHER ITEM   OBSERVED TIME   RECORD YEAR NORMAL DEPARTURE LAST
                VALUE   (LST)  VALUE       VALUE  FROM      YEAR
                                                  NORMAL
..................................................................
TEMPERATURE (F)
 YESTERDAY
  MAXIMUM        100    449 PM 105    1995  94      6      101
                                      1994
  MINIMUM         79    541 AM  57    1880  71      8       79
  AVERAGE         90                        82      8       90

PRECIPITATION (IN)
  YESTERDAY        0.00          1.66 1880   0.06  -0.06     0.00
  MONTH TO DATE    0.13                      1.17  -1.04     1.69
  SINCE JUN 1      0.46                      2.11  -1.65     1.87
  SINCE JAN 1      1.10                      3.93  -2.83     4.41

SNOWFALL (IN)
  YESTERDAY        0.0                                       0.0
  MONTH TO DATE    0.0                                       0.0
  SINCE JUN 1      0.0                                       0.0
  SINCE JUL 1      0.0                                       0.0
  SNOW DEPTH       0

DEGREE DAYS
 HEATING
  YESTERDAY        0                         0      0        0
  MONTH TO DATE    0                         0      0        0
  SINCE JUN 1      0                         0      0        0
  SINCE JUL 1      0                         0      0        0

 COOLING
  YESTERDAY       25                        17      8       25
  MONTH TO DATE  615                       448    167      497
  SINCE JUN 1   1207                       950    257     1089
  SINCE JAN 1   1603                      1327    276     1460
..................................................................


WIND (MPH)
  HIGHEST WIND SPEED    25   HIGHEST WIND DIRECTION     N (350)
  HIGHEST GUST SPEED    29   HIGHEST GUST DIRECTION     N (360)
  AVERAGE WIND SPEED     9.9


SKY COVER
  POSSIBLE SUNSHINE  MM
  AVERAGE SKY COVER 0.4


WEATHER CONDITIONS
 THE FOLLOWING WEATHER WAS RECORDED YESTERDAY.
  HAZE


RELATIVE HUMIDITY (PERCENT)
 HIGHEST    40           700 AM
 LOWEST     16           400 PM
 AVERAGE    28

..........................................................


THE EL PASO CLIMATE NORMALS FOR TODAY
                         NORMAL    RECORD    YEAR
 MAXIMUM TEMPERATURE (F)   94       106      1995
                                             1980
 MINIMUM TEMPERATURE (F)   71        58      1880


SUNRISE AND SUNSET
JULY 26 2016..........SUNRISE   618 AM MDT   SUNSET   806 PM MDT
JULY 27 2016..........SUNRISE   618 AM MDT   SUNSET   805 PM MDT


-  INDICATES NEGATIVE NUMBERS.
R  INDICATES RECORD WAS SET OR TIED.
MM INDICATES DATA IS MISSING.
T  INDICATES TRACE AMOUNT.




$$
