000
CDUS44 KEPZ 240935
CLIELP


CLIMATE REPORT
NATIONAL WEATHER SERVICE EL PASO, TX
334 AM MDT MON JUL 24 2017


...................................

...THE EL PASO CLIMATE SUMMARY FOR JULY 23 2017...

CLIMATE NORMAL PERIOD 1981 TO 2010
CLIMATE RECORD PERIOD 1879 TO 2017


WEATHER ITEM   OBSERVED TIME   RECORD YEAR NORMAL DEPARTURE LAST
                VALUE   (LST)  VALUE       VALUE  FROM      YEAR
                                                  NORMAL
..................................................................
TEMPERATURE (F)
 YESTERDAY
  MAXIMUM         90    149 PM 104    2016  94     -4      104
                                      1963
  MINIMUM         71   1159 PM  56    1880  71      0       78
  AVERAGE         81                        82     -1       91

PRECIPITATION (IN)
  YESTERDAY        0.13          0.81 1957   0.05   0.08     0.00
  MONTH TO DATE    2.13                      1.05   1.08     0.13
  SINCE JUN 1      3.29                      1.99   1.30     0.46
  SINCE JAN 1      4.67                      3.81   0.86     1.10

SNOWFALL (IN)
  YESTERDAY        0.0                                       0.0
  MONTH TO DATE    0.0                                       0.0
  SINCE JUN 1      0.0                                       0.0
  SINCE JUL 1      0.0                                       0.0
  SNOW DEPTH       0

DEGREE DAYS
 HEATING
  YESTERDAY        0                         0      0        0
  MONTH TO DATE    0                         0      0        0
  SINCE JUN 1      0                         0      0        0
  SINCE JUL 1      0                         0      0        0

 COOLING
  YESTERDAY       16                        17     -1       26
  MONTH TO DATE  446                       414     32      563
  SINCE JUN 1   1072                       916    156     1155
  SINCE JAN 1   1626                      1293    333     1551
..................................................................


WIND (MPH)
  HIGHEST WIND SPEED    24   HIGHEST WIND DIRECTION    NE (30)
  HIGHEST GUST SPEED    28   HIGHEST GUST DIRECTION     N (20)
  AVERAGE WIND SPEED     5.5


SKY COVER
  POSSIBLE SUNSHINE  MM
  AVERAGE SKY COVER 0.6


WEATHER CONDITIONS
 THE FOLLOWING WEATHER WAS RECORDED YESTERDAY.
  THUNDERSTORM
  LIGHT RAIN
  FOG


RELATIVE HUMIDITY (PERCENT)
 HIGHEST    93          1100 PM
 LOWEST     44           100 PM
 AVERAGE    69

..........................................................


THE EL PASO CLIMATE NORMALS FOR TODAY
                         NORMAL    RECORD    YEAR
 MAXIMUM TEMPERATURE (F)   94       106      2016
                                             1979
 MINIMUM TEMPERATURE (F)   71        57      1880


SUNRISE AND SUNSET
JULY 24 2017..........SUNRISE   616 AM MDT   SUNSET   808 PM MDT
JULY 25 2017..........SUNRISE   617 AM MDT   SUNSET   807 PM MDT


-  INDICATES NEGATIVE NUMBERS.
R  INDICATES RECORD WAS SET OR TIED.
MM INDICATES DATA IS MISSING.
T  INDICATES TRACE AMOUNT.




$$
