000
CDUS44 KEPZ 290927
CLIELP


CLIMATE REPORT
NATIONAL WEATHER SERVICE EL PASO, TX
326 AM MDT FRI APR 29 2016


...................................

...THE EL PASO CLIMATE SUMMARY FOR APRIL 28 2016...

CLIMATE NORMAL PERIOD 1981 TO 2010
CLIMATE RECORD PERIOD 1879 TO 2016


WEATHER ITEM   OBSERVED TIME   RECORD YEAR NORMAL DEPARTURE LAST
                VALUE   (LST)  VALUE       VALUE  FROM      YEAR
                                                  NORMAL
..................................................................
TEMPERATURE (F)
 YESTERDAY
  MAXIMUM         84    353 PM  96    1992  82      2       71
  MINIMUM         56    457 AM  35    1989  55      1       43
                                      1975
  AVERAGE         70                        68      2       57

PRECIPITATION (IN)
  YESTERDAY        0.00          0.73 1931   0.00   0.00     0.00
  MONTH TO DATE    0.04                      0.21  -0.17     0.24
  SINCE MAR 1      0.05                      0.47  -0.42     0.85
  SINCE JAN 1      0.58                      1.33  -0.75     1.73

SNOWFALL (IN)
  YESTERDAY        0.0                                       0.0
  MONTH TO DATE    0.0                                       0.0
  SINCE MAR 1      0.0                                       0.0
  SINCE JUL 1      8.1                                        T
  SNOW DEPTH       0

DEGREE DAYS
 HEATING
  YESTERDAY        0                         1     -1        8
  MONTH TO DATE   61                        90    -29       49
  SINCE MAR 1    170                       360   -190      237
  SINCE JUL 1   2004                      2463   -459     2060

 COOLING
  YESTERDAY        5                         5      0        0
  MONTH TO DATE   89                        72     17       92
  SINCE MAR 1    109                        82     27      125
  SINCE JAN 1    112                        82     30      126
..................................................................


WIND (MPH)
  HIGHEST WIND SPEED    31   HIGHEST WIND DIRECTION     W (250)
  HIGHEST GUST SPEED    42   HIGHEST GUST DIRECTION     W (250)
  AVERAGE WIND SPEED    15.0


SKY COVER
  POSSIBLE SUNSHINE  MM
  AVERAGE SKY COVER 0.2


WEATHER CONDITIONS
 THE FOLLOWING WEATHER WAS RECORDED YESTERDAY.
  HAZE
  SANDSTORM


RELATIVE HUMIDITY (PERCENT)
 HIGHEST    23          1100 PM
 LOWEST      7          1100 AM
 AVERAGE    15

..........................................................


THE EL PASO CLIMATE NORMALS FOR TODAY
                         NORMAL    RECORD    YEAR
 MAXIMUM TEMPERATURE (F)   83        95      1992
                                             1943
 MINIMUM TEMPERATURE (F)   55        33      1991


SUNRISE AND SUNSET
APRIL 29 2016.........SUNRISE   621 AM MDT   SUNSET   745 PM MDT
APRIL 30 2016.........SUNRISE   620 AM MDT   SUNSET   745 PM MDT


-  INDICATES NEGATIVE NUMBERS.
R  INDICATES RECORD WAS SET OR TIED.
MM INDICATES DATA IS MISSING.
T  INDICATES TRACE AMOUNT.




$$
