000
CDUS44 KEPZ 050927
CLIELP


CLIMATE REPORT
NATIONAL WEATHER SERVICE EL PASO, TX
226 AM MST THU MAR 5 2015


...................................

...THE EL PASO CLIMATE SUMMARY FOR MARCH 4 2015...

CLIMATE NORMAL PERIOD 1981 TO 2010
CLIMATE RECORD PERIOD 1879 TO 2015


WEATHER ITEM   OBSERVED TIME   RECORD YEAR NORMAL DEPARTURE LAST
                VALUE   (LST)  VALUE       VALUE  FROM      YEAR
                                                  NORMAL
..................................................................
TEMPERATURE (F)
 YESTERDAY
  MAXIMUM         62    152 PM  84    2009  67     -5       64
                                      1908
  MINIMUM         37   1159 PM  15    1965  41     -4       39
  AVERAGE         50                        54     -4       52

PRECIPITATION (IN)
  YESTERDAY        T             0.29 1892   0.01  -0.01     0.00
  MONTH TO DATE    0.12                      0.04   0.08     0.16
  SINCE MAR 1      0.12                      0.04   0.08     0.16
  SINCE JAN 1      1.00                      0.90   0.10     0.16

SNOWFALL (IN)
  YESTERDAY       MM                                         0.0
  MONTH TO DATE    0.0                                       0.0
  SINCE MAR 1      0.0                                       0.0
  SINCE JUL 1      T                                          T
  SNOW DEPTH       0

DEGREE DAYS
 HEATING
  YESTERDAY       15                        11      4       13
  MONTH TO DATE   38                        46     -8       35
  SINCE MAR 1     38                        46     -8       35
  SINCE JUL 1   1861                      2149   -288     1823

 COOLING
  YESTERDAY        0                         0      0        0
  MONTH TO DATE    0                         0      0        0
  SINCE MAR 1      0                         0      0        0
  SINCE JAN 1      1                         0      1        7
..................................................................


WIND (MPH)
  HIGHEST WIND SPEED    26   HIGHEST WIND DIRECTION    SW (240)
  HIGHEST GUST SPEED    37   HIGHEST GUST DIRECTION     W (250)
  AVERAGE WIND SPEED    12.0


SKY COVER
  POSSIBLE SUNSHINE  MM
  AVERAGE SKY COVER 0.6


WEATHER CONDITIONS
 THE FOLLOWING WEATHER WAS RECORDED YESTERDAY.
  LIGHT RAIN


RELATIVE HUMIDITY (PERCENT)
 HIGHEST    77          1200 AM
 LOWEST     27           200 PM
 AVERAGE    52

..........................................................


THE EL PASO CLIMATE NORMALS FOR TODAY
                         NORMAL    RECORD    YEAR
 MAXIMUM TEMPERATURE (F)   68        84      1925
                                             1910
 MINIMUM TEMPERATURE (F)   41        20      1965


SUNRISE AND SUNSET
MARCH  5 2015.........SUNRISE   628 AM MST   SUNSET   606 PM MST
MARCH  6 2015.........SUNRISE   627 AM MST   SUNSET   607 PM MST


-  INDICATES NEGATIVE NUMBERS.
R  INDICATES RECORD WAS SET OR TIED.
MM INDICATES DATA IS MISSING.
T  INDICATES TRACE AMOUNT.




$$
