000
CDUS44 KEPZ 290928
CLIELP


CLIMATE REPORT
NATIONAL WEATHER SERVICE EL PASO, TX
327 AM MDT SAT AUG 29 2015


...................................

...THE EL PASO CLIMATE SUMMARY FOR AUGUST 28 2015...

CLIMATE NORMAL PERIOD 1981 TO 2010
CLIMATE RECORD PERIOD 1879 TO 2015


WEATHER ITEM   OBSERVED TIME   RECORD YEAR NORMAL DEPARTURE LAST
                VALUE   (LST)  VALUE       VALUE  FROM      YEAR
                                                  NORMAL
..................................................................
TEMPERATURE (F)
 YESTERDAY
  MAXIMUM         98    414 PM 102    1994  92      6       94
  MINIMUM         72   1147 PM  60    1974  69      3       69
                                      1880
  AVERAGE         85                        80      5       82

PRECIPITATION (IN)
  YESTERDAY        0.12          0.77 1936   0.05   0.07     0.00
  MONTH TO DATE    1.51                      1.86  -0.35     1.79
  SINCE JUN 1      4.57                      4.35   0.22     2.49
  SINCE JAN 1      7.11                      6.17   0.94     3.13

SNOWFALL (IN)
  YESTERDAY        0.0                                       0.0
  MONTH TO DATE    0.0                                       0.0
  SINCE JUN 1      0.0                                       0.0
  SINCE JUL 1      0.0                                       0.0
  SNOW DEPTH       0

DEGREE DAYS
 HEATING
  YESTERDAY        0                         0      0        0
  MONTH TO DATE    0                         0      0        0
  SINCE JUN 1      0                         0      0        0
  SINCE JUL 1      0                         0      0        0

 COOLING
  YESTERDAY       20                        15      5       17
  MONTH TO DATE  591                       454    137      420
  SINCE JUN 1   1795                      1508    287     1735
  SINCE JAN 1   2166                      1885    281     2162
..................................................................


WIND (MPH)
  HIGHEST WIND SPEED    24   HIGHEST WIND DIRECTION     N (360)
  HIGHEST GUST SPEED    31   HIGHEST GUST DIRECTION    SE (120)
  AVERAGE WIND SPEED     5.8


SKY COVER
  POSSIBLE SUNSHINE  MM
  AVERAGE SKY COVER 0.6


WEATHER CONDITIONS
 THE FOLLOWING WEATHER WAS RECORDED YESTERDAY.
  THUNDERSTORM
  HEAVY RAIN
  RAIN
  LIGHT RAIN
  HAZE


RELATIVE HUMIDITY (PERCENT)
 HIGHEST    64           700 AM
 LOWEST     18           400 PM
 AVERAGE    41

..........................................................


THE EL PASO CLIMATE NORMALS FOR TODAY
                         NORMAL    RECORD    YEAR
 MAXIMUM TEMPERATURE (F)   92       102      1962
 MINIMUM TEMPERATURE (F)   68        58      1970
                                             1917


SUNRISE AND SUNSET
AUGUST 29 2015........SUNRISE   639 AM MDT   SUNSET   733 PM MDT
AUGUST 30 2015........SUNRISE   640 AM MDT   SUNSET   732 PM MDT


-  INDICATES NEGATIVE NUMBERS.
R  INDICATES RECORD WAS SET OR TIED.
MM INDICATES DATA IS MISSING.
T  INDICATES TRACE AMOUNT.




$$
