000
CDUS44 KEPZ 192340
CLIELP


CLIMATE REPORT
NATIONAL WEATHER SERVICE EL PASO, TX
439 PM MST FRI DEC 19 2014


...................................

...THE EL PASO CLIMATE SUMMARY FOR DECEMBER 19 2014...
VALID TODAY AS OF 0400 PM LOCAL TIME.

CLIMATE NORMAL PERIOD 1981 TO 2010
CLIMATE RECORD PERIOD 1879 TO 2014


WEATHER ITEM   OBSERVED TIME   RECORD YEAR NORMAL DEPARTURE LAST
                VALUE   (LST)  VALUE       VALUE  FROM      YEAR
                                                  NORMAL
..................................................................
TEMPERATURE (F)
 TODAY
  MAXIMUM         55    224 PM  74    1921  56     -1       70
  MINIMUM         33    611 AM  11    1996  32      1       39

PRECIPITATION (IN)
  TODAY            0.00                      0.02  -0.02     0.00
  MONTH TO DATE    0.01                      0.50  -0.49     0.23
  SINCE DEC 1      0.01                      0.50  -0.49     0.23
  SINCE JAN 1      8.46                      9.43  -0.97     9.48

SNOWFALL (IN)
  TODAY            0.0                                       0.0
  MONTH TO DATE    0.0                                        T
  SINCE JUL 1      0.0                                        T

..................................................................


WIND (MPH)
  HIGHEST WIND SPEED    12   HIGHEST WIND DIRECTION     W (290)
  HIGHEST GUST SPEED    15   HIGHEST GUST DIRECTION     W (270)


SKY COVER
  AVERAGE SKY COVER 0.4


WEATHER CONDITIONS
 THE FOLLOWING WEATHER WAS RECORDED TODAY.
  NO SIGNIFICANT WEATHER WAS OBSERVED.


RELATIVE HUMIDITY (PERCENT)
 HIGHEST    92           500 AM
 LOWEST     46           300 PM

..........................................................


THE EL PASO CLIMATE NORMALS FOR TOMORROW
                         NORMAL    RECORD    YEAR
 MAXIMUM TEMPERATURE (F)   56        74      1981
 MINIMUM TEMPERATURE (F)   32        10      1909


SUNRISE AND SUNSET
DECEMBER 19 2014......SUNRISE   701 AM MST   SUNSET   505 PM MST
DECEMBER 20 2014......SUNRISE   701 AM MST   SUNSET   505 PM MST


-  INDICATES NEGATIVE NUMBERS.
R  INDICATES RECORD WAS SET OR TIED.
MM INDICATES DATA IS MISSING.
T  INDICATES TRACE AMOUNT.




$$
