000
CDUS44 KEPZ 030928
CLIELP


CLIMATE REPORT
NATIONAL WEATHER SERVICE EL PASO, TX
326 AM MDT MON AUG 3 2015


...................................

...THE EL PASO CLIMATE SUMMARY FOR AUGUST 2 2015...

CLIMATE NORMAL PERIOD 1981 TO 2010
CLIMATE RECORD PERIOD 1879 TO 2015


WEATHER ITEM   OBSERVED TIME   RECORD YEAR NORMAL DEPARTURE LAST
                VALUE   (LST)  VALUE       VALUE  FROM      YEAR
                                                  NORMAL
..................................................................
TEMPERATURE (F)
 YESTERDAY
  MAXIMUM         96    444 PM 108    1980  93      3       80
  MINIMUM         71    741 PM  58    1925  71      0       64
  AVERAGE         84                        82      2       72

PRECIPITATION (IN)
  YESTERDAY        0.30          1.00 1928   0.08   0.22     0.37
  MONTH TO DATE    0.30                      0.15   0.15     0.53
  SINCE JUN 1      3.36                      2.64   0.72     1.23
  SINCE JAN 1      5.90                      4.46   1.44     1.87

SNOWFALL (IN)
  YESTERDAY        0.0                                       0.0
  MONTH TO DATE    0.0                                       0.0
  SINCE JUN 1      0.0                                       0.0
  SINCE JUL 1      0.0                                       0.0
  SNOW DEPTH       0

DEGREE DAYS
 HEATING
  YESTERDAY        0                         0      0        0
  MONTH TO DATE    0                         0      0        0
  SINCE JUN 1      0                         0      0        0
  SINCE JUL 1      0                         0      0        0

 COOLING
  YESTERDAY       19                        17      2        7
  MONTH TO DATE   40                        34      6       14
  SINCE JUN 1   1244                      1088    156     1329
  SINCE JAN 1   1615                      1465    150     1756
..................................................................


WIND (MPH)
  HIGHEST WIND SPEED    29   HIGHEST WIND DIRECTION     S (190)
  HIGHEST GUST SPEED    36   HIGHEST GUST DIRECTION    SW (220)
  AVERAGE WIND SPEED     6.9


SKY COVER
  POSSIBLE SUNSHINE  MM
  AVERAGE SKY COVER 0.6


WEATHER CONDITIONS
 THE FOLLOWING WEATHER WAS RECORDED YESTERDAY.
  THUNDERSTORM
  LIGHT RAIN


RELATIVE HUMIDITY (PERCENT)
 HIGHEST    79          1000 PM
 LOWEST     24           400 PM
 AVERAGE    52

..........................................................


THE EL PASO CLIMATE NORMALS FOR TODAY
                         NORMAL    RECORD    YEAR
 MAXIMUM TEMPERATURE (F)   93       105      1980
 MINIMUM TEMPERATURE (F)   71        57      1880


SUNRISE AND SUNSET
AUGUST  3 2015........SUNRISE   623 AM MDT   SUNSET   801 PM MDT
AUGUST  4 2015........SUNRISE   623 AM MDT   SUNSET   800 PM MDT


-  INDICATES NEGATIVE NUMBERS.
R  INDICATES RECORD WAS SET OR TIED.
MM INDICATES DATA IS MISSING.
T  INDICATES TRACE AMOUNT.




$$
