000
CDUS44 KEPZ 260926
CLIELP


CLIMATE REPORT
NATIONAL WEATHER SERVICE EL PASO, TX
326 AM MDT MON SEP 26 2016


...................................

...THE EL PASO CLIMATE SUMMARY FOR SEPTEMBER 25 2016...

CLIMATE NORMAL PERIOD 1981 TO 2010
CLIMATE RECORD PERIOD 1879 TO 2016


WEATHER ITEM   OBSERVED TIME   RECORD YEAR NORMAL DEPARTURE LAST
                VALUE   (LST)  VALUE       VALUE  FROM      YEAR
                                                  NORMAL
..................................................................
TEMPERATURE (F)
 YESTERDAY
  MAXIMUM         80   1144 AM  96    1977  85     -5       84
  MINIMUM         62   1138 PM  45    1889  60      2       68
  AVERAGE         71                        72     -1       76

PRECIPITATION (IN)
  YESTERDAY        T             0.82 1978   0.04  -0.04     0.00
  MONTH TO DATE    1.16                      1.32  -0.16     0.33
  SINCE SEP 1      1.16                      1.32  -0.16     0.33
  SINCE JAN 1      7.13                      7.64  -0.51     7.48

SNOWFALL (IN)
  YESTERDAY        0.0                                       0.0
  MONTH TO DATE    0.0                                       0.0
  SINCE SEP 1      0.0                                       0.0
  SINCE JUL 1      T                                         0.0
  SNOW DEPTH       0

DEGREE DAYS
 HEATING
  YESTERDAY        0                         0      0        0
  MONTH TO DATE    0                         0      0        0
  SINCE SEP 1      0                         0      0        0
  SINCE JUL 1      0                         0      0        0

 COOLING
  YESTERDAY        6                         8     -2       11
  MONTH TO DATE  340                       283     57      412
  SINCE SEP 1    340                       283     57      412
  SINCE JAN 1   2564                      2212    352     2629
..................................................................


WIND (MPH)
  HIGHEST WIND SPEED    24   HIGHEST WIND DIRECTION     E (70)
  HIGHEST GUST SPEED    31   HIGHEST GUST DIRECTION     E (80)
  AVERAGE WIND SPEED    14.0


SKY COVER
  POSSIBLE SUNSHINE  MM
  AVERAGE SKY COVER 0.7


WEATHER CONDITIONS
 THE FOLLOWING WEATHER WAS RECORDED YESTERDAY.
  LIGHT RAIN


RELATIVE HUMIDITY (PERCENT)
 HIGHEST    45           900 PM
 LOWEST     20          1100 AM
 AVERAGE    33

..........................................................


THE EL PASO CLIMATE NORMALS FOR TODAY
                         NORMAL    RECORD    YEAR
 MAXIMUM TEMPERATURE (F)   85        97      2005
                                             1982
                                             1977
 MINIMUM TEMPERATURE (F)   60        42      1889


SUNRISE AND SUNSET
SEPTEMBER 26 2016.....SUNRISE   657 AM MDT   SUNSET   656 PM MDT
SEPTEMBER 27 2016.....SUNRISE   657 AM MDT   SUNSET   655 PM MDT


-  INDICATES NEGATIVE NUMBERS.
R  INDICATES RECORD WAS SET OR TIED.
MM INDICATES DATA IS MISSING.
T  INDICATES TRACE AMOUNT.




$$
