000
CDUS45 KLKN 250948
CLIELY


CLIMATE REPORT
NATIONAL WEATHER SERVICE ELKO NV
247 AM PDT TUE JUL 25 2017


...................................

...THE ELY AIRPORT NV CLIMATE SUMMARY FOR JULY 24 2017...

CLIMATE NORMAL PERIOD 1981 TO 2010
CLIMATE RECORD PERIOD 1893 TO 2017


WEATHER ITEM   OBSERVED TIME   RECORD YEAR NORMAL DEPARTURE LAST
                VALUE   (LST)  VALUE       VALUE  FROM      YEAR
                                                  NORMAL
..................................................................
TEMPERATURE (F)
 YESTERDAY
  MAXIMUM         MM        MM  96    1899  89     MM       94
  MINIMUM         MM        MM  32    1993  49     MM       42
  AVERAGE         MM                        69     MM       68

PRECIPITATION (IN)
  YESTERDAY        T             1.20 1952   0.03  -0.03     0.00
  MONTH TO DATE    0.24                      0.45  -0.21     0.05
  SINCE OCT 1      8.21                      7.84   0.37    12.93
  SINCE JAN 1      6.43                      5.55   0.88     8.57

SNOWFALL (IN)
  YESTERDAY        0.0           0.0  1893   0.0    0.0      0.0
  MONTH TO DATE    0.0                       0.0    0.0      0.0
  SINCE JUN 1      T                         0.1   -0.1      0.0
  SINCE JUL 1      0.0                       0.0    0.0      0.0
  SNOW DEPTH       0

DEGREE DAYS
 HEATING
  YESTERDAY       MM                         0     MM        0
  MONTH TO DATE    0                        20    -20       17
  SINCE JUN 1     72                       195   -123       78
  SINCE JUL 1      0                        20    -20       17

 COOLING
  YESTERDAY       MM                         4     MM        3
  MONTH TO DATE  168                        82     86       77
  SINCE JUN 1    230                       105    125      132
  SINCE JAN 1    230                       106    124      132
..................................................................


WIND (MPH)
  HIGHEST WIND SPEED    MM   HIGHEST WIND DIRECTION    MM
  HIGHEST GUST SPEED    MM   HIGHEST GUST DIRECTION    MM
  AVERAGE WIND SPEED    MM



WEATHER CONDITIONS
 THE FOLLOWING WEATHER WAS RECORDED YESTERDAY.
  THUNDERSTORM
  LIGHT RAIN


RELATIVE HUMIDITY (PERCENT)
 HIGHEST    MM
 LOWEST     MM
 AVERAGE    MM

..........................................................


THE ELY AIRPORT NV CLIMATE NORMALS FOR TODAY
                         NORMAL    RECORD    YEAR
 MAXIMUM TEMPERATURE (F)   89        96      1980
 MINIMUM TEMPERATURE (F)   49        38      1999


SUNRISE AND SUNSET
JULY 25 2017..........SUNRISE   534 AM PDT   SUNSET   758 PM PDT
JULY 26 2017..........SUNRISE   534 AM PDT   SUNSET   757 PM PDT


-  INDICATES NEGATIVE NUMBERS.
R  INDICATES RECORD WAS SET OR TIED.
MM INDICATES DATA IS MISSING.
T  INDICATES TRACE AMOUNT.




$$
