000
CDUS45 KLKN 300929
CLIELY


CLIMATE REPORT
NATIONAL WEATHER SERVICE ELKO NV
229 AM PDT TUE JUN 30 2015


...................................

...THE ELY AIRPORT NV CLIMATE SUMMARY FOR JUNE 29 2015...

CLIMATE NORMAL PERIOD 1981 TO 2010
CLIMATE RECORD PERIOD 1893 TO 2015


WEATHER ITEM   OBSERVED TIME   RECORD YEAR NORMAL DEPARTURE LAST
                VALUE   (LST)  VALUE       VALUE  FROM      YEAR
                                                  NORMAL
..................................................................
TEMPERATURE (F)
 YESTERDAY
  MAXIMUM         96   1244 PM  99    2013  84     12       92
  MINIMUM         58    447 AM  31    1968  45     13       42
  AVERAGE         77                        65     12       67

PRECIPITATION (IN)
  YESTERDAY        T             0.13 1984   0.01  -0.01     0.00
  MONTH TO DATE    0.45                      0.66  -0.21     0.18
  SINCE OCT 1      4.95                      7.38  -2.43     7.03
  SINCE JAN 1      3.78                      5.09  -1.31     4.35

SNOWFALL (IN)
  YESTERDAY        0.0           0.0  1893   0.0    0.0      0.0
  MONTH TO DATE    0.0                       0.1   -0.1       T
  SINCE JUN 1      0.0                       0.1   -0.1       T
  SINCE JUL 1     19.7                      50.8  -31.1     51.8
  SNOW DEPTH       0

DEGREE DAYS
 HEATING
  YESTERDAY        0                         2     -2        0
  MONTH TO DATE   55                       173   -118      140
  SINCE JUN 1     55                       173   -118      140
  SINCE JUL 1   6093                      7520  -1427     7016

 COOLING
  YESTERDAY       12                         2     10        2
  MONTH TO DATE   95                        20     75       16
  SINCE JUN 1     95                        20     75       16
  SINCE JAN 1     98                        21     77       18
..................................................................


WIND (MPH)
  HIGHEST WIND SPEED    23   HIGHEST WIND DIRECTION     E (90)
  HIGHEST GUST SPEED    34   HIGHEST GUST DIRECTION     E (90)
  AVERAGE WIND SPEED     8.4



WEATHER CONDITIONS
 THE FOLLOWING WEATHER WAS RECORDED YESTERDAY.
  THUNDERSTORM


RELATIVE HUMIDITY (PERCENT)
 HIGHEST    39           400 AM
 LOWEST     11          1200 PM
 AVERAGE    25

..........................................................


THE ELY AIRPORT NV CLIMATE NORMALS FOR TODAY
                         NORMAL    RECORD    YEAR
 MAXIMUM TEMPERATURE (F)   85        97      2013
 MINIMUM TEMPERATURE (F)   45        23      1968


SUNRISE AND SUNSET
JUNE 30 2015..........SUNRISE   516 AM PDT   SUNSET   810 PM PDT
JULY  1 2015..........SUNRISE   516 AM PDT   SUNSET   810 PM PDT


-  INDICATES NEGATIVE NUMBERS.
R  INDICATES RECORD WAS SET OR TIED.
MM INDICATES DATA IS MISSING.
T  INDICATES TRACE AMOUNT.




$$
