000
CDUS45 KLKN 260028
CLIELY


CLIMATE REPORT
NATIONAL WEATHER SERVICE ELKO NV
526 PM PDT FRI JUL 25 2014


...................................

...THE ELY AIRPORT NV CLIMATE SUMMARY FOR JULY 25 2014...
VALID TODAY AS OF 0500 PM LOCAL TIME.

CLIMATE NORMAL PERIOD 1981 TO 2010
CLIMATE RECORD PERIOD 1893 TO 2014


WEATHER ITEM   OBSERVED TIME   RECORD YEAR NORMAL DEPARTURE LAST
                VALUE   (LST)  VALUE       VALUE  FROM      YEAR
                                                  NORMAL
..................................................................
TEMPERATURE (F)
 TODAY
  MAXIMUM         95    244 PM  96    1980  89      6       92
  MINIMUM         45    506 AM  38    1999  49     -4       48
  AVERAGE         70                        69      1       70

PRECIPITATION (IN)
  TODAY            0.00          0.60 1910   0.02  -0.02     0.00
  MONTH TO DATE    0.16                      0.47  -0.31     0.11
  SINCE OCT 1      7.19                      7.86  -0.67     6.32
  SINCE JAN 1      4.51                      5.57  -1.06     3.22

SNOWFALL (IN)
  TODAY            0.0           0.0  1893   0.0    0.0      0.0
  MONTH TO DATE    0.0                       0.0    0.0      0.0
  SINCE JUN 1      T                         0.1   -0.1      0.0
  SINCE JUL 1      0.0                       0.0    0.0      0.0
  SNOW DEPTH       0

DEGREE DAYS
 HEATING
  TODAY            0                         0      0        0
  MONTH TO DATE    0                        20    -20        0
  SINCE JUN 1    140                       195    -55       95
  SINCE JUL 1      0                        20    -20        0

 COOLING
  TODAY            5                         4      1        5
  MONTH TO DATE  179                        86     93      185
  SINCE JUN 1    198                       109     89      242
  SINCE JAN 1    200                       110     90      242
..................................................................


WIND (MPH)
  HIGHEST WIND SPEED    29   HIGHEST WIND DIRECTION    SW (230)
  HIGHEST GUST SPEED    40   HIGHEST GUST DIRECTION     S (200)



WEATHER CONDITIONS
 THE FOLLOWING WEATHER WAS RECORDED TODAY.
  NO SIGNIFICANT WEATHER WAS OBSERVED.


RELATIVE HUMIDITY (PERCENT)
 HIGHEST    45           500 AM
 LOWEST      6           100 PM
 AVERAGE    26

..........................................................


THE ELY AIRPORT NV CLIMATE NORMALS FOR TOMORROW
                         NORMAL    RECORD    YEAR
 MAXIMUM TEMPERATURE (F)   88        96      1943
 MINIMUM TEMPERATURE (F)   49        40      2005
                                             1990
                                             1944


SUNRISE AND SUNSET
JULY 25 2014..........SUNRISE   533 AM PDT   SUNSET   758 PM PDT
JULY 26 2014..........SUNRISE   534 AM PDT   SUNSET   757 PM PDT


-  INDICATES NEGATIVE NUMBERS.
R  INDICATES RECORD WAS SET OR TIED.
MM INDICATES DATA IS MISSING.
T  INDICATES TRACE AMOUNT.




$$
