000
CDUS45 KLKN 250929
CLIELY


CLIMATE REPORT
NATIONAL WEATHER SERVICE ELKO NV
226 AM PDT THU AUG 25 2016


...................................

...THE ELY AIRPORT NV CLIMATE SUMMARY FOR AUGUST 24 2016...

CLIMATE NORMAL PERIOD 1981 TO 2010
CLIMATE RECORD PERIOD 1893 TO 2016


WEATHER ITEM   OBSERVED TIME   RECORD YEAR NORMAL DEPARTURE LAST
                VALUE   (LST)  VALUE       VALUE  FROM      YEAR
                                                  NORMAL
..................................................................
TEMPERATURE (F)
 YESTERDAY
  MAXIMUM         83    348 PM  95    2011  84     -1       91
  MINIMUM         42   1143 PM  29    1992  46     -4       47
  AVERAGE         63                        65     -2       69

PRECIPITATION (IN)
  YESTERDAY        0.00          0.10 1999   0.02  -0.02     0.00
                                      1898
  MONTH TO DATE    0.33                      0.71  -0.38     0.21
  SINCE OCT 1     13.38                      8.74   4.64     5.83
  SINCE JAN 1      9.02                      6.45   2.57     4.66

SNOWFALL (IN)
  YESTERDAY        0.0           0.0  1893   0.0    0.0      0.0
  MONTH TO DATE    0.0                       0.0    0.0      0.0
  SINCE JUN 1      0.0                       0.1   -0.1      0.0
  SINCE JUL 1      0.0                       0.0    0.0      0.0
  SNOW DEPTH       0

DEGREE DAYS
 HEATING
  YESTERDAY        2                         2      0        0
  MONTH TO DATE    9                        23    -14       12
  SINCE JUN 1     87                       221   -134       86
  SINCE JUL 1     26                        46    -20       31

 COOLING
  YESTERDAY        0                         2     -2        4
  MONTH TO DATE   62                        69     -7       96
  SINCE JUN 1    246                       203     43      282
  SINCE JAN 1    246                       204     42      285
..................................................................


WIND (MPH)
  HIGHEST WIND SPEED    20   HIGHEST WIND DIRECTION    NW (330)
  HIGHEST GUST SPEED    25   HIGHEST GUST DIRECTION    NW (300)
  AVERAGE WIND SPEED     6.8



WEATHER CONDITIONS
 THE FOLLOWING WEATHER WAS RECORDED YESTERDAY.
  NO SIGNIFICANT WEATHER WAS OBSERVED.


RELATIVE HUMIDITY (PERCENT)
 HIGHEST    70           400 AM
 LOWEST      8           300 PM
 AVERAGE    39

..........................................................


THE ELY AIRPORT NV CLIMATE NORMALS FOR TODAY
                         NORMAL    RECORD    YEAR
 MAXIMUM TEMPERATURE (F)   84        94      2011
                                             1985
 MINIMUM TEMPERATURE (F)   45        27      1960


SUNRISE AND SUNSET
AUGUST 25 2016........SUNRISE   602 AM PDT   SUNSET   720 PM PDT
AUGUST 26 2016........SUNRISE   603 AM PDT   SUNSET   718 PM PDT


-  INDICATES NEGATIVE NUMBERS.
R  INDICATES RECORD WAS SET OR TIED.
MM INDICATES DATA IS MISSING.
T  INDICATES TRACE AMOUNT.




$$
