000
CDUS45 KLKN 250931
CLIELY


CLIMATE REPORT
NATIONAL WEATHER SERVICE ELKO NV
229 AM PDT THU MAY 25 2017


...................................

...THE ELY AIRPORT NV CLIMATE SUMMARY FOR MAY 24 2017...

CLIMATE NORMAL PERIOD 1981 TO 2010
CLIMATE RECORD PERIOD 1893 TO 2017


WEATHER ITEM   OBSERVED TIME   RECORD YEAR NORMAL DEPARTURE LAST
                VALUE   (LST)  VALUE       VALUE  FROM      YEAR
                                                  NORMAL
..................................................................
TEMPERATURE (F)
 YESTERDAY
  MAXIMUM         83    206 PM  87    2001  71     12       56
  MINIMUM         38    431 AM  20    1978  35      3       32
  AVERAGE         61                        53      8       44

PRECIPITATION (IN)
  YESTERDAY        0.01          0.76 1995   0.04  -0.03     0.04
  MONTH TO DATE    0.28                      0.86  -0.58     0.50
  SINCE OCT 1      7.95                      6.48   1.47    11.29
  SINCE JAN 1      6.17                      4.19   1.98     6.93

SNOWFALL (IN)
  YESTERDAY       MM             4.2  1980   0.1   MM        0.0
  MONTH TO DATE    1.2                       2.2   -1.0       T
  SINCE MAR 1     18.4                      15.7    2.7     21.1
  SINCE JUL 1     68.0                      50.6   17.4    100.4
  SNOW DEPTH       0

DEGREE DAYS
 HEATING
  YESTERDAY        4                        12     -8       21
  MONTH TO DATE  349                       365    -16      378
  SINCE MAR 1   1761                      1931   -170     1794
  SINCE JUL 1   6722                      7268   -546     7168

 COOLING
  YESTERDAY        0                         0      0        0
  MONTH TO DATE    0                         0      0        0
  SINCE MAR 1      0                         0      0        0
  SINCE JAN 1      0                         0      0        0
..................................................................


WIND (MPH)
  HIGHEST WIND SPEED    37   HIGHEST WIND DIRECTION     W (260)
  HIGHEST GUST SPEED    51   HIGHEST GUST DIRECTION     W (270)
  AVERAGE WIND SPEED    10.7



WEATHER CONDITIONS
 THE FOLLOWING WEATHER WAS RECORDED YESTERDAY.
  THUNDERSTORM


RELATIVE HUMIDITY (PERCENT)
 HIGHEST    64           400 AM
 LOWEST     12           200 PM
 AVERAGE    38

..........................................................


THE ELY AIRPORT NV CLIMATE NORMALS FOR TODAY
                         NORMAL    RECORD    YEAR
 MAXIMUM TEMPERATURE (F)   71        88      2001
 MINIMUM TEMPERATURE (F)   35        22      1899


SUNRISE AND SUNSET
MAY 25 2017...........SUNRISE   518 AM PDT   SUNSET   755 PM PDT
MAY 26 2017...........SUNRISE   518 AM PDT   SUNSET   756 PM PDT


-  INDICATES NEGATIVE NUMBERS.
R  INDICATES RECORD WAS SET OR TIED.
MM INDICATES DATA IS MISSING.
T  INDICATES TRACE AMOUNT.




$$
