000
CDUS45 KLKN 080942
CLIELY


CLIMATE REPORT
NATIONAL WEATHER SERVICE ELKO NV
138 AM PST THU DEC 8 2016


...................................

...THE ELY AIRPORT NV CLIMATE SUMMARY FOR DECEMBER 7 2016...

CLIMATE NORMAL PERIOD 1981 TO 2010
CLIMATE RECORD PERIOD 1893 TO 2016


WEATHER ITEM   OBSERVED TIME   RECORD YEAR NORMAL DEPARTURE LAST
                VALUE   (LST)  VALUE       VALUE  FROM      YEAR
                                                  NORMAL
..................................................................
TEMPERATURE (F)
 YESTERDAY
  MAXIMUM         28    257 PM  63    1981  40    -12       51
  MINIMUM          1    634 AM -21    1951  12    -11       21
  AVERAGE         15                        26    -11       36

PRECIPITATION (IN)
  YESTERDAY        T             0.43 2007   0.01  -0.01     0.00
  MONTH TO DATE    T                         0.11  -0.11     0.00
  SINCE OCT 1      0.61                      1.81  -1.20     3.15
  SINCE JAN 1     10.33                      9.28   1.05     8.65

SNOWFALL (IN)
  YESTERDAY        T             3.5  2007   0.2   -0.2      0.0
  MONTH TO DATE    T                         1.4   -1.4      0.0
  SINCE DEC 1      T                         1.4   -1.4      0.0
  SINCE JUL 1      5.9                      10.9   -5.0     17.7
  SNOW DEPTH       0

DEGREE DAYS
 HEATING
  YESTERDAY       50                        39     11       29
  MONTH TO DATE  295                       268     27      246
  SINCE DEC 1    295                       268     27      246
  SINCE JUL 1   1848                      2136   -288     1875

 COOLING
  YESTERDAY        0                         0      0        0
  MONTH TO DATE    0                         0      0        0
  SINCE DEC 1      0                         0      0        0
  SINCE JAN 1    267                       218     49      329
..................................................................


WIND (MPH)
  HIGHEST WIND SPEED    12   HIGHEST WIND DIRECTION     S (180)
  HIGHEST GUST SPEED    14   HIGHEST GUST DIRECTION     S (170)
  AVERAGE WIND SPEED     5.3



WEATHER CONDITIONS
 THE FOLLOWING WEATHER WAS RECORDED YESTERDAY.
  LIGHT SNOW


RELATIVE HUMIDITY (PERCENT)
 HIGHEST    87           300 AM
 LOWEST     31           200 PM
 AVERAGE    59

..........................................................


THE ELY AIRPORT NV CLIMATE NORMALS FOR TODAY
                         NORMAL    RECORD    YEAR
 MAXIMUM TEMPERATURE (F)   40        64      1940
 MINIMUM TEMPERATURE (F)   12       -19      1951


SUNRISE AND SUNSET
DECEMBER  8 2016......SUNRISE   647 AM PST   SUNSET   416 PM PST
DECEMBER  9 2016......SUNRISE   648 AM PST   SUNSET   416 PM PST


-  INDICATES NEGATIVE NUMBERS.
R  INDICATES RECORD WAS SET OR TIED.
MM INDICATES DATA IS MISSING.
T  INDICATES TRACE AMOUNT.




$$
