000
CDUS43 KTOP 030637
CLIEMP


CLIMATE REPORT
NATIONAL WEATHER SERVICE TOPEKA KS
1237 AM CST TUE MAR 3 2015


...................................

...THE EMPORIA KS CLIMATE SUMMARY FOR MARCH 2 2015...

CLIMATE NORMAL PERIOD 1981 TO 2010
CLIMATE RECORD PERIOD 9999 TO 9999


WEATHER ITEM   OBSERVED NORMAL DEPARTURE LAST
                VALUE   VALUE  FROM      YEAR
                               NORMAL
...............................................
TEMPERATURE (F)
 YESTERDAY
  MAXIMUM         35     52    -17        8
  MINIMUM         18     29    -11        3
  AVERAGE         27     40    -13        6

PRECIPITATION (IN)
  YESTERDAY        T      0.07  -0.07     0.08
  MONTH TO DATE    0.04   0.15  -0.11     0.09
  SINCE MAR 1      0.04   0.15  -0.11     0.09
  SINCE JAN 1      1.44   2.01  -0.57     0.58

DEGREE DAYS
 HEATING
  YESTERDAY       38     25     13       59
  MONTH TO DATE   76     50     26      104
  SINCE MAR 1     76     50     26      104
  SINCE JUL 1   4077   3872    205     4429

 COOLING
  YESTERDAY        0      0      0        0
  MONTH TO DATE    0      0      0        0
  SINCE MAR 1      0      0      0        0
  SINCE JAN 1      0      0      0        0
...............................................


WIND (MPH)
  HIGHEST WIND SPEED    21   HIGHEST WIND DIRECTION    SE (120)
  HIGHEST GUST SPEED    26   HIGHEST GUST DIRECTION    SE (120)
  AVERAGE WIND SPEED     9.1


SKY COVER
  AVERAGE SKY COVER 0.3


WEATHER CONDITIONS
 THE FOLLOWING WEATHER WAS RECORDED YESTERDAY.
  FOG
  HAZE


RELATIVE HUMIDITY (PERCENT)
 HIGHEST   100
 LOWEST     52
 AVERAGE    76

..........................................................


THE EMPORIA KS CLIMATE NORMALS FOR TODAY
                         NORMAL
 MAXIMUM TEMPERATURE (F)   52
 MINIMUM TEMPERATURE (F)   29


SUNRISE AND SUNSET
MARCH  3 2015.........SUNRISE   654 AM CST   SUNSET   620 PM CST
MARCH  4 2015.........SUNRISE   653 AM CST   SUNSET   621 PM CST


-  INDICATES NEGATIVE NUMBERS.
R  INDICATES RECORD WAS SET OR TIED.
MM INDICATES DATA IS MISSING.
T  INDICATES TRACE AMOUNT.




$$
