000
CDUS43 KTOP 292133
CLIEMP


CLIMATE REPORT
NATIONAL WEATHER SERVICE TOPEKA KS
433 PM CDT WED MAR 29 2017


...................................

...THE EMPORIA KS CLIMATE SUMMARY FOR MARCH 29 2017...
VALID TODAY AS OF 0400 PM LOCAL TIME.

CLIMATE NORMAL PERIOD 1981 TO 2010
CLIMATE RECORD PERIOD 9999 TO 9999


WEATHER ITEM   OBSERVED NORMAL DEPARTURE LAST
                VALUE   VALUE  FROM      YEAR
                               NORMAL
...............................................
TEMPERATURE (F)
 TODAY
  MAXIMUM         68     63      5       70
  MINIMUM         50     38     12       40
  AVERAGE         59     50      9       55

PRECIPITATION (IN)
  TODAY            1.53   0.08   1.45     0.00
  MONTH TO DATE    4.12   2.37   1.75     1.53
  SINCE MAR 1      4.12   2.37   1.75     1.53
  SINCE JAN 1      5.86   4.23   1.63     2.70

DEGREE DAYS
 HEATING
  TODAY            6     15     -9       10
  MONTH TO DATE  439    579   -140      427
  SINCE MAR 1    439    579   -140      427
  SINCE JUL 1   3530   4401   -871     3540

 COOLING
  TODAY            0      0      0        0
  MONTH TO DATE   12      0     12        1
  SINCE MAR 1     12      0     12        1
  SINCE JAN 1     12      0     12        1
...............................................


WIND (MPH)
  HIGHEST WIND SPEED    28   HIGHEST WIND DIRECTION     S (190)
  HIGHEST GUST SPEED    35   HIGHEST GUST DIRECTION    NE (40)
  AVERAGE WIND SPEED    18.7



WEATHER CONDITIONS
 THE FOLLOWING WEATHER WAS RECORDED TODAY.
  THUNDERSTORM
  HEAVY RAIN
  RAIN
  LIGHT RAIN
  FOG


RELATIVE HUMIDITY (PERCENT)
 HIGHEST   100
 LOWEST     73
 AVERAGE    87

..........................................................


THE EMPORIA KS CLIMATE NORMALS FOR TOMORROW
                         NORMAL
 MAXIMUM TEMPERATURE (F)   63
 MINIMUM TEMPERATURE (F)   38


SUNRISE AND SUNSET
MARCH 29 2017.........SUNRISE   714 AM CDT   SUNSET   746 PM CDT
MARCH 30 2017.........SUNRISE   712 AM CDT   SUNSET   746 PM CDT


-  INDICATES NEGATIVE NUMBERS.
R  INDICATES RECORD WAS SET OR TIED.
MM INDICATES DATA IS MISSING.
T  INDICATES TRACE AMOUNT.




$$
