000
CDUS43 KTOP 290639
CLIEMP


CLIMATE REPORT
NATIONAL WEATHER SERVICE TOPEKA KS
138 AM CDT THU JUN 29 2017


...................................

...THE EMPORIA KS CLIMATE SUMMARY FOR JUNE 28 2017...

CLIMATE NORMAL PERIOD 1981 TO 2010
CLIMATE RECORD PERIOD 9999 TO 9999


WEATHER ITEM   OBSERVED NORMAL DEPARTURE LAST
                VALUE   VALUE  FROM      YEAR
                               NORMAL
...............................................
TEMPERATURE (F)
 YESTERDAY
  MAXIMUM         90     87      3       88
  MINIMUM         71     66      5       67
  AVERAGE         81     77      4       78

PRECIPITATION (IN)
  YESTERDAY        0.00   0.15  -0.15     0.04
  MONTH TO DATE    2.29   5.58  -3.29     1.26
  SINCE JUN 1      2.29   5.58  -3.29     1.26
  SINCE JAN 1     17.78  18.26  -0.48    16.99

DEGREE DAYS
 HEATING
  YESTERDAY        0      0      0        0
  MONTH TO DATE    0      5     -5        0
  SINCE JUN 1      0      5     -5        0
  SINCE JUL 1   3916   4816   -900     3902

 COOLING
  YESTERDAY       16     12      4       13
  MONTH TO DATE  261    240     21      373
  SINCE JUN 1    261    240     21      373
  SINCE JAN 1    393    359     34      449
...............................................


WIND (MPH)
  HIGHEST WIND SPEED    33   HIGHEST WIND DIRECTION     S (190)
  HIGHEST GUST SPEED    41   HIGHEST GUST DIRECTION     S (190)
  AVERAGE WIND SPEED    20.2


SKY COVER
  AVERAGE SKY COVER 0.1


WEATHER CONDITIONS
 THE FOLLOWING WEATHER WAS RECORDED YESTERDAY.
  NO SIGNIFICANT WEATHER WAS OBSERVED.


RELATIVE HUMIDITY (PERCENT)
 HIGHEST    84
 LOWEST     52
 AVERAGE    68

..........................................................


THE EMPORIA KS CLIMATE NORMALS FOR TODAY
                         NORMAL
 MAXIMUM TEMPERATURE (F)   87
 MINIMUM TEMPERATURE (F)   66


SUNRISE AND SUNSET
JUNE 29 2017..........SUNRISE   604 AM CDT   SUNSET   852 PM CDT
JUNE 30 2017..........SUNRISE   605 AM CDT   SUNSET   852 PM CDT


-  INDICATES NEGATIVE NUMBERS.
R  INDICATES RECORD WAS SET OR TIED.
MM INDICATES DATA IS MISSING.
T  INDICATES TRACE AMOUNT.




$$
