000
CDUS43 KTOP 310638
CLIEMP


CLIMATE REPORT
NATIONAL WEATHER SERVICE TOPEKA KS
135 AM CDT SUN AUG 31 2014


...................................

...THE EMPORIA KS CLIMATE SUMMARY FOR AUGUST 30 2014...

CLIMATE NORMAL PERIOD 1981 TO 2010
CLIMATE RECORD PERIOD 9999 TO 9999


WEATHER ITEM   OBSERVED NORMAL DEPARTURE LAST
                VALUE   VALUE  FROM      YEAR
                               NORMAL
...............................................
TEMPERATURE (F)
 YESTERDAY
  MAXIMUM         93     87      6       97
  MINIMUM         64     63      1       69
  AVERAGE         79     75      4       83

PRECIPITATION (IN)
  YESTERDAY        0.00   0.16  -0.16     0.00
  MONTH TO DATE    3.37   3.65  -0.28     4.91
  SINCE JUN 1     11.44  13.76  -2.32    11.52
  SINCE JAN 1     17.05  26.44  -9.39    24.09

DEGREE DAYS
 HEATING
  YESTERDAY        0      0      0        0
  MONTH TO DATE    0      0      0        0
  SINCE JUN 1      6      8     -2       14
  SINCE JUL 1      2      0      2        2

 COOLING
  YESTERDAY       14     10      4       18
  MONTH TO DATE  436    380     56      309
  SINCE JUN 1   1010   1077    -67      996
  SINCE JAN 1   1186   1196    -10     1112
...............................................


WIND (MPH)
  HIGHEST WIND SPEED    10   HIGHEST WIND DIRECTION     S (180)
  HIGHEST GUST SPEED    14   HIGHEST GUST DIRECTION     E (70)
  AVERAGE WIND SPEED     4.0


SKY COVER
  AVERAGE SKY COVER 0.0


WEATHER CONDITIONS
 THE FOLLOWING WEATHER WAS RECORDED YESTERDAY.
  FOG


RELATIVE HUMIDITY (PERCENT)
 HIGHEST   100
 LOWEST     30
 AVERAGE    65

..........................................................


THE EMPORIA KS CLIMATE NORMALS FOR TODAY
                         NORMAL
 MAXIMUM TEMPERATURE (F)   87
 MINIMUM TEMPERATURE (F)   62


SUNRISE AND SUNSET
AUGUST 31 2014........SUNRISE   653 AM CDT   SUNSET   756 PM CDT
SEPTEMBER  1 2014.....SUNRISE   654 AM CDT   SUNSET   755 PM CDT


-  INDICATES NEGATIVE NUMBERS.
R  INDICATES RECORD WAS SET OR TIED.
MM INDICATES DATA IS MISSING.
T  INDICATES TRACE AMOUNT.




$$
