000
CDUS43 KTOP 202136
CLIEMP


CLIMATE REPORT
NATIONAL WEATHER SERVICE TOPEKA KS
435 PM CDT MON OCT 20 2014


...................................

...THE EMPORIA KS CLIMATE SUMMARY FOR OCTOBER 20 2014...
VALID TODAY AS OF 430 PM LOCAL TIME.

CLIMATE NORMAL PERIOD 1981 TO 2010
CLIMATE RECORD PERIOD 9999 TO 9999


WEATHER ITEM   OBSERVED NORMAL DEPARTURE LAST
                VALUE   VALUE  FROM      YEAR
                               NORMAL
...............................................
TEMPERATURE (F)
 TODAY
  MAXIMUM         78     67     11       71
  MINIMUM         48     44      4       45
  AVERAGE         63     56      7       58

PRECIPITATION (IN)
  TODAY            0.00   0.10  -0.10     0.00
  MONTH TO DATE    3.27   1.95   1.32     1.42
  SINCE SEP 1      7.07   5.34   1.73     4.37
  SINCE JAN 1     25.83  31.95  -6.12    28.46

DEGREE DAYS
 HEATING
  TODAY            2     10     -8        7
  MONTH TO DATE  144    146     -2      155
  SINCE SEP 1    190    195     -5      171
  SINCE JUL 1    192    196     -4      173

 COOLING
  TODAY            0      1     -1        0
  MONTH TO DATE   13     28    -15       30
  SINCE SEP 1    159    193    -34      246
  SINCE JAN 1   1362   1401    -39     1375
...............................................


WIND (MPH)
  HIGHEST WIND SPEED    14   HIGHEST WIND DIRECTION     N (20)
  HIGHEST GUST SPEED    18   HIGHEST GUST DIRECTION     N (10)
  AVERAGE WIND SPEED     4.9



WEATHER CONDITIONS
 THE FOLLOWING WEATHER WAS RECORDED TODAY.
  FOG
  FOG W/VISIBILITY <= 1/4 MILE


RELATIVE HUMIDITY (PERCENT)
 HIGHEST   100
 LOWEST     31
 AVERAGE    66

..........................................................


THE EMPORIA KS CLIMATE NORMALS FOR TOMORROW
                         NORMAL
 MAXIMUM TEMPERATURE (F)   67
 MINIMUM TEMPERATURE (F)   44


SUNRISE AND SUNSET
OCTOBER 20 2014.......SUNRISE   739 AM CDT   SUNSET   640 PM CDT
OCTOBER 21 2014.......SUNRISE   740 AM CDT   SUNSET   639 PM CDT


-  INDICATES NEGATIVE NUMBERS.
R  INDICATES RECORD WAS SET OR TIED.
MM INDICATES DATA IS MISSING.
T  INDICATES TRACE AMOUNT.




$$
