000
CDUS46 KOTX 070832
CLIEPH


CLIMATE REPORT
NATIONAL WEATHER SERVICE SPOKANE, WA
131 AM PDT TUE JUL 7 2015


...................................

...THE EPHRATA WA AIRPORT CLIMATE SUMMARY FOR JULY 6 2015...

CLIMATE NORMAL PERIOD 1981 TO 2010
CLIMATE RECORD PERIOD 9999 TO 9999


WEATHER ITEM   OBSERVED TIME   RECORD YEAR NORMAL DEPARTURE LAST
                VALUE   (LST)  VALUE       VALUE  FROM      YEAR
                                                  NORMAL
..................................................................
TEMPERATURE (F)
 YESTERDAY
  MAXIMUM         97    410 PM 107    1975  86     11       95
  MINIMUM         68    426 AM  46    1971  58     10       70
  AVERAGE         83                        72     11       83

PRECIPITATION (IN)
  YESTERDAY        0.00          0.09 1983   0.01  -0.01     0.00
  MONTH TO DATE    0.00                      0.08  -0.08      T
  SINCE OCT 1      6.85                      6.98  -0.13     3.81
  SINCE JAN 1      4.06                      4.15  -0.09     3.06

SNOWFALL (IN)
  YESTERDAY       MM

DEGREE DAYS
 HEATING
  YESTERDAY        0                         0      0        0
  MONTH TO DATE    0                         4     -4        0
  SINCE JUN 1      4                        64    -60       23
  SINCE JUL 1      0                         4     -4        0

 COOLING
  YESTERDAY       18                         8     10       18
  MONTH TO DATE  142                        42    100       81
  SINCE JUN 1    515                       152    363      227
  SINCE JAN 1    600                       189    411      271
..................................................................


WIND (MPH)
  HIGHEST WIND SPEED    22   HIGHEST WIND DIRECTION    NW (310)
  HIGHEST GUST SPEED    28   HIGHEST GUST DIRECTION    NW (310)
  AVERAGE WIND SPEED     9.2


SKY COVER
  POSSIBLE SUNSHINE  MM
  AVERAGE SKY COVER 0.0


WEATHER CONDITIONS
 THE FOLLOWING WEATHER WAS RECORDED YESTERDAY.
  HAZE


RELATIVE HUMIDITY (PERCENT)
 HIGHEST    38           200 AM
 LOWEST     18           500 PM
 AVERAGE    28

..........................................................


THE EPHRATA WA AIRPORT CLIMATE NORMALS FOR TODAY
                         NORMAL    RECORD    YEAR
 MAXIMUM TEMPERATURE (F)   86       103      1968
 MINIMUM TEMPERATURE (F)   59        48      1971


SUNRISE AND SUNSET
JULY  7 2015..........SUNRISE   510 AM PDT   SUNSET   856 PM PDT
JULY  8 2015..........SUNRISE   511 AM PDT   SUNSET   855 PM PDT


-  INDICATES NEGATIVE NUMBERS.
R  INDICATES RECORD WAS SET OR TIED.
MM INDICATES DATA IS MISSING.
T  INDICATES TRACE AMOUNT.




$$
