000
CDUS46 KOTX 280821
CLIEPH


CLIMATE REPORT
NATIONAL WEATHER SERVICE SPOKANE, WA
120 AM PDT THU MAY 28 2015


...................................

...THE EPHRATA WA AIRPORT CLIMATE SUMMARY FOR MAY 27 2015...

CLIMATE NORMAL PERIOD 1981 TO 2010
CLIMATE RECORD PERIOD 9999 TO 9999


WEATHER ITEM   OBSERVED TIME   RECORD YEAR NORMAL DEPARTURE LAST
                VALUE   (LST)  VALUE       VALUE  FROM      YEAR
                                                  NORMAL
..................................................................
TEMPERATURE (F)
 YESTERDAY
  MAXIMUM         81    415 PM  95    1958  75      6       74
  MINIMUM         52    459 AM  35    2011  50      2       49
  AVERAGE         67                        62      5       62

PRECIPITATION (IN)
  YESTERDAY        0.00          0.47 1980   0.03  -0.03     0.00
                                      1980
                                      2010
  MONTH TO DATE    1.18                      0.54   0.64     0.09
  SINCE OCT 1      6.85                      6.18   0.67     3.55
  SINCE JAN 1      4.06                      3.35   0.71     2.80

SNOWFALL (IN)
  YESTERDAY       MM

DEGREE DAYS
 HEATING
  YESTERDAY        0                         4     -4        3
  MONTH TO DATE   75                       196   -121      100
  SINCE MAR 1    984                      1320   -336     1141
  SINCE JUL 1   4678                      5893  -1215     5723

 COOLING
  YESTERDAY        2                         2      0        0
  MONTH TO DATE   47                        28     19       37
  SINCE MAR 1     47                        30     17       37
  SINCE JAN 1     47                        30     17       37
..................................................................


WIND (MPH)
  HIGHEST WIND SPEED    10   HIGHEST WIND DIRECTION     S (190)
  HIGHEST GUST SPEED    15   HIGHEST GUST DIRECTION     S (200)
  AVERAGE WIND SPEED     4.7


SKY COVER
  POSSIBLE SUNSHINE  MM
  AVERAGE SKY COVER 0.2


WEATHER CONDITIONS
 THE FOLLOWING WEATHER WAS RECORDED YESTERDAY.
  NO SIGNIFICANT WEATHER WAS OBSERVED.


RELATIVE HUMIDITY (PERCENT)
 HIGHEST    96           500 AM
 LOWEST     30           400 PM
 AVERAGE    63

..........................................................


THE EPHRATA WA AIRPORT CLIMATE NORMALS FOR TODAY
                         NORMAL    RECORD    YEAR
 MAXIMUM TEMPERATURE (F)   76        95      2005
 MINIMUM TEMPERATURE (F)   50        35      2011


SUNRISE AND SUNSET
MAY 28 2015...........SUNRISE   509 AM PDT   SUNSET   843 PM PDT
MAY 29 2015...........SUNRISE   508 AM PDT   SUNSET   844 PM PDT


-  INDICATES NEGATIVE NUMBERS.
R  INDICATES RECORD WAS SET OR TIED.
MM INDICATES DATA IS MISSING.
T  INDICATES TRACE AMOUNT.




$$
