000
CDUS46 KOTX 180833
CLIEPH


CLIMATE REPORT
NATIONAL WEATHER SERVICE SPOKANE, WA
1232 AM PST SUN FEB 18 2018


...................................

...THE EPHRATA WA AIRPORT CLIMATE SUMMARY FOR FEBRUARY 17 2018...

CLIMATE NORMAL PERIOD 1981 TO 2010
CLIMATE RECORD PERIOD 9999 TO 9999


WEATHER ITEM   OBSERVED TIME   RECORD YEAR NORMAL DEPARTURE LAST
                VALUE   (LST)  VALUE       VALUE  FROM      YEAR
                                                  NORMAL
..................................................................
TEMPERATURE (F)
 YESTERDAY
  MAXIMUM         53    158 PM  62    1977  43     10       38
  MINIMUM         29   1133 PM   3    1956  26      3       32
  AVERAGE         41                        34      7       35

PRECIPITATION (IN)
  YESTERDAY        T             0.73 1994   0.03  -0.03     0.00
  MONTH TO DATE    0.32                      0.44  -0.12     0.95
  SINCE OCT 1      4.31                      4.18   0.13     5.51
  SINCE JAN 1      1.73                      1.35   0.38     1.91

SNOWFALL (IN)
  YESTERDAY       MM

DEGREE DAYS
 HEATING
  YESTERDAY       24                        31     -7       30
  MONTH TO DATE  439                       547   -108      667
  SINCE DEC 1   2457                      2836   -379     3298
  SINCE JUL 1   3837                      4255   -418     4421

 COOLING
  YESTERDAY        0                         0      0        0
  MONTH TO DATE    0                         0      0        0
  SINCE DEC 1      0                         0      0        0
  SINCE JAN 1      0                         0      0        0
..................................................................


WIND (MPH)
  HIGHEST WIND SPEED    44   HIGHEST WIND DIRECTION     W (260)
  HIGHEST GUST SPEED    52   HIGHEST GUST DIRECTION     W (260)
  AVERAGE WIND SPEED    10.8


SKY COVER
  POSSIBLE SUNSHINE  MM
  AVERAGE SKY COVER 0.4


WEATHER CONDITIONS
 THE FOLLOWING WEATHER WAS RECORDED YESTERDAY.
  LIGHT RAIN
  LT FREEZING RAIN


RELATIVE HUMIDITY (PERCENT)
 HIGHEST    82          1000 AM
 LOWEST     34           500 PM
 AVERAGE    58

..........................................................


THE EPHRATA WA AIRPORT CLIMATE NORMALS FOR TODAY
                         NORMAL    RECORD    YEAR
 MAXIMUM TEMPERATURE (F)   43        59      1977
 MINIMUM TEMPERATURE (F)   26         0      1956


SUNRISE AND SUNSET
FEBRUARY 18 2018......SUNRISE   658 AM PST   SUNSET   527 PM PST
FEBRUARY 19 2018......SUNRISE   656 AM PST   SUNSET   528 PM PST


-  INDICATES NEGATIVE NUMBERS.
R  INDICATES RECORD WAS SET OR TIED.
MM INDICATES DATA IS MISSING.
T  INDICATES TRACE AMOUNT.




$$
