000
CDUS46 KOTX 270824
CLIEPH


CLIMATE REPORT
NATIONAL WEATHER SERVICE SPOKANE, WA
123 AM PDT TUE JUN 27 2017


...................................

...THE EPHRATA WA AIRPORT CLIMATE SUMMARY FOR JUNE 26 2017...

CLIMATE NORMAL PERIOD 1981 TO 2010
CLIMATE RECORD PERIOD 9999 TO 9999


WEATHER ITEM   OBSERVED TIME   RECORD YEAR NORMAL DEPARTURE LAST
                VALUE   (LST)  VALUE       VALUE  FROM      YEAR
                                                  NORMAL
..................................................................
TEMPERATURE (F)
 YESTERDAY
  MAXIMUM         99    309 PM 102    2006  83     16       88
  MINIMUM         66    416 AM  41    1974  56     10       54
  AVERAGE         83                        69     14       71

PRECIPITATION (IN)
  YESTERDAY        0.00          0.58 2012   0.02  -0.02     0.00
  MONTH TO DATE    0.24                      0.56  -0.32     1.27
  SINCE OCT 1      9.35                      6.85   2.50     8.69
  SINCE JAN 1      5.75                      4.02   1.73     5.97

SNOWFALL (IN)
  YESTERDAY       MM

DEGREE DAYS
 HEATING
  YESTERDAY        0                         1     -1        0
  MONTH TO DATE   43                        55    -12       70
  SINCE JUN 1     43                        55    -12       70
  SINCE JUL 1   6141                      5964    177     4932

 COOLING
  YESTERDAY       18                         5     13        6
  MONTH TO DATE  119                        86     33      111
  SINCE JUN 1    119                        86     33      111
  SINCE JAN 1    177                       123     54      143
..................................................................


WIND (MPH)
  HIGHEST WIND SPEED    20   HIGHEST WIND DIRECTION    NW (320)
  HIGHEST GUST SPEED    24   HIGHEST GUST DIRECTION     W (270)
  AVERAGE WIND SPEED     8.0


SKY COVER
  POSSIBLE SUNSHINE  MM
  AVERAGE SKY COVER 0.0


WEATHER CONDITIONS
 THE FOLLOWING WEATHER WAS RECORDED YESTERDAY.
  NO SIGNIFICANT WEATHER WAS OBSERVED.


RELATIVE HUMIDITY (PERCENT)
 HIGHEST    44           600 AM
 LOWEST     14           400 PM
 AVERAGE    29

..........................................................


THE EPHRATA WA AIRPORT CLIMATE NORMALS FOR TODAY
                         NORMAL    RECORD    YEAR
 MAXIMUM TEMPERATURE (F)   83       107      2015
 MINIMUM TEMPERATURE (F)   56        44      2012


SUNRISE AND SUNSET
JUNE 27 2017..........SUNRISE   504 AM PDT   SUNSET   858 PM PDT
JUNE 28 2017..........SUNRISE   504 AM PDT   SUNSET   858 PM PDT


-  INDICATES NEGATIVE NUMBERS.
R  INDICATES RECORD WAS SET OR TIED.
MM INDICATES DATA IS MISSING.
T  INDICATES TRACE AMOUNT.




$$
