875
CDUS46 KOTX 050821
CLIEPH


CLIMATE REPORT
NATIONAL WEATHER SERVICE SPOKANE, WA
1221 AM PST FRI FEB 5 2016


...................................

...THE EPHRATA WA AIRPORT CLIMATE SUMMARY FOR FEBRUARY 4 2016...

CLIMATE NORMAL PERIOD 1981 TO 2010
CLIMATE RECORD PERIOD 9999 TO 9999


WEATHER ITEM   OBSERVED TIME   RECORD YEAR NORMAL DEPARTURE LAST
                VALUE   (LST)  VALUE       VALUE  FROM      YEAR
                                                  NORMAL
..................................................................
TEMPERATURE (F)
 YESTERDAY
  MAXIMUM         33    952 PM  60    1967  39     -6       41
  MINIMUM         22    733 AM -19    1985  24     -2       35
  AVERAGE         28                        32     -4       38

PRECIPITATION (IN)
  YESTERDAY        0.00          0.15 1950   0.03  -0.03     0.06
  MONTH TO DATE    0.09                      0.10  -0.01     0.10
  SINCE OCT 1      4.45                      3.84   0.61     3.60
  SINCE JAN 1      1.73                      1.01   0.72     0.81

SNOWFALL (IN)
  YESTERDAY       MM

DEGREE DAYS
 HEATING
  YESTERDAY       37                        33      4       27
  MONTH TO DATE  144                       133     11      111
  SINCE DEC 1   2214                      2422   -208     2031
  SINCE JUL 1   3370                      3841   -471     3178

 COOLING
  YESTERDAY        0                         0      0        0
  MONTH TO DATE    0                         0      0        0
  SINCE DEC 1      0                         0      0        0
  SINCE JAN 1      0                         0      0        0
..................................................................


WIND (MPH)
  HIGHEST WIND SPEED    10   HIGHEST WIND DIRECTION     N (350)
  HIGHEST GUST SPEED    12   HIGHEST GUST DIRECTION     S (190)
  AVERAGE WIND SPEED     5.2


SKY COVER
  POSSIBLE SUNSHINE  MM
  AVERAGE SKY COVER 0.8


WEATHER CONDITIONS
 THE FOLLOWING WEATHER WAS RECORDED YESTERDAY.
  FOG
  FOG W/VISIBILITY <= 1/4 MILE


RELATIVE HUMIDITY (PERCENT)
 HIGHEST   100          1200 AM
 LOWEST     82           900 PM
 AVERAGE    91

..........................................................


THE EPHRATA WA AIRPORT CLIMATE NORMALS FOR TODAY
                         NORMAL    RECORD    YEAR
 MAXIMUM TEMPERATURE (F)   40        58      1991
 MINIMUM TEMPERATURE (F)   25        -1      1985


SUNRISE AND SUNSET
FEBRUARY  5 2016......SUNRISE   719 AM PST   SUNSET   506 PM PST
FEBRUARY  6 2016......SUNRISE   718 AM PST   SUNSET   507 PM PST


-  INDICATES NEGATIVE NUMBERS.
R  INDICATES RECORD WAS SET OR TIED.
MM INDICATES DATA IS MISSING.
T  INDICATES TRACE AMOUNT.




$$
