000
CDUS46 KOTX 240823
CLIEPH


CLIMATE REPORT
NATIONAL WEATHER SERVICE SPOKANE, WA
123 AM PDT SAT SEP 24 2016


...................................

...THE EPHRATA WA AIRPORT CLIMATE SUMMARY FOR SEPTEMBER 23 2016...

CLIMATE NORMAL PERIOD 1981 TO 2010
CLIMATE RECORD PERIOD 9999 TO 9999


WEATHER ITEM   OBSERVED TIME   RECORD YEAR NORMAL DEPARTURE LAST
                VALUE   (LST)  VALUE       VALUE  FROM      YEAR
                                                  NORMAL
..................................................................
TEMPERATURE (F)
 YESTERDAY
  MAXIMUM         65    424 PM  92    1987  75    -10       75
  MINIMUM         44    413 AM  32    2008  47     -3       42
  AVERAGE         55                        61     -6       59

PRECIPITATION (IN)
  YESTERDAY        0.01          0.47 1986   0.02  -0.01     0.00
  MONTH TO DATE    0.07                      0.26  -0.19     0.16
  SINCE OCT 1      9.08                      7.75   1.33     7.15
  SINCE JAN 1      6.36                      4.92   1.44     4.36

SNOWFALL (IN)
  YESTERDAY       MM

DEGREE DAYS
 HEATING
  YESTERDAY       10                         5      5        6
  MONTH TO DATE   74                        63     11       87
  SINCE SEP 1     74                        63     11       87
  SINCE JUL 1     76                        80     -4       87

 COOLING
  YESTERDAY        0                         1     -1        0
  MONTH TO DATE    7                        68    -61       40
  SINCE SEP 1      7                        68    -61       40
  SINCE JAN 1    739                       762    -23     1274
..................................................................


WIND (MPH)
  HIGHEST WIND SPEED    15   HIGHEST WIND DIRECTION     S (170)
  HIGHEST GUST SPEED    18   HIGHEST GUST DIRECTION     S (170)
  AVERAGE WIND SPEED     6.8


SKY COVER
  POSSIBLE SUNSHINE  MM
  AVERAGE SKY COVER 0.4


WEATHER CONDITIONS
 THE FOLLOWING WEATHER WAS RECORDED YESTERDAY.
  LIGHT RAIN


RELATIVE HUMIDITY (PERCENT)
 HIGHEST    92           300 AM
 LOWEST     43           500 PM
 AVERAGE    68

..........................................................


THE EPHRATA WA AIRPORT CLIMATE NORMALS FOR TODAY
                         NORMAL    RECORD    YEAR
 MAXIMUM TEMPERATURE (F)   75        91      2011
                                             1994
 MINIMUM TEMPERATURE (F)   47        33      1958


SUNRISE AND SUNSET
SEPTEMBER 24 2016.....SUNRISE   648 AM PDT   SUNSET   650 PM PDT
SEPTEMBER 25 2016.....SUNRISE   650 AM PDT   SUNSET   648 PM PDT


-  INDICATES NEGATIVE NUMBERS.
R  INDICATES RECORD WAS SET OR TIED.
MM INDICATES DATA IS MISSING.
T  INDICATES TRACE AMOUNT.




$$
