000
CDUS46 KOTX 110840
CLIEPH


CLIMATE REPORT
NATIONAL WEATHER SERVICE SPOKANE, WA
140 AM PDT FRI JUL 11 2014


...................................

...THE EPHRATA WA AIRPORT CLIMATE SUMMARY FOR JULY 10 2014...

CLIMATE NORMAL PERIOD 1981 TO 2010
CLIMATE RECORD PERIOD 9999 TO 9999


WEATHER ITEM   OBSERVED TIME   RECORD YEAR NORMAL DEPARTURE LAST
                VALUE   (LST)  VALUE       VALUE  FROM      YEAR
                                                  NORMAL
..................................................................
TEMPERATURE (F)
 YESTERDAY
  MAXIMUM         96    453 PM 108    1975  87      9       96
  MINIMUM         70    439 AM  46    1972  59     11       61
  AVERAGE         83                        73     10       79

PRECIPITATION (IN)
  YESTERDAY        0.00          0.18 1992   0.01  -0.01     0.00
  MONTH TO DATE    T                         0.13  -0.13      T
  SINCE OCT 1      3.81                      7.03  -3.22     7.41
  SINCE JAN 1      3.06                      4.20  -1.14     3.61

SNOWFALL (IN)
  YESTERDAY       MM            MM      MM   0.0   MM       MM
  MONTH TO DATE   MM                         0.0   MM       MM
  SINCE JUN 1     MM                         0.0   MM       MM
  SINCE JUL 1     MM                         0.0   MM       MM
  SNOW DEPTH      MM

DEGREE DAYS
 HEATING
  YESTERDAY        0                         0      0        0
  MONTH TO DATE    0                         4     -4        0
  SINCE JUN 1     23                        64    -41       58
  SINCE JUL 1      0                         4     -4        0

 COOLING
  YESTERDAY       18                         9      9       14
  MONTH TO DATE  155                        75     80      149
  SINCE JUN 1    301                       185    116      261
  SINCE JAN 1    345                       222    123      318
..................................................................


WIND (MPH)
  HIGHEST WIND SPEED    25   HIGHEST WIND DIRECTION    NW (310)
  HIGHEST GUST SPEED    31   HIGHEST GUST DIRECTION    NW (320)
  AVERAGE WIND SPEED    10.9


SKY COVER
  POSSIBLE SUNSHINE  MM
  AVERAGE SKY COVER 0.0


WEATHER CONDITIONS
 THE FOLLOWING WEATHER WAS RECORDED YESTERDAY.
  HAZE


RELATIVE HUMIDITY (PERCENT)
 HIGHEST    27           200 AM
 LOWEST      8           500 PM
 AVERAGE    18

..........................................................


THE EPHRATA WA AIRPORT CLIMATE NORMALS FOR TODAY
                         NORMAL    RECORD    YEAR
 MAXIMUM TEMPERATURE (F)   88       107      1990
 MINIMUM TEMPERATURE (F)   60        43      1981


SUNRISE AND SUNSET
JULY 11 2014..........SUNRISE   513 AM PDT   SUNSET   853 PM PDT
JULY 12 2014..........SUNRISE   514 AM PDT   SUNSET   853 PM PDT


-  INDICATES NEGATIVE NUMBERS.
R  INDICATES RECORD WAS SET OR TIED.
MM INDICATES DATA IS MISSING.
T  INDICATES TRACE AMOUNT.




$$
