000
CDUS41 KCLE 022245
CLIERI


CLIMATE REPORT
NATIONAL WEATHER SERVICE CLEVELAND OH
645 PM EDT WED SEP 2 2015


...................................

...THE ERIE PA CLIMATE SUMMARY FOR SEPTEMBER 2 2015...
VALID TODAY AS OF 0500 PM LOCAL TIME.

CLIMATE NORMAL PERIOD 1981 TO 2010
CLIMATE RECORD PERIOD 1873 TO 2015


WEATHER ITEM   OBSERVED TIME   RECORD YEAR NORMAL DEPARTURE LAST
                VALUE   (LST)  VALUE       VALUE  FROM      YEAR
                                                  NORMAL
..................................................................
TEMPERATURE (F)
 TODAY
  MAXIMUM         86   1128 AM  93    1953  76     10       79
  MINIMUM         69    610 AM  46    1970  60      9       65
  AVERAGE         78                        68     10       72

PRECIPITATION (IN)
  TODAY            0.00                      0.13  -0.13     0.43
  MONTH TO DATE    0.00                      0.26  -0.26     0.45
  SINCE SEP 1      0.00                      0.26  -0.26     0.45
  SINCE JAN 1     23.71                     26.09  -2.38    28.16

SNOWFALL (IN)
  TODAY            0.0                       0.0    0.0      0.0
  MONTH TO DATE    0.0                       0.0    0.0      0.0
  SINCE SEP 1      0.0                       0.0    0.0      0.0
  SINCE JUL 1      0.0                       0.0    0.0      0.0
  SNOW DEPTH       0

DEGREE DAYS
 HEATING
  TODAY            0                         1     -1        0
  MONTH TO DATE    0                         2     -2        0
  SINCE SEP 1      0                         2     -2        0
  SINCE JUL 1     18                        20     -2       18

 COOLING
  TODAY           13                         4      9        7
  MONTH TO DATE   23                         8     15       20
  SINCE SEP 1     23                         8     15       20
  SINCE JAN 1    629                       566     63      536
..................................................................


WIND (MPH)
  HIGHEST WIND SPEED    15   HIGHEST WIND DIRECTION     W (280)
  HIGHEST GUST SPEED    19   HIGHEST GUST DIRECTION    NW (300)


SKY COVER
  POSSIBLE SUNSHINE  MM
  AVERAGE SKY COVER 0.0


WEATHER CONDITIONS
 THE FOLLOWING WEATHER WAS RECORDED TODAY.
  HAZE


RELATIVE HUMIDITY (PERCENT)
 HIGHEST    84          1200 AM
 LOWEST     58           400 PM
 AVERAGE    71

..........................................................


THE ERIE PA CLIMATE NORMALS FOR TOMORROW
                         NORMAL    RECORD    YEAR
 MAXIMUM TEMPERATURE (F)   76        99      1953
 MINIMUM TEMPERATURE (F)   60        47      1975
                                             1946


SUNRISE AND SUNSET
SEPTEMBER  2 2015.....SUNRISE   647 AM EDT   SUNSET   753 PM EDT
SEPTEMBER  3 2015.....SUNRISE   648 AM EDT   SUNSET   751 PM EDT


-  INDICATES NEGATIVE NUMBERS.
R  INDICATES RECORD WAS SET OR TIED.
MM INDICATES DATA IS MISSING.
T  INDICATES TRACE AMOUNT.




$$
