000
CDUS46 KPQR 271146
CLIEUG


CLIMATE REPORT
NATIONAL WEATHER SERVICE PORTLAND OREGON
445 AM PDT THU JUL 27 2017


...................................

...THE EUGENE OR CLIMATE SUMMARY FOR JULY 26 2017...

CLIMATE NORMAL PERIOD 1981 TO 2010
CLIMATE RECORD PERIOD 1892 TO 2017


WEATHER ITEM   OBSERVED TIME   RECORD YEAR NORMAL DEPARTURE LAST
                VALUE   (LST)  VALUE       VALUE  FROM      YEAR
                                                  NORMAL
..................................................................
TEMPERATURE (F)
 YESTERDAY
  MAXIMUM         90    421 PM 102    1998  84      6       89
  MINIMUM         56    519 AM  42    1953  52      4       54
                                      1919
  AVERAGE         73                        68      5       72

PRECIPITATION (IN)
  YESTERDAY        0.00          0.88 1947   0.01  -0.01     0.00
  MONTH TO DATE    0.02                      0.48  -0.46     0.25
  SINCE OCT 1     45.06                     44.14   0.92    39.80
  SINCE JAN 1     25.47                     25.34   0.13    20.96

SNOWFALL (IN)
  YESTERDAY        0.0
  MONTH TO DATE    0.0
  SINCE JUN 1      0.0
  SINCE JUL 1      0.0

DEGREE DAYS
 HEATING
  YESTERDAY        0                         1     -1        0
  MONTH TO DATE    5                        35    -30       10
  SINCE JUN 1    130                       192    -62      110
  SINCE JUL 1      5                        35    -30       10

 COOLING
  YESTERDAY        8                         4      4        7
  MONTH TO DATE   62                        77    -15       51
  SINCE JUN 1     93                        96     -3      116
  SINCE JAN 1    106                       101      5      119
..................................................................


WIND (MPH)
  HIGHEST WIND SPEED    16   HIGHEST WIND DIRECTION     N (340)
  HIGHEST GUST SPEED    23   HIGHEST GUST DIRECTION     N (350)
  AVERAGE WIND SPEED     6.7


SKY COVER
  POSSIBLE SUNSHINE  MM
  AVERAGE SKY COVER 0.2


WEATHER CONDITIONS
 THE FOLLOWING WEATHER WAS RECORDED YESTERDAY.
  HAZE


RELATIVE HUMIDITY (PERCENT)
 HIGHEST    93           300 AM
 LOWEST     24           300 PM
 AVERAGE    59

..........................................................


THE EUGENE OR CLIMATE NORMALS FOR TODAY
                         NORMAL    RECORD    YEAR
 MAXIMUM TEMPERATURE (F)   84       105      1998
 MINIMUM TEMPERATURE (F)   52        41      1919


SUNRISE AND SUNSET
JULY 27 2017..........SUNRISE   556 AM PDT   SUNSET   842 PM PDT
JULY 28 2017..........SUNRISE   557 AM PDT   SUNSET   841 PM PDT


-  INDICATES NEGATIVE NUMBERS.
R  INDICATES RECORD WAS SET OR TIED.
MM INDICATES DATA IS MISSING.
T  INDICATES TRACE AMOUNT.




$$
