000
CDUS46 KPQR 280228
CLIEUG


CLIMATE REPORT
NATIONAL WEATHER SERVICE PORTLAND OREGON
628 PM PST FRI FEB 27 2015


...................................

...THE EUGENE OR CLIMATE SUMMARY FOR FEBRUARY 27 2015...
VALID TODAY AS OF 0600 PM LOCAL TIME.

CLIMATE NORMAL PERIOD 1981 TO 2010
CLIMATE RECORD PERIOD 1892 TO 2015


WEATHER ITEM   OBSERVED TIME   RECORD YEAR NORMAL DEPARTURE LAST
                VALUE   (LST)  VALUE       VALUE  FROM      YEAR
                                                  NORMAL
..................................................................
TEMPERATURE (F)
 TODAY
  MAXIMUM         52    130 PM  69    1905  53     -1       55
  MINIMUM         45    603 AM  19    1962  36      9       40
  AVERAGE         49                        44      5       48

PRECIPITATION (IN)
  TODAY            0.09          1.58 1899   0.19  -0.10     0.16
  MONTH TO DATE    4.05                      5.25  -1.20     7.87
  SINCE OCT 1     23.48                     30.92  -7.44    14.64
  SINCE JAN 1      6.43                     12.12  -5.69    10.45

SNOWFALL (IN)
  TODAY           MM
  MONTH TO DATE    0.0
  SINCE DEC 1      0.0
  SINCE JUL 1      0.0

DEGREE DAYS
 HEATING
  TODAY           16                        21     -5       17
  MONTH TO DATE  442                       597   -155      623
  SINCE DEC 1   1730                      2134   -404     2372
  SINCE JUL 1   2542                      3307   -765     3548

 COOLING
  TODAY            0                         0      0        0
  MONTH TO DATE    0                         0      0        0
  SINCE DEC 1      0                         0      0        0
  SINCE JAN 1      0                         0      0        0
..................................................................


WIND (MPH)
  HIGHEST WIND SPEED    15   HIGHEST WIND DIRECTION    SW (220)
  HIGHEST GUST SPEED    18   HIGHEST GUST DIRECTION     S (190)
  AVERAGE WIND SPEED     8.5


SKY COVER
  POSSIBLE SUNSHINE  MM
  AVERAGE SKY COVER 0.9


WEATHER CONDITIONS
 THE FOLLOWING WEATHER WAS RECORDED TODAY.
  LIGHT RAIN
  FOG


RELATIVE HUMIDITY (PERCENT)
 HIGHEST    93          1200 AM
 LOWEST     77           200 PM
 AVERAGE    85

..........................................................


THE EUGENE OR CLIMATE NORMALS FOR TOMORROW
                         NORMAL    RECORD    YEAR
 MAXIMUM TEMPERATURE (F)   53        72      1901
                                             1932
 MINIMUM TEMPERATURE (F)   36        21      1960


SUNRISE AND SUNSET
FEBRUARY 27 2015......SUNRISE   653 AM PST   SUNSET   558 PM PST
FEBRUARY 28 2015......SUNRISE   652 AM PST   SUNSET   600 PM PST


-  INDICATES NEGATIVE NUMBERS.
R  INDICATES RECORD WAS SET OR TIED.
MM INDICATES DATA IS MISSING.
T  INDICATES TRACE AMOUNT.




$$
