000
CDUS46 KPQR 270221
CLIEUG


CLIMATE REPORT
NATIONAL WEATHER SERVICE PORTLAND OREGON
621 PM PST FRI DEC 26 2014


...................................

...THE EUGENE OR CLIMATE SUMMARY FOR DECEMBER 26 2014...
VALID TODAY AS OF 0600 PM LOCAL TIME.

CLIMATE NORMAL PERIOD 1981 TO 2010
CLIMATE RECORD PERIOD 1892 TO 2014


WEATHER ITEM   OBSERVED TIME   RECORD YEAR NORMAL DEPARTURE LAST
                VALUE   (LST)  VALUE       VALUE  FROM      YEAR
                                                  NORMAL
..................................................................
TEMPERATURE (F)
 TODAY
  MAXIMUM         51    345 PM  62    1933  45      6       35
  MINIMUM         41    555 PM   1    1924  33      8       32
  AVERAGE         46                        39      7       34

PRECIPITATION (IN)
  TODAY            0.00          1.80 1907   0.22  -0.22     0.00
  MONTH TO DATE    6.91                      6.70   0.21     1.48
  SINCE OCT 1     16.89                     17.67  -0.78     4.19
  SINCE JAN 1     41.14                     44.97  -3.83    21.19

SNOWFALL (IN)
  TODAY            0.0
  MONTH TO DATE    0.0
  SINCE DEC 1      0.0
  SINCE JUL 1      0.0

DEGREE DAYS
 HEATING
  TODAY           19                        26     -7       31
  MONTH TO DATE  482                       657   -175      840
  SINCE DEC 1    482                       657   -175      840
  SINCE JUL 1   1294                      1830   -536     2016

 COOLING
  TODAY            0                         0      0        0
  MONTH TO DATE    0                         0      0        0
  SINCE DEC 1      0                         0      0        0
  SINCE JAN 1    475                       239    236      411
..................................................................


WIND (MPH)
  HIGHEST WIND SPEED    10   HIGHEST WIND DIRECTION     S (170)
  HIGHEST GUST SPEED    12   HIGHEST GUST DIRECTION     S (190)
  AVERAGE WIND SPEED     5.5


SKY COVER
  POSSIBLE SUNSHINE  MM
  AVERAGE SKY COVER 0.8


WEATHER CONDITIONS
 THE FOLLOWING WEATHER WAS RECORDED TODAY.
  FOG


RELATIVE HUMIDITY (PERCENT)
 HIGHEST    89          1200 AM
 LOWEST     71           100 PM
 AVERAGE    80

..........................................................


THE EUGENE OR CLIMATE NORMALS FOR TOMORROW
                         NORMAL    RECORD    YEAR
 MAXIMUM TEMPERATURE (F)   45        61      1994
                                             1917
 MINIMUM TEMPERATURE (F)   33        16      1924


SUNRISE AND SUNSET
DECEMBER 26 2014......SUNRISE   747 AM PST   SUNSET   440 PM PST
DECEMBER 27 2014......SUNRISE   747 AM PST   SUNSET   441 PM PST


-  INDICATES NEGATIVE NUMBERS.
R  INDICATES RECORD WAS SET OR TIED.
MM INDICATES DATA IS MISSING.
T  INDICATES TRACE AMOUNT.




$$
