105
CDUS46 KPQR 251143
CLIEUG


CLIMATE REPORT
NATIONAL WEATHER SERVICE PORTLAND OREGON
443 AM PDT MON SEP 25 2017


...................................

...THE EUGENE OR CLIMATE SUMMARY FOR SEPTEMBER 24 2017...

CLIMATE NORMAL PERIOD 1981 TO 2010
CLIMATE RECORD PERIOD 1892 TO 2017


WEATHER ITEM   OBSERVED TIME   RECORD YEAR NORMAL DEPARTURE LAST
                VALUE   (LST)  VALUE       VALUE  FROM      YEAR
                                                  NORMAL
..................................................................
TEMPERATURE (F)
 YESTERDAY
  MAXIMUM         73    421 PM  96    1974  74     -1       72
  MINIMUM         40    624 AM  30    1926  45     -5       51
  AVERAGE         57                        60     -3       62

PRECIPITATION (IN)
  YESTERDAY        0.00          0.95 1927   0.04  -0.04      T
  MONTH TO DATE    0.92                      0.95  -0.03     0.78
  SINCE OCT 1     46.12                     45.76   0.36    40.58
  SINCE JAN 1     26.53                     26.96  -0.43    21.74

SNOWFALL (IN)
  YESTERDAY        0.0
  MONTH TO DATE    0.0
  SINCE SEP 1      0.0
  SINCE JUL 1      0.0

DEGREE DAYS
 HEATING
  YESTERDAY        8                         6      2        3
  MONTH TO DATE   87                        81      6       82
  SINCE SEP 1     87                        81      6       82
  SINCE JUL 1    103                       148    -45      105

 COOLING
  YESTERDAY        0                         0      0        0
  MONTH TO DATE   71                        30     41        6
  SINCE SEP 1     71                        30     41        6
  SINCE JAN 1    373                       238    135      319
..................................................................


WIND (MPH)
  HIGHEST WIND SPEED    16   HIGHEST WIND DIRECTION     N (10)
  HIGHEST GUST SPEED    19   HIGHEST GUST DIRECTION     N (340)
  AVERAGE WIND SPEED     4.4


SKY COVER
  POSSIBLE SUNSHINE  MM
  AVERAGE SKY COVER 0.4


WEATHER CONDITIONS
 THE FOLLOWING WEATHER WAS RECORDED YESTERDAY.
  FOG


RELATIVE HUMIDITY (PERCENT)
 HIGHEST   100           200 AM
 LOWEST     33           400 PM
 AVERAGE    67

..........................................................


THE EUGENE OR CLIMATE NORMALS FOR TODAY
                         NORMAL    RECORD    YEAR
 MAXIMUM TEMPERATURE (F)   74        93      1991
 MINIMUM TEMPERATURE (F)   45        31      1926


SUNRISE AND SUNSET
SEPTEMBER 25 2017.....SUNRISE   704 AM PDT   SUNSET   704 PM PDT
SEPTEMBER 26 2017.....SUNRISE   705 AM PDT   SUNSET   702 PM PDT


-  INDICATES NEGATIVE NUMBERS.
R  INDICATES RECORD WAS SET OR TIED.
MM INDICATES DATA IS MISSING.
T  INDICATES TRACE AMOUNT.




$$
