000
CDUS46 KPQR 301141
CLIEUG


CLIMATE REPORT
NATIONAL WEATHER SERVICE PORTLAND OREGON
440 AM PDT TUE SEP 30 2014


...................................

...THE EUGENE OR CLIMATE SUMMARY FOR SEPTEMBER 29 2014...

CLIMATE NORMAL PERIOD 1981 TO 2010
CLIMATE RECORD PERIOD 1892 TO 2014


WEATHER ITEM   OBSERVED TIME   RECORD YEAR NORMAL DEPARTURE LAST
                VALUE   (LST)  VALUE       VALUE  FROM      YEAR
                                                  NORMAL
..................................................................
TEMPERATURE (F)
 YESTERDAY
  MAXIMUM         71   1128 AM  87    1993  72     -1       58
  MINIMUM         51    403 AM  33    1954  44      7       53
                                      1950
  AVERAGE         61                        58      3       56

PRECIPITATION (IN)
  YESTERDAY        0.03          1.90 2013   0.05  -0.02     1.90
  MONTH TO DATE    1.22                      1.23  -0.01     6.16
  SINCE OCT 1     28.41                     46.04 -17.63    35.42
  SINCE JAN 1     24.22                     27.24  -3.02    16.08

SNOWFALL (IN)
  YESTERDAY        0.0
  MONTH TO DATE    0.0
  SINCE SEP 1      0.0
  SINCE JUL 1      0.0

DEGREE DAYS
 HEATING
  YESTERDAY        4                         7     -3        9
  MONTH TO DATE   27                       113    -86       88
  SINCE SEP 1     27                       113    -86       88
  SINCE JUL 1     34                       180   -146      106

 COOLING
  YESTERDAY        0                         0      0        0
  MONTH TO DATE   59                        30     29       63
  SINCE SEP 1     59                        30     29       63
  SINCE JAN 1    467                       238    229      411
..................................................................


WIND (MPH)
  HIGHEST WIND SPEED    14   HIGHEST WIND DIRECTION     W (250)
  HIGHEST GUST SPEED    18   HIGHEST GUST DIRECTION     W (250)
  AVERAGE WIND SPEED     7.4


SKY COVER
  POSSIBLE SUNSHINE  MM
  AVERAGE SKY COVER 0.7


WEATHER CONDITIONS
 THE FOLLOWING WEATHER WAS RECORDED YESTERDAY.
  LIGHT RAIN
  FOG


RELATIVE HUMIDITY (PERCENT)
 HIGHEST    96           300 AM
 LOWEST     59          1200 PM
 AVERAGE    78

..........................................................


THE EUGENE OR CLIMATE NORMALS FOR TODAY
                         NORMAL    RECORD    YEAR
 MAXIMUM TEMPERATURE (F)   72        88      1987
                                             1975
 MINIMUM TEMPERATURE (F)   44        32      1983


SUNRISE AND SUNSET
SEPTEMBER 30 2014.....SUNRISE   709 AM PDT   SUNSET   655 PM PDT
OCTOBER  1 2014.......SUNRISE   711 AM PDT   SUNSET   653 PM PDT


-  INDICATES NEGATIVE NUMBERS.
R  INDICATES RECORD WAS SET OR TIED.
MM INDICATES DATA IS MISSING.
T  INDICATES TRACE AMOUNT.




$$
