000
CDUS46 KPQR 241150
CLIEUG


CLIMATE REPORT
NATIONAL WEATHER SERVICE PORTLAND OREGON
449 AM PDT TUE MAY 24 2016


...................................

...THE EUGENE OR CLIMATE SUMMARY FOR MAY 23 2016...

CLIMATE NORMAL PERIOD 1981 TO 2010
CLIMATE RECORD PERIOD 1892 TO 2016


WEATHER ITEM   OBSERVED TIME   RECORD YEAR NORMAL DEPARTURE LAST
                VALUE   (LST)  VALUE       VALUE  FROM      YEAR
                                                  NORMAL
..................................................................
TEMPERATURE (F)
 YESTERDAY
  MAXIMUM         64    520 PM  91    1947  68     -4       64
  MINIMUM         45    342 AM  34    2002  45      0       51
                                      1978
                                      1935
  AVERAGE         55                        56     -1       58

PRECIPITATION (IN)
  YESTERDAY        0.01          1.17 1989   0.09  -0.08     0.12
  MONTH TO DATE    1.30                      2.04  -0.74     0.79
  SINCE OCT 1     38.77                     41.46  -2.69    29.03
  SINCE JAN 1     19.93                     22.66  -2.73    11.98

SNOWFALL (IN)
  YESTERDAY       MM
  MONTH TO DATE    0.0
  SINCE MAR 1      0.0
  SINCE JUL 1      0.0

DEGREE DAYS
 HEATING
  YESTERDAY       10                         9      1        7
  MONTH TO DATE  145                       241    -96      187
  SINCE MAR 1    925                      1256   -331     1070
  SINCE JUL 1   3730                      4583   -853     3632

 COOLING
  YESTERDAY        0                         0      0        0
  MONTH TO DATE    3                         0      3        0
  SINCE MAR 1      3                         0      3        0
  SINCE JAN 1      3                         0      3        0
..................................................................


WIND (MPH)
  HIGHEST WIND SPEED    13   HIGHEST WIND DIRECTION    SW (210)
  HIGHEST GUST SPEED    17   HIGHEST GUST DIRECTION     S (170)
  AVERAGE WIND SPEED     5.2


SKY COVER
  POSSIBLE SUNSHINE  MM
  AVERAGE SKY COVER 0.8


WEATHER CONDITIONS
 THE FOLLOWING WEATHER WAS RECORDED YESTERDAY.
  LIGHT RAIN
  FOG


RELATIVE HUMIDITY (PERCENT)
 HIGHEST    93           200 AM
 LOWEST     60           600 PM
 AVERAGE    77

..........................................................


THE EUGENE OR CLIMATE NORMALS FOR TODAY
                         NORMAL    RECORD    YEAR
 MAXIMUM TEMPERATURE (F)   69        88      1992
                                             1928
 MINIMUM TEMPERATURE (F)   45        33      1977


SUNRISE AND SUNSET
MAY 24 2016...........SUNRISE   537 AM PDT   SUNSET   843 PM PDT
MAY 25 2016...........SUNRISE   537 AM PDT   SUNSET   844 PM PDT


-  INDICATES NEGATIVE NUMBERS.
R  INDICATES RECORD WAS SET OR TIED.
MM INDICATES DATA IS MISSING.
T  INDICATES TRACE AMOUNT.




$$
