000
CDUS46 KPQR 301141
CLIEUG


CLIMATE REPORT
NATIONAL WEATHER SERVICE PORTLAND OREGON
340 AM PST FRI JAN 30 2015


...................................

...THE EUGENE OR CLIMATE SUMMARY FOR JANUARY 29 2015...

CLIMATE NORMAL PERIOD 1981 TO 2010
CLIMATE RECORD PERIOD 1892 TO 2015


WEATHER ITEM   OBSERVED TIME   RECORD YEAR NORMAL DEPARTURE LAST
                VALUE   (LST)  VALUE       VALUE  FROM      YEAR
                                                  NORMAL
..................................................................
TEMPERATURE (F)
 YESTERDAY
  MAXIMUM         54    334 PM  64    1992  49      5       56
                                      1960
  MINIMUM         37   1043 PM   2    1957  35      2       40
  AVERAGE         46                        42      4       48

PRECIPITATION (IN)
  YESTERDAY        0.00          2.06 1958   0.19  -0.19     0.07
  MONTH TO DATE    2.38                      6.47  -4.09     2.50
  SINCE OCT 1     19.43                     25.27  -5.84     6.69
  SINCE JAN 1      2.38                      6.47  -4.09     2.50

SNOWFALL (IN)
  YESTERDAY        0.0
  MONTH TO DATE    0.0
  SINCE DEC 1      0.0
  SINCE JUL 1      0.0

DEGREE DAYS
 HEATING
  YESTERDAY       19                        23     -4       17
  MONTH TO DATE  606                       706   -100      733
  SINCE DEC 1   1239                      1490   -251     1703
  SINCE JUL 1   2051                      2663   -612     2879

 COOLING
  YESTERDAY        0                         0      0        0
  MONTH TO DATE    0                         0      0        0
  SINCE DEC 1      0                         0      0        0
  SINCE JAN 1      0                         0      0        0
..................................................................


WIND (MPH)
  HIGHEST WIND SPEED    12   HIGHEST WIND DIRECTION    NE (40)
  HIGHEST GUST SPEED    14   HIGHEST GUST DIRECTION    NE (30)
  AVERAGE WIND SPEED     3.3


SKY COVER
  POSSIBLE SUNSHINE  MM
  AVERAGE SKY COVER 0.7


WEATHER CONDITIONS
 THE FOLLOWING WEATHER WAS RECORDED YESTERDAY.
  FOG
  FOG W/VISIBILITY <= 1/4 MILE


RELATIVE HUMIDITY (PERCENT)
 HIGHEST   100           600 AM
 LOWEST     77           300 PM
 AVERAGE    89

..........................................................


THE EUGENE OR CLIMATE NORMALS FOR TODAY
                         NORMAL    RECORD    YEAR
 MAXIMUM TEMPERATURE (F)   49        65      1995
                                             1971
 MINIMUM TEMPERATURE (F)   35         0      1950


SUNRISE AND SUNSET
JANUARY 30 2015.......SUNRISE   733 AM PST   SUNSET   520 PM PST
JANUARY 31 2015.......SUNRISE   732 AM PST   SUNSET   521 PM PST


-  INDICATES NEGATIVE NUMBERS.
R  INDICATES RECORD WAS SET OR TIED.
MM INDICATES DATA IS MISSING.
T  INDICATES TRACE AMOUNT.




$$
