000
CDUS43 KPAH 310628
CLIEVV


CLIMATE REPORT
NATIONAL WEATHER SERVICE PADUCAH KY
127 AM CDT FRI JUL 31 2015

...................................

...THE EVANSVILLE IN CLIMATE SUMMARY FOR JULY 30 2015...

CLIMATE NORMAL PERIOD 1981 TO 2010
CLIMATE RECORD PERIOD 1896 TO 2015

WEATHER ITEM   OBSERVED TIME   RECORD YEAR NORMAL DEPARTURE LAST
                VALUE   (LST)  VALUE       VALUE  FROM      YEAR
                                                  NORMAL
..................................................................
TEMPERATURE (F)
 YESTERDAY
  MAXIMUM         89    408 PM 101    1913  88      1       84
  MINIMUM         69    524 AM  51    1965  67      2       60
  AVERAGE         79                        78      1       72

PRECIPITATION (IN)
  YESTERDAY        0.00          1.42 2009   0.11  -0.11     0.00
  MONTH TO DATE    4.67                      3.81   0.86     4.02
  SINCE JUN 1     12.06                      7.59   4.47     7.89
  SINCE JAN 1     34.50                     27.83   6.67    29.38

SNOWFALL (IN)
  YESTERDAY        0.0          MM      MM   0.0    0.0      0.0
  MONTH TO DATE    0.0                       0.0    0.0      0.0
  SINCE JUN 1      0.0                       0.0    0.0      0.0
  SINCE JUL 1      0.0                       0.0    0.0      0.0
  SNOW DEPTH       0

DEGREE DAYS
 HEATING
  YESTERDAY        0                         0      0        0
  MONTH TO DATE    0                         0      0        0
  SINCE JUN 1      7                         6      1        0
  SINCE JUL 1      0                         0      0        0

 COOLING
  YESTERDAY       14                        13      1        7
  MONTH TO DATE  428                       390     38      287
  SINCE JUN 1    780                       688     92      649
  SINCE JAN 1    971                       823    148      860
..................................................................

WIND (MPH)
  HIGHEST WIND SPEED    15   HIGHEST WIND DIRECTION     N (360)
  HIGHEST GUST SPEED    20   HIGHEST GUST DIRECTION    NW (320)
  AVERAGE WIND SPEED     5.8

SKY COVER
  AVERAGE SKY COVER 0.0

WEATHER CONDITIONS
 THE FOLLOWING WEATHER WAS RECORDED YESTERDAY.
  NO SIGNIFICANT WEATHER WAS OBSERVED.

RELATIVE HUMIDITY (PERCENT)
 HIGHEST    79
 LOWEST     34
 AVERAGE    57
..........................................................

THE EVANSVILLE IN CLIMATE NORMALS FOR TODAY
                         NORMAL    RECORD    YEAR
 MAXIMUM TEMPERATURE (F)   88       102      1935
 MINIMUM TEMPERATURE (F)   67        52      1971

SUNRISE AND SUNSET
JULY 31 2015..........SUNRISE   552 AM CDT   SUNSET   801 PM CDT
AUGUST  1 2015........SUNRISE   553 AM CDT   SUNSET   800 PM CDT

-  INDICATES NEGATIVE NUMBERS.
R  INDICATES RECORD WAS SET OR TIED.
MM INDICATES DATA IS MISSING.
T  INDICATES TRACE AMOUNT.

$$
