000
CDUS43 KPAH 220628
CLIEVV


CLIMATE REPORT
NATIONAL WEATHER SERVICE PADUCAH KY
1227 AM CST MON DEC 22 2014

...................................

...THE EVANSVILLE IN CLIMATE SUMMARY FOR DECEMBER 21 2014...

CLIMATE NORMAL PERIOD 1981 TO 2010
CLIMATE RECORD PERIOD 1896 TO 2014

WEATHER ITEM   OBSERVED TIME   RECORD YEAR NORMAL DEPARTURE LAST
                VALUE   (LST)  VALUE       VALUE  FROM      YEAR
                                                  NORMAL
..................................................................
TEMPERATURE (F)
 YESTERDAY
  MAXIMUM         46    309 PM  69    1967  43      3       58
  MINIMUM         25    430 AM -13    1989  26     -1       42
  AVERAGE         36                        34      2       50

PRECIPITATION (IN)
  YESTERDAY        0.00          4.42 2013   0.12  -0.12     4.42
  MONTH TO DATE    2.45                      2.62  -0.17     7.19
  SINCE DEC 1      2.45                      2.62  -0.17     7.19
  SINCE JAN 1     46.23                     44.17   2.06    53.44

SNOWFALL (IN)
  YESTERDAY        0.0           3.0  1969   0.1   -0.1      0.0
  MONTH TO DATE    T                         1.9   -1.9      7.2
  SINCE DEC 1      T                         1.9   -1.9      7.2
  SINCE JUL 1      2.4                       2.2    0.2      7.2
  SNOW DEPTH       0

DEGREE DAYS
 HEATING
  YESTERDAY       29                        31     -2       15
  MONTH TO DATE  532                       596    -64      596
  SINCE DEC 1    532                       596    -64      596
  SINCE JUL 1   1535                      1457     78     1510

 COOLING
  YESTERDAY        0                         0      0        0
  MONTH TO DATE    0                         0      0        0
  SINCE DEC 1      0                         0      0        0
  SINCE JAN 1   1477                      1397     80     1464
..................................................................

WIND (MPH)
  HIGHEST WIND SPEED     9   HIGHEST WIND DIRECTION     E (90)
  HIGHEST GUST SPEED    11   HIGHEST GUST DIRECTION     E (90)
  AVERAGE WIND SPEED     4.4

SKY COVER
  AVERAGE SKY COVER 0.0

WEATHER CONDITIONS
 THE FOLLOWING WEATHER WAS RECORDED YESTERDAY.
  FOG
  HAZE

RELATIVE HUMIDITY (PERCENT)
 HIGHEST    92
 LOWEST     57
 AVERAGE    75
..........................................................

THE EVANSVILLE IN CLIMATE NORMALS FOR TODAY
                         NORMAL    RECORD    YEAR
 MAXIMUM TEMPERATURE (F)   42        64      1900
 MINIMUM TEMPERATURE (F)   26       -15      1989

SUNRISE AND SUNSET
DECEMBER 22 2014......SUNRISE   703 AM CST   SUNSET   434 PM CST
DECEMBER 23 2014......SUNRISE   704 AM CST   SUNSET   435 PM CST

-  INDICATES NEGATIVE NUMBERS.
R  INDICATES RECORD WAS SET OR TIED.
MM INDICATES DATA IS MISSING.
T  INDICATES TRACE AMOUNT.

$$
