730
CDUS43 KPAH 180640
CLIEVV


CLIMATE REPORT
NATIONAL WEATHER SERVICE PADUCAH KY
1235 AM CST SUN FEB 18 2018


...................................

...THE EVANSVILLE IN CLIMATE SUMMARY FOR FEBRUARY 17 2018...

CLIMATE NORMAL PERIOD 1981 TO 2010
CLIMATE RECORD PERIOD 1896 TO 2018


WEATHER ITEM   OBSERVED TIME   RECORD YEAR NORMAL DEPARTURE LAST
                VALUE   (LST)  VALUE       VALUE  FROM      YEAR
                                                  NORMAL
..................................................................
TEMPERATURE (F)
 YESTERDAY
  MAXIMUM         41    813 PM  71    1911  47     -6       69
  MINIMUM         32   1159 PM  -3    1958  28      4       41
                                      1903
  AVERAGE         37                        37      0       55

PRECIPITATION (IN)
  YESTERDAY        0.35          1.89 1976   0.10   0.25     0.00
  MONTH TO DATE    3.01                      1.96   1.05     0.52
  SINCE DEC 1      8.40                      8.82  -0.42     6.71
  SINCE JAN 1      5.98                      5.06   0.92     2.79

SNOWFALL (IN)
  YESTERDAY        0.5           3.0  1967   0.1    0.4      0.0
  MONTH TO DATE    0.9                       2.5   -1.6       T
  SINCE DEC 1      8.0                       9.1   -1.1      0.4
  SINCE JUL 1      8.0                       9.4   -1.4      0.4
  SNOW DEPTH       0

DEGREE DAYS
 HEATING
  YESTERDAY       28                        28      0       10
  MONTH TO DATE  503                       509     -6      387
  SINCE DEC 1   2467                      2427     40     2050
  SINCE JUL 1   3247                      3288    -41     2580

 COOLING
  YESTERDAY        0                         0      0        0
  MONTH TO DATE    1                         0      1        0
  SINCE DEC 1      1                         0      1        0
  SINCE JAN 1      1                         0      1        0
..................................................................


WIND (MPH)
  HIGHEST WIND SPEED    13   HIGHEST WIND DIRECTION    NW (300)
  HIGHEST GUST SPEED    21   HIGHEST GUST DIRECTION     W (290)
  AVERAGE WIND SPEED     3.6


SKY COVER
  AVERAGE SKY COVER 0.7


WEATHER CONDITIONS
 THE FOLLOWING WEATHER WAS RECORDED YESTERDAY.
  LIGHT RAIN
  LIGHT SNOW
  FOG


RELATIVE HUMIDITY (PERCENT)
 HIGHEST   100
 LOWEST     82
 AVERAGE    91

..........................................................


THE EVANSVILLE IN CLIMATE NORMALS FOR TODAY
                         NORMAL    RECORD    YEAR
 MAXIMUM TEMPERATURE (F)   47        73      1961
 MINIMUM TEMPERATURE (F)   28        -6      1936


SUNRISE AND SUNSET
FEBRUARY 18 2018......SUNRISE   636 AM CST   SUNSET   532 PM CST
FEBRUARY 19 2018......SUNRISE   635 AM CST   SUNSET   533 PM CST


-  INDICATES NEGATIVE NUMBERS.
R  INDICATES RECORD WAS SET OR TIED.
MM INDICATES DATA IS MISSING.
T  INDICATES TRACE AMOUNT.




$$
