000
CDUS43 KPAH 290628
CLIEVV


CLIMATE REPORT
NATIONAL WEATHER SERVICE PADUCAH KY
126 AM CDT THU SEP 29 2016

...................................

...THE EVANSVILLE IN CLIMATE SUMMARY FOR SEPTEMBER 28 2016...

CLIMATE NORMAL PERIOD 1981 TO 2010
CLIMATE RECORD PERIOD 1896 TO 2016

WEATHER ITEM   OBSERVED TIME   RECORD YEAR NORMAL DEPARTURE LAST
                VALUE   (LST)  VALUE       VALUE  FROM      YEAR
                                                  NORMAL
..................................................................
TEMPERATURE (F)
 YESTERDAY
  MAXIMUM         72    148 PM  94    1939  76     -4       85
  MINIMUM         54   1159 PM  31    1942  51      3       60
  AVERAGE         63                        64     -1       73

PRECIPITATION (IN)
  YESTERDAY        0.31          1.88 1974   0.11   0.20      T
  MONTH TO DATE    3.28                      2.84   0.44     0.15
  SINCE SEP 1      3.28                      2.84   0.44     0.15
  SINCE JAN 1     41.74                     33.76   7.98    37.71

SNOWFALL (IN)
  YESTERDAY        0.0           0.0  2002   0.0    0.0      0.0
                                      2001
  MONTH TO DATE    0.0                       0.0    0.0      0.0
  SINCE SEP 1      0.0                       0.0    0.0      0.0
  SINCE JUL 1      0.0                       0.0    0.0      0.0
  SNOW DEPTH       0

DEGREE DAYS
 HEATING
  YESTERDAY        2                         4     -2        0
  MONTH TO DATE    4                        37    -33        6
  SINCE SEP 1      4                        37    -33        6
  SINCE JUL 1      4                        38    -34        6

 COOLING
  YESTERDAY        0                         3     -3        8
  MONTH TO DATE  281                       162    119      227
  SINCE SEP 1    281                       162    119      227
  SINCE JAN 1   1667                      1361    306     1526
..................................................................

WIND (MPH)
  HIGHEST WIND SPEED    16   HIGHEST WIND DIRECTION    NW (320)
  HIGHEST GUST SPEED    24   HIGHEST GUST DIRECTION    NW (310)
  AVERAGE WIND SPEED     7.8

SKY COVER
  AVERAGE SKY COVER 0.4

WEATHER CONDITIONS
 THE FOLLOWING WEATHER WAS RECORDED YESTERDAY.
  RAIN
  LIGHT RAIN
  FOG

RELATIVE HUMIDITY (PERCENT)
 HIGHEST    90
 LOWEST     41
 AVERAGE    66
..........................................................

THE EVANSVILLE IN CLIMATE NORMALS FOR TODAY
                         NORMAL    RECORD    YEAR
 MAXIMUM TEMPERATURE (F)   76        99      1953
 MINIMUM TEMPERATURE (F)   51        31      1942

SUNRISE AND SUNSET
SEPTEMBER 29 2016.....SUNRISE   644 AM CDT   SUNSET   635 PM CDT
SEPTEMBER 30 2016.....SUNRISE   645 AM CDT   SUNSET   634 PM CDT

-  INDICATES NEGATIVE NUMBERS.
R  INDICATES RECORD WAS SET OR TIED.
MM INDICATES DATA IS MISSING.
T  INDICATES TRACE AMOUNT.

$$
