000
CDUS45 KSLC 251228
CLIEVW


CLIMATE REPORT
NATIONAL WEATHER SERVICE SALT LAKE CITY UT
628 AM MDT SUN SEP 25 2016


...................................

...THE EVANSTON WY CLIMATE SUMMARY FOR SEPTEMBER 24 2016...

CLIMATE NORMAL PERIOD 1981 TO 2010
CLIMATE RECORD PERIOD 9999 TO 9999


WEATHER ITEM   OBSERVED TIME   RECORD YEAR NORMAL DEPARTURE LAST
                VALUE   (LST)  VALUE       VALUE  FROM      YEAR
                                                  NORMAL
..................................................................
TEMPERATURE (F)
 YESTERDAY
  MAXIMUM         50    432 PM  MM      MM  65    -15       81
  MINIMUM         32    529 AM  MM      MM  39     -7       50
  AVERAGE         41                        52    -11       66

PRECIPITATION (IN)
  YESTERDAY        0.25         MM      MM   0.05   0.20     0.00
  MONTH TO DATE    1.85                      1.03   0.82     0.88
  SINCE OCT 1      6.71                     11.85  -5.14    10.67
  SINCE JAN 1      5.72                      9.06  -3.34     9.79

DEGREE DAYS
 HEATING
  YESTERDAY       24                        13     11        0
  MONTH TO DATE  202                       211     -9      126
  SINCE SEP 1    202                       211     -9      126
  SINCE JUL 1    261                       314    -53      218

 COOLING
  YESTERDAY        0                         0      0        1
  MONTH TO DATE    7                         0      7       15
  SINCE SEP 1      7                         0      7       15
  SINCE JAN 1    293                       157    136      224
..................................................................


WIND (MPH)
  RESULTANT WIND SPEED  10   RESULTANT WIND DIRECTION   W (260)
  HIGHEST WIND SPEED    21   HIGHEST WIND DIRECTION     W (290)
  HIGHEST GUST SPEED    25   HIGHEST GUST DIRECTION     W (280)
  AVERAGE WIND SPEED    11.8


SKY COVER
  POSSIBLE SUNSHINE  MM
  AVERAGE SKY COVER 0.8


WEATHER CONDITIONS
 THE FOLLOWING WEATHER WAS RECORDED YESTERDAY.
  LIGHT RAIN
  SNOW
  LIGHT SNOW
  FOG
  FOG W/VISIBILITY <= 1/4 MILE


RELATIVE HUMIDITY (PERCENT)
 HIGHEST    96           200 AM
 LOWEST     54           500 PM
 AVERAGE    75

..........................................................


THE EVANSTON WY CLIMATE NORMALS FOR TODAY
                         NORMAL    RECORD    YEAR
 MAXIMUM TEMPERATURE (F)   65        MM        MM
 MINIMUM TEMPERATURE (F)   39        MM        MM


SUNRISE AND SUNSET
SEPTEMBER 25 2016.....SUNRISE   715 AM MDT   SUNSET   715 PM MDT
SEPTEMBER 26 2016.....SUNRISE   716 AM MDT   SUNSET   713 PM MDT


-  INDICATES NEGATIVE NUMBERS.
R  INDICATES RECORD WAS SET OR TIED.
MM INDICATES DATA IS MISSING.
T  INDICATES TRACE AMOUNT.




$$
