543
CDUS45 KSLC 190026
CLIEVW


CLIMATE REPORT
NATIONAL WEATHER SERVICE SALT LAKE CITY UT
625 PM MDT FRI AUG 18 2017


...................................

...THE EVANSTON WY CLIMATE SUMMARY FOR AUGUST 18 2017...
VALID TODAY AS OF 0500 PM LOCAL TIME.

CLIMATE NORMAL PERIOD 1981 TO 2010
CLIMATE RECORD PERIOD 9999 TO 9999


WEATHER ITEM   OBSERVED TIME   RECORD YEAR NORMAL DEPARTURE LAST
                VALUE   (LST)  VALUE       VALUE  FROM      YEAR
                                                  NORMAL
..................................................................
TEMPERATURE (F)
 TODAY
  MAXIMUM         82        MM  MM      MM  79      3       78
  MINIMUM         50    500 AM  MM      MM  50      0       50
  AVERAGE         66                        65      1       64

PRECIPITATION (IN)
  TODAY            0.00         MM      MM   0.03  -0.03     0.00
  MONTH TO DATE    0.01                      0.57  -0.56     0.18
  SINCE OCT 1      6.94                     10.43  -3.49     4.86
  SINCE JAN 1      5.36                      7.64  -2.28     3.87

DEGREE DAYS
 HEATING
  TODAY            0                         2     -2        1
  MONTH TO DATE   20                        24     -4        7
  SINCE JUN 1    150                       290   -140       84
  SINCE JUL 1     23                        60    -37       32

 COOLING
  TODAY            1                         2     -1        0
  MONTH TO DATE   43                        47     -4       61
  SINCE JUN 1    254                       142    112      267
  SINCE JAN 1    254                       143    111      267
..................................................................


WIND (MPH)
  RESULTANT WIND SPEED   7   RESULTANT WIND DIRECTION  SW (220)
  HIGHEST WIND SPEED    22   HIGHEST WIND DIRECTION     W (270)
  HIGHEST GUST SPEED    31   HIGHEST GUST DIRECTION     W (250)
  AVERAGE WIND SPEED    10.4


SKY COVER
  POSSIBLE SUNSHINE  MM
  AVERAGE SKY COVER 0.0


WEATHER CONDITIONS
 THE FOLLOWING WEATHER WAS RECORDED TODAY.
  NO SIGNIFICANT WEATHER WAS OBSERVED.


RELATIVE HUMIDITY (PERCENT)
 HIGHEST    52           600 AM
 LOWEST     15           300 PM
 AVERAGE    34

..........................................................


THE EVANSTON WY CLIMATE NORMALS FOR TOMORROW
                         NORMAL    RECORD    YEAR
 MAXIMUM TEMPERATURE (F)   79        MM        MM
 MINIMUM TEMPERATURE (F)   50        MM        MM


SUNRISE AND SUNSET
AUGUST 18 2017........SUNRISE   637 AM MDT   SUNSET   818 PM MDT
AUGUST 19 2017........SUNRISE   638 AM MDT   SUNSET   817 PM MDT


-  INDICATES NEGATIVE NUMBERS.
R  INDICATES RECORD WAS SET OR TIED.
MM INDICATES DATA IS MISSING.
T  INDICATES TRACE AMOUNT.




$$
