918
CDUS42 KMHX 220625
CLIEWN


CLIMATE REPORT
NATIONAL WEATHER SERVICE NEWPORT/MOREHEAD CITY NC
125 AM EST SUN JAN 22 2017


...................................

...THE NEW BERN NC CLIMATE SUMMARY FOR JANUARY 21 2017...

CLIMATE NORMAL PERIOD 1981 TO 2010
CLIMATE RECORD PERIOD 1948 TO 2017


WEATHER ITEM   OBSERVED TIME   RECORD YEAR NORMAL DEPARTURE LAST
                VALUE   (LST)  VALUE       VALUE  FROM      YEAR
                                                  NORMAL
..................................................................
TEMPERATURE (F)
 YESTERDAY
  MAXIMUM         60   1153 PM  78    1954  55      5       45
  MINIMUM         49    834 AM   1    1985  34     15       25
  AVERAGE         55                        44     11       35

PRECIPITATION (IN)
  YESTERDAY        0.07          1.06 2010   0.12  -0.05     0.00
  MONTH TO DATE    2.98                      2.75   0.23     1.62
  SINCE DEC 1      6.48                      6.15   0.33     8.04
  SINCE JAN 1      2.98                      2.75   0.23     1.62

SNOWFALL (IN)
  YESTERDAY       MM
  MONTH TO DATE    T
  SINCE NOV 1      T
  SINCE JUL 1      T
  SNOW DEPTH       0

DEGREE DAYS
 HEATING
  YESTERDAY       10                        21    -11       30
  MONTH TO DATE  338                       441   -103      478
  SINCE DEC 1    876                      1008   -132      682
  SINCE JUL 1   1271                      1435   -164      965

 COOLING
  YESTERDAY        0                         0      0        0
  MONTH TO DATE    0                         0      0        0
  SINCE DEC 1      0                         3     -3       49
  SINCE JAN 1      0                         0      0        0
..................................................................


WIND (MPH)
  HIGHEST WIND SPEED    14   HIGHEST WIND DIRECTION    SE (140)
  HIGHEST GUST SPEED    19   HIGHEST GUST DIRECTION    SE (150)
  AVERAGE WIND SPEED     4.2


SKY COVER
  POSSIBLE SUNSHINE  MM
  AVERAGE SKY COVER 0.8


WEATHER CONDITIONS
 THE FOLLOWING WEATHER WAS RECORDED YESTERDAY.
  LIGHT RAIN
  FOG
  FOG W/VISIBILITY <= 1/4 MILE


RELATIVE HUMIDITY (PERCENT)
 HIGHEST   100          1200 AM
 LOWEST     75           300 PM
 AVERAGE    88

..........................................................


THE NEW BERN NC CLIMATE NORMALS FOR TODAY
                         NORMAL    RECORD    YEAR
 MAXIMUM TEMPERATURE (F)   55        74      1962
 MINIMUM TEMPERATURE (F)   34        13      1970


SUNRISE AND SUNSET
JANUARY 22 2017.......SUNRISE   713 AM EST   SUNSET   527 PM EST
JANUARY 23 2017.......SUNRISE   713 AM EST   SUNSET   528 PM EST


-  INDICATES NEGATIVE NUMBERS.
R  INDICATES RECORD WAS SET OR TIED.
MM INDICATES DATA IS MISSING.
T  INDICATES TRACE AMOUNT.




$$
