000
CDUS42 KMHX 272131
CLIEWN


CLIMATE REPORT
NATIONAL WEATHER SERVICE NEWPORT/MOREHEAD CITY NC
531 PM EDT FRI MAY 27 2016


...................................

...THE NEW BERN NC CLIMATE SUMMARY FOR MAY 27 2016...
VALID TODAY AS OF 0500 PM LOCAL TIME.

CLIMATE NORMAL PERIOD 1981 TO 2010
CLIMATE RECORD PERIOD 1948 TO 2016


WEATHER ITEM   OBSERVED TIME   RECORD YEAR NORMAL DEPARTURE LAST
                VALUE   (LST)  VALUE       VALUE  FROM      YEAR
                                                  NORMAL
..................................................................
TEMPERATURE (F)
 TODAY
  MAXIMUM         84    207 PM  96    1989  83      1       86
  MINIMUM         59    452 AM  46    1961  62     -3       66
  AVERAGE         72                        72      0       76

PRECIPITATION (IN)
  TODAY            0.00          1.67 2003   0.15  -0.15      T
  MONTH TO DATE    4.59                      3.56   1.03     2.83
  SINCE MAR 1      9.60                     11.12  -1.52     8.45
  SINCE JAN 1     20.62                     18.80   1.82    16.82

SNOWFALL (IN)
  TODAY            0.0
  MONTH TO DATE    0.0
  SINCE NOV 1      T
  SINCE JUL 1      T
  SNOW DEPTH       0

DEGREE DAYS
 HEATING
  TODAY            0                         0      0        0
  MONTH TO DATE   34                        32      2       19
  SINCE MAR 1    424                       553   -129      476
  SINCE JUL 1   2112                      2699   -587     2719

 COOLING
  TODAY            7                         8     -1       11
  MONTH TO DATE  126                       140    -14      164
  SINCE MAR 1    227                       207     20      252
  SINCE JAN 1    227                       210     17      259
..................................................................


WIND (MPH)
  HIGHEST WIND SPEED    13   HIGHEST WIND DIRECTION    SE (130)
  HIGHEST GUST SPEED    17   HIGHEST GUST DIRECTION    SE (140)
  AVERAGE WIND SPEED     4.4


SKY COVER
  POSSIBLE SUNSHINE  MM
  AVERAGE SKY COVER 0.0


WEATHER CONDITIONS
 THE FOLLOWING WEATHER WAS RECORDED TODAY.
  FOG
  FOG W/VISIBILITY <= 1/4 MILE


RELATIVE HUMIDITY (PERCENT)
 HIGHEST    97           300 AM
 LOWEST     40           200 PM
 AVERAGE    69

..........................................................


THE NEW BERN NC CLIMATE NORMALS FOR TOMORROW
                         NORMAL    RECORD    YEAR
 MAXIMUM TEMPERATURE (F)   83        93      2014
                                             2004
 MINIMUM TEMPERATURE (F)   62        42      1961


SUNRISE AND SUNSET
MAY 27 2016...........SUNRISE   557 AM EDT   SUNSET   814 PM EDT
MAY 28 2016...........SUNRISE   557 AM EDT   SUNSET   815 PM EDT


-  INDICATES NEGATIVE NUMBERS.
R  INDICATES RECORD WAS SET OR TIED.
MM INDICATES DATA IS MISSING.
T  INDICATES TRACE AMOUNT.




$$
