000
CDUS42 KMHX 270545
CLIEWN


CLIMATE REPORT
NATIONAL WEATHER SERVICE NEWPORT/MOREHEAD CITY NC
145 AM EDT SAT MAY 27 2017


...................................

...THE NEW BERN NC CLIMATE SUMMARY FOR MAY 26 2017...

CLIMATE NORMAL PERIOD 1981 TO 2010
CLIMATE RECORD PERIOD 1948 TO 2017


WEATHER ITEM   OBSERVED TIME   RECORD YEAR NORMAL DEPARTURE LAST
                VALUE   (LST)  VALUE       VALUE  FROM      YEAR
                                                  NORMAL
..................................................................
TEMPERATURE (F)
 YESTERDAY
  MAXIMUM         83    412 PM 100    1953  83      0       87
  MINIMUM         62   1159 PM  48    2013  62      0       65
  AVERAGE         73                        72      1       76

PRECIPITATION (IN)
  YESTERDAY        0.00          1.36 1968   0.15  -0.15     0.00
  MONTH TO DATE    2.87                      3.41  -0.54     4.59
  SINCE MAR 1     11.27                     10.97   0.30     9.60
  SINCE JAN 1     17.49                     18.65  -1.16    20.62

SNOWFALL (IN)
  YESTERDAY        0.0
  MONTH TO DATE    0.0
  SINCE NOV 1      T
  SINCE JUL 1      T
  SNOW DEPTH       0

DEGREE DAYS
 HEATING
  YESTERDAY        0                         0      0        0
  MONTH TO DATE   28                        32     -4       34
  SINCE MAR 1    494                       553    -59      424
  SINCE JUL 1   2234                      2699   -465     2112

 COOLING
  YESTERDAY        8                         8      0       11
  MONTH TO DATE  158                       132     26      119
  SINCE MAR 1    300                       199    101      220
  SINCE JAN 1    306                       202    104      220
..................................................................


WIND (MPH)
  HIGHEST WIND SPEED    20   HIGHEST WIND DIRECTION    NW (300)
  HIGHEST GUST SPEED    26   HIGHEST GUST DIRECTION    NW (310)
  AVERAGE WIND SPEED     8.8


SKY COVER
  POSSIBLE SUNSHINE  MM
  AVERAGE SKY COVER 0.1


WEATHER CONDITIONS
 THE FOLLOWING WEATHER WAS RECORDED YESTERDAY.
  NO SIGNIFICANT WEATHER WAS OBSERVED.


RELATIVE HUMIDITY (PERCENT)
 HIGHEST    93          1000 PM
 LOWEST     40           300 PM
 AVERAGE    67

..........................................................


THE NEW BERN NC CLIMATE NORMALS FOR TODAY
                         NORMAL    RECORD    YEAR
 MAXIMUM TEMPERATURE (F)   83        96      1989
 MINIMUM TEMPERATURE (F)   62        46      1961


SUNRISE AND SUNSET
MAY 27 2017...........SUNRISE   557 AM EDT   SUNSET   814 PM EDT
MAY 28 2017...........SUNRISE   557 AM EDT   SUNSET   815 PM EDT


-  INDICATES NEGATIVE NUMBERS.
R  INDICATES RECORD WAS SET OR TIED.
MM INDICATES DATA IS MISSING.
T  INDICATES TRACE AMOUNT.




$$
