000
CDUS42 KMHX 300526
CLIEWN


CLIMATE REPORT
NATIONAL WEATHER SERVICE NEWPORT/MOREHEAD CITY NC
125 AM EDT THU MAR 30 2017


...................................

...THE NEW BERN NC CLIMATE SUMMARY FOR MARCH 29 2017...

CLIMATE NORMAL PERIOD 1981 TO 2010
CLIMATE RECORD PERIOD 1948 TO 2017


WEATHER ITEM   OBSERVED TIME   RECORD YEAR NORMAL DEPARTURE LAST
                VALUE   (LST)  VALUE       VALUE  FROM      YEAR
                                                  NORMAL
..................................................................
TEMPERATURE (F)
 YESTERDAY
  MAXIMUM         70    219 PM  88    1985  69      1       68
  MINIMUM         51    314 AM  28    2015  46      5       47
                                      1966
  AVERAGE         61                        57      4       58

PRECIPITATION (IN)
  YESTERDAY        0.00          3.81 1990   0.14  -0.14     0.00
  MONTH TO DATE    3.41                      4.12  -0.71     3.16
  SINCE MAR 1      3.41                      4.12  -0.71     3.16
  SINCE JAN 1      9.63                     11.80  -2.17    14.18

SNOWFALL (IN)
  YESTERDAY        0.0
  MONTH TO DATE    0.0
  SINCE NOV 1      T
  SINCE JUL 1      T
  SNOW DEPTH       0

DEGREE DAYS
 HEATING
  YESTERDAY        4                         8     -4        7
  MONTH TO DATE  403                       353     50      208
  SINCE MAR 1    403                       353     50      208
  SINCE JUL 1   2143                      2499   -356     1896

 COOLING
  YESTERDAY        0                         1     -1        0
  MONTH TO DATE    8                         3      5       48
  SINCE MAR 1      8                         3      5       48
  SINCE JAN 1     14                         6      8       48
..................................................................


WIND (MPH)
  HIGHEST WIND SPEED    16   HIGHEST WIND DIRECTION    NE (60)
  HIGHEST GUST SPEED    22   HIGHEST GUST DIRECTION    NE (30)
  AVERAGE WIND SPEED     6.6


SKY COVER
  POSSIBLE SUNSHINE  MM
  AVERAGE SKY COVER 0.5


WEATHER CONDITIONS
 THE FOLLOWING WEATHER WAS RECORDED YESTERDAY.
  FOG
  FOG W/VISIBILITY <= 1/4 MILE


RELATIVE HUMIDITY (PERCENT)
 HIGHEST   100          1200 AM
 LOWEST     57           200 PM
 AVERAGE    79

..........................................................


THE NEW BERN NC CLIMATE NORMALS FOR TODAY
                         NORMAL    RECORD    YEAR
 MAXIMUM TEMPERATURE (F)   69        90      1985
 MINIMUM TEMPERATURE (F)   46        32      1964


SUNRISE AND SUNSET
MARCH 30 2017.........SUNRISE   657 AM EDT   SUNSET   728 PM EDT
MARCH 31 2017.........SUNRISE   656 AM EDT   SUNSET   729 PM EDT


-  INDICATES NEGATIVE NUMBERS.
R  INDICATES RECORD WAS SET OR TIED.
MM INDICATES DATA IS MISSING.
T  INDICATES TRACE AMOUNT.




$$
