000
CDUS42 KMHX 111245
CLIEWN


CLIMATE REPORT
NATIONAL WEATHER SERVICE NEWPORT/MOREHEAD CITY NC
745 AM EST SUN DEC 11 2016


...................................

...THE NEW BERN NC CLIMATE SUMMARY FOR DECEMBER 10 2016...

CLIMATE NORMAL PERIOD 1981 TO 2010
CLIMATE RECORD PERIOD 1948 TO 2016


WEATHER ITEM   OBSERVED TIME   RECORD YEAR NORMAL DEPARTURE LAST
                VALUE   (LST)  VALUE       VALUE  FROM      YEAR
                                                  NORMAL
..................................................................
TEMPERATURE (F)
 YESTERDAY
  MAXIMUM         44    318 PM  79    2007  59    -15       71
  MINIMUM         24   1158 PM  20    1968  37    -13       46
  AVERAGE         34                        48    -14       59

PRECIPITATION (IN)
  YESTERDAY        0.00          2.50 2003   0.11  -0.11     0.02
  MONTH TO DATE    1.90                      1.11   0.79     1.87
  SINCE DEC 1      1.90                      1.11   0.79     1.87
  SINCE JAN 1     63.71                     50.46  13.25    61.76

SNOWFALL (IN)
  YESTERDAY        0.0
  MONTH TO DATE    0.0
  SINCE NOV 1      0.0
  SINCE JUL 1      0.0
  SNOW DEPTH       0

DEGREE DAYS
 HEATING
  YESTERDAY       31                        17     14        6
  MONTH TO DATE  169                       159     10      117
  SINCE DEC 1    169                       159     10      117
  SINCE JUL 1    564                       586    -22      400

 COOLING
  YESTERDAY        0                         0      0        0
  MONTH TO DATE    0                         0      0        1
  SINCE DEC 1      0                         0      0        1
  SINCE JAN 1   2260                      1900    360     2167
..................................................................


WIND (MPH)
  HIGHEST WIND SPEED    10   HIGHEST WIND DIRECTION    NW (310)
  HIGHEST GUST SPEED    15   HIGHEST GUST DIRECTION    NW (320)
  AVERAGE WIND SPEED     4.5


SKY COVER
  POSSIBLE SUNSHINE  MM
  AVERAGE SKY COVER 0.0


WEATHER CONDITIONS
 THE FOLLOWING WEATHER WAS RECORDED YESTERDAY.
  NO SIGNIFICANT WEATHER WAS OBSERVED.


RELATIVE HUMIDITY (PERCENT)
 HIGHEST    84          1200 AM
 LOWEST     33           400 PM
 AVERAGE    59

..........................................................


THE NEW BERN NC CLIMATE NORMALS FOR TODAY
                         NORMAL    RECORD    YEAR
 MAXIMUM TEMPERATURE (F)   59        75      1971
 MINIMUM TEMPERATURE (F)   37        18      1968


SUNRISE AND SUNSET
DECEMBER 11 2016......SUNRISE   707 AM EST   SUNSET   457 PM EST
DECEMBER 12 2016......SUNRISE   707 AM EST   SUNSET   457 PM EST


-  INDICATES NEGATIVE NUMBERS.
R  INDICATES RECORD WAS SET OR TIED.
MM INDICATES DATA IS MISSING.
T  INDICATES TRACE AMOUNT.




$$
