000
CDUS42 KMHX 290526
CLIEWN


CLIMATE REPORT
NATIONAL WEATHER SERVICE NEWPORT/MOREHEAD CITY NC
126 AM EDT FRI AUG 29 2014


...................................

...THE NEW BERN NC CLIMATE SUMMARY FOR AUGUST 28 2014...

CLIMATE NORMAL PERIOD 1981 TO 2010
CLIMATE RECORD PERIOD 1948 TO 2014


WEATHER ITEM   OBSERVED TIME   RECORD YEAR NORMAL DEPARTURE LAST
                VALUE   (LST)  VALUE       VALUE  FROM      YEAR
                                                  NORMAL
..................................................................
TEMPERATURE (F)
 YESTERDAY
  MAXIMUM         94    237 PM  96    1987  87      7       89
  MINIMUM         66    556 AM  57    1986  69     -3       71
  AVERAGE         80                        78      2       80

PRECIPITATION (IN)
  YESTERDAY        0.00          2.09 1959   0.20  -0.20     0.01
  MONTH TO DATE    9.13                      6.07   3.06     6.08
  SINCE JUN 1     19.13                     16.83   2.30    18.02
  SINCE JAN 1     37.01                     36.22   0.79    29.37

SNOWFALL (IN)
  YESTERDAY        0.0
  MONTH TO DATE    0.0
  SINCE NOV 1     14.0
  SINCE JUL 1      0.0
  SNOW DEPTH       0

DEGREE DAYS
 HEATING
  YESTERDAY        0                         0      0        0
  MONTH TO DATE    0                         0      0        0
  SINCE JUN 1      0                         1     -1        0
  SINCE JUL 1      0                         0      0        0

 COOLING
  YESTERDAY       15                        13      2       15
  MONTH TO DATE  396                       400     -4      390
  SINCE JUN 1   1300                      1247     53     1316
  SINCE JAN 1   1661                      1490    171     1572
..................................................................


WIND (MPH)
  HIGHEST WIND SPEED     9   HIGHEST WIND DIRECTION     W (260)
  HIGHEST GUST SPEED    12   HIGHEST GUST DIRECTION     W (250)
  AVERAGE WIND SPEED     3.6


SKY COVER
  POSSIBLE SUNSHINE  MM
  AVERAGE SKY COVER 0.1


WEATHER CONDITIONS
 THE FOLLOWING WEATHER WAS RECORDED YESTERDAY.
  NO SIGNIFICANT WEATHER WAS OBSERVED.


RELATIVE HUMIDITY (PERCENT)
 HIGHEST    90          1200 AM
 LOWEST     41           200 PM
 AVERAGE    66

..........................................................


THE NEW BERN NC CLIMATE NORMALS FOR TODAY
                         NORMAL    RECORD    YEAR
 MAXIMUM TEMPERATURE (F)   87        98      1993
 MINIMUM TEMPERATURE (F)   69        54      1965


SUNRISE AND SUNSET
AUGUST 29 2014........SUNRISE   639 AM EDT   SUNSET   739 PM EDT
AUGUST 30 2014........SUNRISE   639 AM EDT   SUNSET   738 PM EDT


-  INDICATES NEGATIVE NUMBERS.
R  INDICATES RECORD WAS SET OR TIED.
MM INDICATES DATA IS MISSING.
T  INDICATES TRACE AMOUNT.




$$
