000
CDUS42 KMHX 190526
CLIEWN


CLIMATE REPORT
NATIONAL WEATHER SERVICE NEWPORT/MOREHEAD CITY NC
126 AM EDT TUE SEP 19 2017


...................................

...THE NEW BERN NC CLIMATE SUMMARY FOR SEPTEMBER 18 2017...

CLIMATE NORMAL PERIOD 1981 TO 2010
CLIMATE RECORD PERIOD 1948 TO 2017


WEATHER ITEM   OBSERVED TIME   RECORD YEAR NORMAL DEPARTURE LAST
                VALUE   (LST)  VALUE       VALUE  FROM      YEAR
                                                  NORMAL
..................................................................
TEMPERATURE (F)
 YESTERDAY
  MAXIMUM         84    354 PM  95    1958  83      1       88
  MINIMUM         70    101 AM  52    1990  65      5       73
  AVERAGE         77                        74      3       81

PRECIPITATION (IN)
  YESTERDAY        0.00          5.18 2003   0.21  -0.21     0.07
  MONTH TO DATE    2.22                      3.67  -1.45     7.46
  SINCE SEP 1      2.22                      3.67  -1.45     7.46
  SINCE JAN 1     40.86                     40.47   0.39    50.83

SNOWFALL (IN)
  YESTERDAY        0.0
  MONTH TO DATE    0.0
  SINCE NOV 1      T
  SINCE JUL 1      0.0
  SNOW DEPTH       0

DEGREE DAYS
 HEATING
  YESTERDAY        0                         0      0        0
  MONTH TO DATE    0                         0      0        0
  SINCE SEP 1      0                         0      0        0
  SINCE JUL 1      0                         0      0        0

 COOLING
  YESTERDAY       12                         9      3       16
  MONTH TO DATE  169                       191    -22      230
  SINCE SEP 1    169                       191    -22      230
  SINCE JAN 1   1852                      1720    132     1985
..................................................................


WIND (MPH)
  HIGHEST WIND SPEED    18   HIGHEST WIND DIRECTION     N (10)
  HIGHEST GUST SPEED    24   HIGHEST GUST DIRECTION    NE (40)
  AVERAGE WIND SPEED    10.1


SKY COVER
  POSSIBLE SUNSHINE  MM
  AVERAGE SKY COVER 0.7


WEATHER CONDITIONS
 THE FOLLOWING WEATHER WAS RECORDED YESTERDAY.
  FOG


RELATIVE HUMIDITY (PERCENT)
 HIGHEST   100          1200 AM
 LOWEST     51           200 PM
 AVERAGE    76

..........................................................


THE NEW BERN NC CLIMATE NORMALS FOR TODAY
                         NORMAL    RECORD    YEAR
 MAXIMUM TEMPERATURE (F)   82        93      1978
 MINIMUM TEMPERATURE (F)   64        51      1990


SUNRISE AND SUNSET
SEPTEMBER 19 2017.....SUNRISE   654 AM EDT   SUNSET   709 PM EDT
SEPTEMBER 20 2017.....SUNRISE   655 AM EDT   SUNSET   707 PM EDT


-  INDICATES NEGATIVE NUMBERS.
R  INDICATES RECORD WAS SET OR TIED.
MM INDICATES DATA IS MISSING.
T  INDICATES TRACE AMOUNT.




$$
