000
CDUS42 KMHX 180531
CLIEWN


CLIMATE REPORT
NATIONAL WEATHER SERVICE NEWPORT/MOREHEAD CITY NC
131 AM EDT FRI APR 18 2014


...................................

...THE NEW BERN NC CLIMATE SUMMARY FOR APRIL 17 2014...

CLIMATE NORMAL PERIOD 1981 TO 2010
CLIMATE RECORD PERIOD 1948 TO 2014


WEATHER ITEM   OBSERVED TIME   RECORD YEAR NORMAL DEPARTURE LAST
                VALUE   (LST)  VALUE       VALUE  FROM      YEAR
                                                  NORMAL
..................................................................
TEMPERATURE (F)
 YESTERDAY
  MAXIMUM         65    241 PM  91    1976  74     -9       83
  MINIMUM         41    602 AM  34    2009  51    -10       53
                                      1962
  AVERAGE         53                        62     -9       68

PRECIPITATION (IN)
  YESTERDAY        0.00          0.37 1967   0.10  -0.10     0.00
  MONTH TO DATE    1.44                      1.77  -0.33     0.68
  SINCE MAR 1      6.04                      6.16  -0.12     1.85
  SINCE JAN 1     12.57                     13.84  -1.27     7.99

SNOWFALL (IN)
  YESTERDAY        0.0
  MONTH TO DATE    0.0
  SINCE NOV 1     14.0
  SINCE JUL 1     14.0
  SNOW DEPTH       0

DEGREE DAYS
 HEATING
  YESTERDAY       12                         5      7        0
  MONTH TO DATE   57                       107    -50       91
  SINCE MAR 1    515                       476     39      573
  SINCE JUL 1   2589                      2622    -33     2499

 COOLING
  YESTERDAY        0                         2     -2        3
  MONTH TO DATE   43                        24     19       47
  SINCE MAR 1     46                        35     11       48
  SINCE JAN 1     51                        38     13       55
..................................................................


WIND (MPH)
  HIGHEST WIND SPEED    17   HIGHEST WIND DIRECTION    NE (40)
  HIGHEST GUST SPEED    23   HIGHEST GUST DIRECTION    NE (40)
  AVERAGE WIND SPEED    11.6


SKY COVER
  POSSIBLE SUNSHINE  MM
  AVERAGE SKY COVER 0.0


WEATHER CONDITIONS
 THE FOLLOWING WEATHER WAS RECORDED YESTERDAY.
  NO SIGNIFICANT WEATHER WAS OBSERVED.


RELATIVE HUMIDITY (PERCENT)
 HIGHEST    82          1100 PM
 LOWEST     48           300 PM
 AVERAGE    65

..........................................................


THE NEW BERN NC CLIMATE NORMALS FOR TODAY
                         NORMAL    RECORD    YEAR
 MAXIMUM TEMPERATURE (F)   74        90      2002
                                             1981
 MINIMUM TEMPERATURE (F)   51        32      2001


SUNRISE AND SUNSET
APRIL 18 2014.........SUNRISE   632 AM EDT   SUNSET   743 PM EDT
APRIL 19 2014.........SUNRISE   631 AM EDT   SUNSET   744 PM EDT


-  INDICATES NEGATIVE NUMBERS.
R  INDICATES RECORD WAS SET OR TIED.
MM INDICATES DATA IS MISSING.
T  INDICATES TRACE AMOUNT.




$$
