000
CDUS42 KMHX 020527
CLIEWN


CLIMATE REPORT
NATIONAL WEATHER SERVICE NEWPORT/MOREHEAD CITY NC
126 AM EDT WED SEP 2 2015


...................................

...THE NEW BERN NC CLIMATE SUMMARY FOR SEPTEMBER 1 2015...

CLIMATE NORMAL PERIOD 1981 TO 2010
CLIMATE RECORD PERIOD 1948 TO 2015


WEATHER ITEM   OBSERVED TIME   RECORD YEAR NORMAL DEPARTURE LAST
                VALUE   (LST)  VALUE       VALUE  FROM      YEAR
                                                  NORMAL
..................................................................
TEMPERATURE (F)
 YESTERDAY
  MAXIMUM         88    324 PM  98    1993  86      2       95
  MINIMUM         73   1147 PM  58    1976  69      4       76
  AVERAGE         81                        77      4       86

PRECIPITATION (IN)
  YESTERDAY        T             2.45 1949   0.23  -0.23     0.00
  MONTH TO DATE    T                         0.23  -0.23     0.00
  SINCE SEP 1      T                         0.23  -0.23     0.00
  SINCE JAN 1     41.22                     37.03   4.19    37.01

SNOWFALL (IN)
  YESTERDAY        0.0
  MONTH TO DATE    0.0
  SINCE NOV 1      3.0
  SINCE JUL 1      0.0
  SNOW DEPTH       0

DEGREE DAYS
 HEATING
  YESTERDAY        0                         0      0        0
  MONTH TO DATE    0                         0      0        0
  SINCE SEP 1      0                         0      0        0
  SINCE JUL 1      0                         0      0        0

 COOLING
  YESTERDAY       16                        12      4       21
  MONTH TO DATE   16                        12      4       21
  SINCE SEP 1     16                        12      4       21
  SINCE JAN 1   1737                      1541    196     1732
..................................................................


WIND (MPH)
  HIGHEST WIND SPEED     8   HIGHEST WIND DIRECTION     W (270)
  HIGHEST GUST SPEED    12   HIGHEST GUST DIRECTION    NW (310)
  AVERAGE WIND SPEED     3.5


SKY COVER
  POSSIBLE SUNSHINE  MM
  AVERAGE SKY COVER 0.6


WEATHER CONDITIONS
 THE FOLLOWING WEATHER WAS RECORDED YESTERDAY.
  FOG


RELATIVE HUMIDITY (PERCENT)
 HIGHEST    94          1200 AM
 LOWEST     59           300 PM
 AVERAGE    77

..........................................................


THE NEW BERN NC CLIMATE NORMALS FOR TODAY
                         NORMAL    RECORD    YEAR
 MAXIMUM TEMPERATURE (F)   86        96      2014
 MINIMUM TEMPERATURE (F)   69        54      1967


SUNRISE AND SUNSET
SEPTEMBER  2 2015.....SUNRISE   641 AM EDT   SUNSET   734 PM EDT
SEPTEMBER  3 2015.....SUNRISE   642 AM EDT   SUNSET   732 PM EDT


-  INDICATES NEGATIVE NUMBERS.
R  INDICATES RECORD WAS SET OR TIED.
MM INDICATES DATA IS MISSING.
T  INDICATES TRACE AMOUNT.




$$
