000
CDUS41 KOKX 200619
CLIEWR


CLIMATE REPORT
NATIONAL WEATHER SERVICE NEW YORK NY
219 AM EDT SUN APR 20 2014


...................................

...THE NEWARK NJ CLIMATE SUMMARY FOR APRIL 19 2014...

CLIMATE NORMAL PERIOD 1981 TO 2010
CLIMATE RECORD PERIOD 1929 TO 2014


WEATHER ITEM   OBSERVED TIME   RECORD YEAR NORMAL DEPARTURE LAST
                VALUE   (LST)  VALUE       VALUE  FROM      YEAR
                                                  NORMAL
..................................................................
TEMPERATURE (F)
 YESTERDAY
  MAXIMUM         69    323 PM  92    1976  63      6       77
  MINIMUM         38    340 AM  33    2001  45     -7       53
  AVERAGE         54                        54      0       65

PRECIPITATION (IN)
  YESTERDAY        0.00          1.97 1978   0.13  -0.13     0.07
  MONTH TO DATE    1.96                      2.74  -0.78     1.28
  SINCE MAR 1      5.61                      6.92  -1.31     4.28
  SINCE JAN 1     13.33                     13.34  -0.01    10.62

SNOWFALL (IN)
  YESTERDAY        0.0           4.1  1983   0.0    0.0      0.0
  MONTH TO DATE    0.4                       0.8   -0.4      0.0
  SINCE OCT 1     61.1                      28.4   32.7     29.5
  SINCE JUL 1     61.1                      28.4   32.7     29.5
  SNOW DEPTH       0

DEGREE DAYS
 HEATING
  YESTERDAY       11                        11      0        0
  MONTH TO DATE  250                       273    -23      229
  SINCE MAR 1   1084                       982    102      988
  SINCE JUL 1   4959                      4617    342     4368

 COOLING
  YESTERDAY        0                         0      0        0
  MONTH TO DATE    8                         0      8        3
  SINCE MAR 1      8                         1      7        3
  SINCE JAN 1      8                         1      7        3
..................................................................


WIND (MPH)
  HIGHEST WIND SPEED    22   HIGHEST WIND DIRECTION    NW (320)
  HIGHEST GUST SPEED    28   HIGHEST GUST DIRECTION    NW (320)
  AVERAGE WIND SPEED     9.2


SKY COVER
  AVERAGE SKY COVER 0.8


WEATHER CONDITIONS
 THE FOLLOWING WEATHER WAS RECORDED YESTERDAY.
  NO SIGNIFICANT WEATHER WAS OBSERVED.


RELATIVE HUMIDITY (PERCENT)
 HIGHEST    85           500 AM
 LOWEST     15           300 PM
 AVERAGE    50

..........................................................


THE NEWARK NJ CLIMATE NORMALS FOR TODAY
                         NORMAL    RECORD    YEAR
 MAXIMUM TEMPERATURE (F)   64        91      1941
 MINIMUM TEMPERATURE (F)   45        34      1953


SUNRISE AND SUNSET
APRIL 20 2014.........SUNRISE   611 AM EDT   SUNSET   741 PM EDT
APRIL 21 2014.........SUNRISE   609 AM EDT   SUNSET   742 PM EDT


-  INDICATES NEGATIVE NUMBERS.
R  INDICATES RECORD WAS SET OR TIED.
MM INDICATES DATA IS MISSING.
T  INDICATES TRACE AMOUNT.




$$
