000
CDUS41 KOKX 280628
CLIEWR


CLIMATE REPORT
NATIONAL WEATHER SERVICE NEW YORK NY
227 AM EDT SAT MAY 28 2016


...................................

...THE NEWARK NJ CLIMATE SUMMARY FOR MAY 27 2016...

CLIMATE NORMAL PERIOD 1981 TO 2010
CLIMATE RECORD PERIOD 1929 TO 2016


WEATHER ITEM   OBSERVED TIME   RECORD YEAR NORMAL DEPARTURE LAST
                VALUE   (LST)  VALUE       VALUE  FROM      YEAR
                                                  NORMAL
..................................................................
TEMPERATURE (F)
 YESTERDAY
  MAXIMUM         89    522 PM  97    1965  76     13       88
  MINIMUM         70    348 AM  43    1967  57     13       69
                                      1961
  AVERAGE         80                        66     14       79

PRECIPITATION (IN)
  YESTERDAY        0.00          2.37 1991   0.14  -0.14     0.20
  MONTH TO DATE    2.25                      3.52  -1.27     1.10
  SINCE MAR 1      4.75                     11.90  -7.15     7.40
  SINCE JAN 1     12.80                     18.32  -5.52    13.88

SNOWFALL (IN)
  YESTERDAY        0.0           0.0  2002   0.0    0.0      0.0
                                      2001
  MONTH TO DATE    0.0                       0.0    0.0      0.0
  SINCE OCT 1     36.4                      28.5    7.9     46.4
  SINCE JUL 1     36.4                      28.5    7.9     46.4
  SNOW DEPTH       0

DEGREE DAYS
 HEATING
  YESTERDAY        0                         2     -2        0
  MONTH TO DATE  170                       128     42       48
  SINCE MAR 1   1026                      1213   -187     1211
  SINCE JUL 1   3899                      4848   -949     5114

 COOLING
  YESTERDAY       15                         4     11       14
  MONTH TO DATE   43                        48     -5      112
  SINCE MAR 1     61                        60      1      115
  SINCE JAN 1     61                        60      1      115
..................................................................


WIND (MPH)
  HIGHEST WIND SPEED    16   HIGHEST WIND DIRECTION    SE (140)
  HIGHEST GUST SPEED    22   HIGHEST GUST DIRECTION    SE (150)
  AVERAGE WIND SPEED     7.3


SKY COVER
  AVERAGE SKY COVER 0.7


WEATHER CONDITIONS
 THE FOLLOWING WEATHER WAS RECORDED YESTERDAY.
  NO SIGNIFICANT WEATHER WAS OBSERVED.


RELATIVE HUMIDITY (PERCENT)
 HIGHEST    69          1100 PM
 LOWEST     46          1200 AM
 AVERAGE    58

..........................................................


THE NEWARK NJ CLIMATE NORMALS FOR TODAY
                         NORMAL    RECORD    YEAR
 MAXIMUM TEMPERATURE (F)   76        92      1959
 MINIMUM TEMPERATURE (F)   57        42      1961


SUNRISE AND SUNSET
MAY 28 2016...........SUNRISE   530 AM EDT   SUNSET   819 PM EDT
MAY 29 2016...........SUNRISE   529 AM EDT   SUNSET   820 PM EDT


-  INDICATES NEGATIVE NUMBERS.
R  INDICATES RECORD WAS SET OR TIED.
MM INDICATES DATA IS MISSING.
T  INDICATES TRACE AMOUNT.




$$
