002
CDUS41 KOKX 110617
CLIEWR


CLIMATE REPORT
NATIONAL WEATHER SERVICE NEW YORK NY
117 AM EST SUN DEC 11 2016


...................................

...THE NEWARK NJ CLIMATE SUMMARY FOR DECEMBER 10 2016...

CLIMATE NORMAL PERIOD 1981 TO 2010
CLIMATE RECORD PERIOD 1929 TO 2016


WEATHER ITEM   OBSERVED TIME   RECORD YEAR NORMAL DEPARTURE LAST
                VALUE   (LST)  VALUE       VALUE  FROM      YEAR
                                                  NORMAL
..................................................................
TEMPERATURE (F)
 YESTERDAY
  MAXIMUM         37   1207 PM  72    1946  45     -8       62
  MINIMUM         23    527 AM   8    1968  31     -8       48
  AVERAGE         30                        38     -8       55

PRECIPITATION (IN)
  YESTERDAY        T             1.06 1969   0.13  -0.13      T
  MONTH TO DATE    0.76                      1.31  -0.55     0.52
  SINCE DEC 1      0.76                      1.31  -0.55     0.52
  SINCE JAN 1     36.26                     43.75  -7.49    35.10

SNOWFALL (IN)
  YESTERDAY        T             2.3  2013   0.1   -0.1      0.0
  MONTH TO DATE    T                         1.1   -1.1      0.0
  SINCE OCT 1      T                         1.5   -1.5      0.0
  SINCE JUL 1      T                         1.5   -1.5      0.0
  SNOW DEPTH       0

DEGREE DAYS
 HEATING
  YESTERDAY       35                        27      8       10
  MONTH TO DATE  235                       252    -17      179
  SINCE DEC 1    235                       252    -17      179
  SINCE JUL 1    918                      1120   -202      811

 COOLING
  YESTERDAY        0                         0      0        0
  MONTH TO DATE    0                         0      0        0
  SINCE DEC 1      0                         0      0        0
  SINCE JAN 1   1571                      1192    379     1555
..................................................................


WIND (MPH)
  HIGHEST WIND SPEED    18   HIGHEST WIND DIRECTION     W (290)
  HIGHEST GUST SPEED    24   HIGHEST GUST DIRECTION     W (280)
  AVERAGE WIND SPEED     9.3


SKY COVER
  AVERAGE SKY COVER 0.4


WEATHER CONDITIONS
 THE FOLLOWING WEATHER WAS RECORDED YESTERDAY.
  NO SIGNIFICANT WEATHER WAS OBSERVED.


RELATIVE HUMIDITY (PERCENT)
 HIGHEST    75           700 AM
 LOWEST     44           200 PM
 AVERAGE    60

..........................................................


THE NEWARK NJ CLIMATE NORMALS FOR TODAY
                         NORMAL    RECORD    YEAR
 MAXIMUM TEMPERATURE (F)   45        65      1971
                                             1966
 MINIMUM TEMPERATURE (F)   31        11      1977
                                             1934


SUNRISE AND SUNSET
DECEMBER 11 2016......SUNRISE   711 AM EST   SUNSET   429 PM EST
DECEMBER 12 2016......SUNRISE   712 AM EST   SUNSET   430 PM EST


-  INDICATES NEGATIVE NUMBERS.
R  INDICATES RECORD WAS SET OR TIED.
MM INDICATES DATA IS MISSING.
T  INDICATES TRACE AMOUNT.




$$
