000
CDUS43 KIND 250532
CLIEYE


CLIMATE REPORT
NATIONAL WEATHER SERVICE INDIANAPOLIS IN
132 AM EDT SAT OCT 25 2014


...................................

...THE INDIANAPOLIS EAGLE CREEK IN CLIMATE SUMMARY FOR OCTOBER 24 2014...

CLIMATE NORMAL PERIOD 1981 TO 2010
CLIMATE RECORD PERIOD 9999 TO 9999


WEATHER ITEM   OBSERVED TIME   NORMAL DEPARTURE LAST
                VALUE   (LST)  VALUE  FROM      YEAR
                                      NORMAL
......................................................
TEMPERATURE (F)
 YESTERDAY
  MAXIMUM         66    427 PM  61      5       39
  MINIMUM         40    621 AM  43     -3       33
  AVERAGE         53            52      1       36

PRECIPITATION (IN)
  YESTERDAY        0.00          0.10  -0.10     0.02
  MONTH TO DATE    1.94          2.44  -0.50     3.78
  SINCE SEP 1      5.36          4.69   0.67     6.09
  SINCE JAN 1     34.18         33.34   0.84    33.58

DEGREE DAYS
 HEATING
  YESTERDAY       12            13     -1       29
  MONTH TO DATE  229           231     -2      236
  SINCE SEP 1    303           289     14      278
  SINCE JUL 1    311           292     19      289

 COOLING
  YESTERDAY        0             0      0        0
  MONTH TO DATE    8            12     -4       28
  SINCE SEP 1    100           135    -35      171
  SINCE JAN 1    893          1055   -162     1006
......................................................


WIND (MPH)
  HIGHEST WIND SPEED     9   HIGHEST WIND DIRECTION    SW (240)
  HIGHEST GUST SPEED    15   HIGHEST GUST DIRECTION    SW (230)
  AVERAGE WIND SPEED     2.3


SKY COVER
  AVERAGE SKY COVER 0.4


WEATHER CONDITIONS
 THE FOLLOWING WEATHER WAS RECORDED YESTERDAY.
  FOG


RELATIVE HUMIDITY (PERCENT)
 HIGHEST    96           200 AM
 LOWEST     52           300 PM
 AVERAGE    74

..........................................................


THE INDIANAPOLIS EAGLE CREEK IN CLIMATE NORMALS FOR TODAY
                         NORMAL
 MAXIMUM TEMPERATURE (F)   61
 MINIMUM TEMPERATURE (F)   43


SUNRISE AND SUNSET
OCTOBER 25 2014.......SUNRISE   806 AM EDT   SUNSET   652 PM EDT
OCTOBER 26 2014.......SUNRISE   807 AM EDT   SUNSET   650 PM EDT


-  INDICATES NEGATIVE NUMBERS.
R  INDICATES RECORD WAS SET OR TIED.
MM INDICATES DATA IS MISSING.
T  INDICATES TRACE AMOUNT.




$$
