000
CDUS43 KIND 190531
CLIEYE


CLIMATE REPORT
NATIONAL WEATHER SERVICE INDIANAPOLIS IN
1231 AM EST SUN NOV 19 2017


...................................

...THE INDIANAPOLIS EAGLE CREEK IN CLIMATE SUMMARY FOR NOVEMBER 18 2017...

CLIMATE NORMAL PERIOD 1981 TO 2010
CLIMATE RECORD PERIOD 9999 TO 9999


WEATHER ITEM   OBSERVED TIME   NORMAL DEPARTURE LAST
                VALUE   (LST)  VALUE  FROM      YEAR
                                      NORMAL
......................................................
TEMPERATURE (F)
 YESTERDAY
  MAXIMUM         66   1149 AM  51     15       74
  MINIMUM         39   1013 PM  35      4       44
  AVERAGE         53            43     10       59

PRECIPITATION (IN)
  YESTERDAY        1.38          0.13   1.25     0.86
  MONTH TO DATE    3.19          2.22   0.97     1.06
  SINCE SEP 1      7.11          7.58  -0.47     8.37
  SINCE JAN 1     39.25         36.23   3.02    40.40

DEGREE DAYS
 HEATING
  YESTERDAY       12            22    -10        6
  MONTH TO DATE  348           332     16      224
  SINCE SEP 1    625           721    -96      403
  SINCE JUL 1    625           724    -99      406

 COOLING
  YESTERDAY        0             0      0        0
  MONTH TO DATE    0             0      0        5
  SINCE SEP 1    218           138     80      264
  SINCE JAN 1   1146          1058     88     1453
......................................................


WIND (MPH)
  HIGHEST WIND SPEED    30   HIGHEST WIND DIRECTION    NW (330)
  HIGHEST GUST SPEED    42   HIGHEST GUST DIRECTION     N (340)
  AVERAGE WIND SPEED    15.4


SKY COVER
  AVERAGE SKY COVER 1.0


WEATHER CONDITIONS
 THE FOLLOWING WEATHER WAS RECORDED YESTERDAY.
  THUNDERSTORM
  HEAVY RAIN
  RAIN
  LIGHT RAIN
  FOG


RELATIVE HUMIDITY (PERCENT)
 HIGHEST    86           700 PM
 LOWEST     66           200 AM
 AVERAGE    76

..........................................................


THE INDIANAPOLIS EAGLE CREEK IN CLIMATE NORMALS FOR TODAY
                         NORMAL
 MAXIMUM TEMPERATURE (F)   50
 MINIMUM TEMPERATURE (F)   35


SUNRISE AND SUNSET
NOVEMBER 19 2017......SUNRISE   735 AM EST   SUNSET   526 PM EST
NOVEMBER 20 2017......SUNRISE   736 AM EST   SUNSET   526 PM EST


-  INDICATES NEGATIVE NUMBERS.
R  INDICATES RECORD WAS SET OR TIED.
MM INDICATES DATA IS MISSING.
T  INDICATES TRACE AMOUNT.




$$
