260
CDUS42 KKEY 222024
CLIEYW


CLIMATE REPORT
NATIONAL WEATHER SERVICE KEY WEST, FL
417 PM EDT SAT JUL 22 2017


...................................

...THE KEY WEST CLIMATE SUMMARY FOR JULY 22 2017...
VALID TODAY AS OF 0400 PM LOCAL TIME.

CLIMATE NORMAL PERIOD 1981 TO 2010
CLIMATE RECORD PERIOD 1871 TO 2017


WEATHER ITEM   OBSERVED TIME   RECORD YEAR NORMAL DEPARTURE LAST
                VALUE   (LST)  VALUE       VALUE  FROM      YEAR
                                                  NORMAL
..................................................................
TEMPERATURE (F)
 TODAY
  MAXIMUM         90    259 PM  93    1956  90      0       90
                                      1881
                                      1878
  MINIMUM         84    637 AM  72    1950  80      4       79
                                      1915
                                      1901
  AVERAGE         87                        85      2       85

PRECIPITATION (IN)
  TODAY            0.00          1.79 1901   0.11  -0.11     0.42
  MONTH TO DATE    2.22                      2.51  -0.29     2.86
  SINCE JUN 1      7.93                      6.62   1.31     4.00
  SINCE JAN 1     16.98                     17.25  -0.27    15.65

SNOWFALL (IN)
  TODAY            0.0
  MONTH TO DATE    0.0
  SINCE JUN 1      0.0
  SINCE JUL 1      0.0
  SNOW DEPTH       0

DEGREE DAYS
 HEATING
  TODAY            0                         0      0        0
  MONTH TO DATE    0                         0      0        0
  SINCE JUN 1      0                         0      0        0
  SINCE JUL 1      0                         0      0        0

 COOLING
  TODAY           22                        20      2       20
  MONTH TO DATE  453                       428     25      454
  SINCE JUN 1   1029                       977     52     1025
  SINCE JAN 1   2784                      2407    377     2516
..................................................................


WIND (MPH)
  HIGHEST WIND SPEED    13   HIGHEST WIND DIRECTION     S (160)
  HIGHEST GUST SPEED    17   HIGHEST GUST DIRECTION    SE (150)
  AVERAGE WIND SPEED     9.1


SKY COVER
  POSSIBLE SUNSHINE  MM
  AVERAGE SKY COVER 0.2


WEATHER CONDITIONS
 THE FOLLOWING WEATHER WAS RECORDED TODAY.
  THUNDERSTORM


RELATIVE HUMIDITY (PERCENT)
 HIGHEST    82
 LOWEST     64
 AVERAGE    73

..........................................................


THE KEY WEST CLIMATE NORMALS FOR TOMORROW
                         NORMAL    RECORD    YEAR
 MAXIMUM TEMPERATURE (F)   90        95      1957
 MINIMUM TEMPERATURE (F)   80        71      1921
                                             1887


SUNRISE AND SUNSET
JULY 22 2017..........SUNRISE   651 AM EDT   SUNSET   816 PM EDT
JULY 23 2017..........SUNRISE   651 AM EDT   SUNSET   815 PM EDT


-  INDICATES NEGATIVE NUMBERS.
R  INDICATES RECORD WAS SET OR TIED.
MM INDICATES DATA IS MISSING.
T  INDICATES TRACE AMOUNT.




$$
