000
CDUS42 KKEY 220545
CLIEYW

CLIMATE REPORT
NATIONAL WEATHER SERVICE KEY WEST, FL
141 AM EDT MON SEP 22 2014


...................................

...THE KEY WEST CLIMATE SUMMARY FOR SEPTEMBER 21 2014...

CLIMATE NORMAL PERIOD 1981 TO 2010
CLIMATE RECORD PERIOD 1871 TO 2014


WEATHER ITEM   OBSERVED TIME   RECORD YEAR NORMAL DEPARTURE LAST
                VALUE   (LST)  VALUE       VALUE  FROM      YEAR
                                                  NORMAL
..................................................................
TEMPERATURE (F)
 YESTERDAY
  MAXIMUM         87    506 PM  92    1990  88     -1       87
                                      1989
                                      1957
  MINIMUM         81    746 AM  70    1890  78      3       78
  AVERAGE         84                        83      1       83

PRECIPITATION (IN)
  YESTERDAY        T             4.53 1948   0.24  -0.24     0.00
  MONTH TO DATE    4.05                      4.73  -0.68     3.73
  SINCE SEP 1      4.05                      4.73  -0.68     3.73
  SINCE JAN 1     26.19                     28.40  -2.21    39.24

SNOWFALL (IN)
  YESTERDAY        0.0
  MONTH TO DATE    0.0
  SINCE SEP 1      0.0
  SINCE JUL 1      0.0
  SNOW DEPTH       0

DEGREE DAYS
 HEATING
  YESTERDAY        0                         0      0        0
  MONTH TO DATE    0                         0      0        0
  SINCE SEP 1      0                         0      0        0
  SINCE JUL 1      0                         0      0        0

 COOLING
  YESTERDAY       19                        18      1       18
  MONTH TO DATE  396                       388      8      376
  SINCE SEP 1    396                       388      8      376
  SINCE JAN 1   3916                      3577    339     3696
..................................................................


WIND (MPH)
  HIGHEST WIND SPEED     9   HIGHEST WIND DIRECTION     E (110)
  HIGHEST GUST SPEED    14   HIGHEST GUST DIRECTION     E (100)
  AVERAGE WIND SPEED     4.4


SKY COVER
  POSSIBLE SUNSHINE  MM
  AVERAGE SKY COVER 0.1


WEATHER CONDITIONS
 THE FOLLOWING WEATHER WAS RECORDED YESTERDAY.
  LIGHT RAIN


RELATIVE HUMIDITY (PERCENT)
 HIGHEST    79
 LOWEST     65
 AVERAGE    72

..........................................................


THE KEY WEST CLIMATE NORMALS FOR TODAY
                         NORMAL    RECORD    YEAR
 MAXIMUM TEMPERATURE (F)   88        93      1989
                                             1987
 MINIMUM TEMPERATURE (F)   78        70      1954
                                             1908


SUNRISE AND SUNSET
SEPTEMBER 22 2014.....SUNRISE   716 AM EDT   SUNSET   723 PM EDT
SEPTEMBER 23 2014.....SUNRISE   716 AM EDT   SUNSET   722 PM EDT


-  INDICATES NEGATIVE NUMBERS.
R  INDICATES RECORD WAS SET OR TIED.
MM INDICATES DATA IS MISSING.
T  INDICATES TRACE AMOUNT.

$$

CLR
