000
CDAK49 PAFG 200045
CLIFAI

CLIMATE REPORT
NATIONAL WEATHER SERVICE FAIRBANKS AK
445 PM AKDT TUE SEP 19 2017

...................................

...THE FAIRBANKS AK CLIMATE SUMMARY FOR SEPTEMBER 19 2017...
VALID TODAY AS OF 0400 PM LOCAL TIME.

CLIMATE NORMAL PERIOD 1981 TO 2010
CLIMATE RECORD PERIOD 1904 TO 2017


WEATHER ITEM   OBSERVED TIME   RECORD YEAR NORMAL DEPARTURE LAST
                VALUE   (LST)  VALUE       VALUE  FROM      YEAR
                                                  NORMAL
..................................................................
TEMPERATURE (F)
 TODAY
  MAXIMUM         49    234 PM  73    1995  53     -4       53
  MINIMUM         45   1112 AM  12    1939  34     11       36
  AVERAGE         47                        44      3       45

PRECIPITATION (IN)
  TODAY            0.03          0.68 1993   0.03   0.00     0.00
  MONTH TO DATE    0.27                      0.77  -0.50     1.77
  SINCE SEP 1      0.27                      0.77  -0.50     1.77
  SINCE JAN 1      9.14                      8.34   0.80    13.48

SNOWFALL (IN)
  TODAY            0.0           1.4  1948   0.1   -0.1      0.0
  MONTH TO DATE    0.0                       0.7   -0.7      0.0
  SINCE SEP 1      0.0                       0.7   -0.7      0.0
  SINCE JUL 1      0.0                       0.7   -0.7      0.0
  SNOW DEPTH       0

DEGREE DAYS
 HEATING
  TODAY           18                        22     -4       20
  MONTH TO DATE  268                       332    -64      308
  SINCE SEP 1    268                       332    -64      308
  SINCE JUL 1    491                       721   -230      510

 COOLING
  TODAY            0                         0      0        0
  MONTH TO DATE    0                         0      0        0
  SINCE SEP 1      0                         0      0        0
  SINCE JAN 1    104                        61     43       76
..................................................................


WIND (MPH)
  HIGHEST GUST SPEED    24   HIGHEST GUST DIRECTION     W (260)


SKY COVER
  AVERAGE SKY COVER 1.0


WEATHER CONDITIONS
 THE FOLLOWING WEATHER WAS RECORDED TODAY.
  LIGHT RAIN


RELATIVE HUMIDITY (PERCENT)
 HIGHEST    93
 LOWEST     66
 AVERAGE    80

..........................................................


THE FAIRBANKS AK CLIMATE NORMALS FOR TOMORROW
                         NORMAL    RECORD    YEAR
 MAXIMUM TEMPERATURE (F)   53        73      1995
 MINIMUM TEMPERATURE (F)   33        14      1947
                                             1939


SUNRISE AND SUNSET
SEPTEMBER 19 2017.....SUNRISE   727 AM AKDT  SUNSET   802 PM AKDT
SEPTEMBER 20 2017.....SUNRISE   730 AM AKDT  SUNSET   758 PM AKDT


-  INDICATES NEGATIVE NUMBERS.
R  INDICATES RECORD WAS SET OR TIED.
MM INDICATES DATA IS MISSING.
T  INDICATES TRACE AMOUNT.

&&

SNOW DEPTH IS MEASURED AT 3AM AKST/4AM AKDT

----------------------------
AVAILABLE DAYLIGHT

AMOUNT OF DAYLIGHT TODAY  (HOUR:MIN)........12:28
LOSS SINCE YESTERDAY........................7 MINUTES
----------------------------

$$
SEP 17
