000
CDAK49 PAFG 230036
CLIFAI

CLIMATE REPORT
NATIONAL WEATHER SERVICE FAIRBANKS AK
436 PM AKDT TUE JUL 22 2014

...................................

...THE FAIRBANKS AK CLIMATE SUMMARY FOR JULY 22 2014...
VALID TODAY AS OF 0400 PM LOCAL TIME.

CLIMATE NORMAL PERIOD 1981 TO 2010
CLIMATE RECORD PERIOD 1904 TO 2014


WEATHER ITEM   OBSERVED TIME   RECORD YEAR NORMAL DEPARTURE LAST
                VALUE   (LST)  VALUE       VALUE  FROM      YEAR
                                                  NORMAL
..................................................................
TEMPERATURE (F)
 TODAY
  MAXIMUM         68    246 PM  88    1968  72     -4       74
  MINIMUM         53    411 AM  32    1928  52      1       48
  AVERAGE         61                        62     -1       61

PRECIPITATION (IN)
  TODAY            T             1.29 1962   0.07  -0.07     0.00
  MONTH TO DATE    5.42                      1.50   3.92     1.00
  SINCE JUN 1      8.98                      2.87   6.11     1.43
  SINCE JAN 1     10.07                      5.03   5.04     3.77

SNOWFALL (IN)
  TODAY            0.0           0.0  2002   0.0    0.0      0.0
                                      2001
                                      2000
  MONTH TO DATE    0.0                       0.0    0.0      0.0
  SINCE JUN 1      0.0                       0.0    0.0      0.0
  SINCE JUL 1      0.0                       0.0    0.0      0.0
  SNOW DEPTH       0

DEGREE DAYS
 HEATING
  TODAY            4                         4      0        4
  MONTH TO DATE   75                        69      6       67
  SINCE JUN 1    267                       229     38      138
  SINCE JUL 1     75                        69      6       67

 COOLING
  TODAY            0                         1     -1        0
  MONTH TO DATE   19                        26     -7       25
  SINCE JUN 1     20                        49    -29      160
  SINCE JAN 1     20                        50    -30      173
..................................................................


WIND (MPH)
  HIGHEST GUST SPEED     8   HIGHEST GUST DIRECTION     E (90)


SKY COVER
  AVERAGE SKY COVER 0.8


WEATHER CONDITIONS
 THE FOLLOWING WEATHER WAS RECORDED TODAY.
  LIGHT RAIN


RELATIVE HUMIDITY (PERCENT)
 HIGHEST    83
 LOWEST     52
 AVERAGE    68

..........................................................


THE FAIRBANKS AK CLIMATE NORMALS FOR TOMORROW
                         NORMAL    RECORD    YEAR
 MAXIMUM TEMPERATURE (F)   72        88      1968
 MINIMUM TEMPERATURE (F)   52        36      1928


SUNRISE AND SUNSET
JULY 22 2014..........SUNRISE  418 AM AKDT   SUNSET  1136 PM AKDT
JULY 23 2014..........SUNRISE  421 AM AKDT   SUNSET  1133 PM AKDT


-  INDICATES NEGATIVE NUMBERS.
R  INDICATES RECORD WAS SET OR TIED.
MM INDICATES DATA IS MISSING.
T  INDICATES TRACE AMOUNT.

&&

SNOW DEPTH IS MEASURED AT 3AM AKST/4AM AKDT

----------------------------
AVAILABLE DAYLIGHT

AMOUNT OF DAYLIGHT TODAY  (HOUR:MIN)........19:18
LOSS SINCE YESTERDAY........................7 MINUTES
----------------------------

$$
RM JUL 14
