000
CDAK49 PAFG 040945
CLIFAI

CLIMATE REPORT
NATIONAL WEATHER SERVICE FAIRBANKS AK
145 AM AKDT SAT JUL 4 2015

...................................

...THE FAIRBANKS AK CLIMATE SUMMARY FOR JULY 3 2015...

CLIMATE NORMAL PERIOD 1981 TO 2010
CLIMATE RECORD PERIOD 1904 TO 2015


WEATHER ITEM   OBSERVED TIME   RECORD YEAR NORMAL DEPARTURE LAST
                VALUE   (LST)  VALUE       VALUE  FROM      YEAR
                                                  NORMAL
..................................................................
TEMPERATURE (F)
 YESTERDAY
  MAXIMUM         72    521 PM  89    1990  74     -2       73
  MINIMUM         47    352 AM  40    1906  53     -6       52
  AVERAGE         60                        64     -4       63

PRECIPITATION (IN)
  YESTERDAY        0.00          0.53 1970   0.06  -0.06     0.00
  MONTH TO DATE    0.24                      0.18   0.06     3.36
  SINCE JUN 1      1.27                      1.55  -0.28     6.92
  SINCE JAN 1      2.84                      3.71  -0.87     8.01

SNOWFALL (IN)
  YESTERDAY        0.0           0.0  2002   0.0    0.0      0.0
                                      2001
                                      2000
  MONTH TO DATE    0.0                       0.0    0.0      0.0
  SINCE JUN 1      0.0                       0.0    0.0      0.0
  SINCE JUL 1      0.0                       0.0    0.0      0.0
  SNOW DEPTH       0

DEGREE DAYS
 HEATING
  YESTERDAY        5                         3      2        2
  MONTH TO DATE   19                         9     10       15
  SINCE JUN 1    200                       169     31      207
  SINCE JUL 1     19                         9     10       15

 COOLING
  YESTERDAY        0                         2     -2        0
  MONTH TO DATE    0                         6     -6        0
  SINCE JUN 1     31                        29      2        1
  SINCE JAN 1     33                        30      3        1
..................................................................


WIND (MPH)
  HIGHEST GUST SPEED    13   HIGHEST GUST DIRECTION     E (100)


SKY COVER
  AVERAGE SKY COVER 0.7


WEATHER CONDITIONS
 THE FOLLOWING WEATHER WAS RECORDED YESTERDAY.
  HAZE


RELATIVE HUMIDITY (PERCENT)
 HIGHEST    93
 LOWEST     35
 AVERAGE    64

..........................................................


THE FAIRBANKS AK CLIMATE NORMALS FOR TODAY
                         NORMAL    RECORD    YEAR
 MAXIMUM TEMPERATURE (F)   74        90      1990
 MINIMUM TEMPERATURE (F)   53        40      2002


SUNRISE AND SUNSET
JULY 04 2015..........SUNRISE  320 AM AKDT   SUNSET  1231 AM AKDT
JULY 05 2015..........SUNRISE  322 AM AKDT   SUNSET  1229 AM AKDT


-  INDICATES NEGATIVE NUMBERS.
R  INDICATES RECORD WAS SET OR TIED.
MM INDICATES DATA IS MISSING.
T  INDICATES TRACE AMOUNT.

&&

SNOW DEPTH IS MEASURED AT 3AM AKST/4AM AKDT

----------------------------
AVAILABLE DAYLIGHT

AMOUNT OF DAYLIGHT TODAY  (HOUR:MIN)........21:11
LOSS SINCE YESTERDAY........................5 MINUTES
----------------------------

$$
DJH JUL 15
