000
CDAK49 PAFG 260940
CLIFAI

CLIMATE REPORT
NATIONAL WEATHER SERVICE FAIRBANKS AK
1240 AM AKST FRI DEC 26 2014

...................................

...THE FAIRBANKS AK CLIMATE SUMMARY FOR DECEMBER 25 2014...

CLIMATE NORMAL PERIOD 1981 TO 2010
CLIMATE RECORD PERIOD 1904 TO 2014


WEATHER ITEM   OBSERVED TIME   RECORD YEAR NORMAL DEPARTURE LAST
                VALUE   (LST)  VALUE       VALUE  FROM      YEAR
                                                  NORMAL
..................................................................
TEMPERATURE (F)
 YESTERDAY
  MAXIMUM         18   1137 PM  34    1985   4     14      -30
  MINIMUM         -5   1003 AM -56    1961 -14      9      -38
  AVERAGE          7                        -5     12      -34

PRECIPITATION (IN)
  YESTERDAY        0.06          0.23 1999   0.03   0.03      T
  MONTH TO DATE    0.65                      0.51   0.14     0.75
  SINCE DEC 1      0.65                      0.51   0.14     0.75
  SINCE JAN 1     16.88                     10.68   6.20    10.62

SNOWFALL (IN)
  YESTERDAY        0.8           3.8  1999   0.5    0.3       T
  MONTH TO DATE   10.5                       9.7    0.8     14.0
  SINCE DEC 1     10.5                       9.7    0.8     14.0
  SINCE JUL 1     20.3                      35.5  -15.2     33.0
  SNOW DEPTH       9

DEGREE DAYS
 HEATING
  YESTERDAY       58                        70    -12       99
  MONTH TO DATE 1462                      1714   -252     1652
  SINCE DEC 1   1462                      1714   -252     1652
  SINCE JUL 1   5180                      5845   -665     5189

 COOLING
  YESTERDAY        0                         0      0        0
  MONTH TO DATE    0                         0      0        0
  SINCE DEC 1      0                         0      0        0
  SINCE JAN 1     27                        61    -34      226
..................................................................


WIND (MPH)
  HIGHEST GUST SPEED     8   HIGHEST GUST DIRECTION    SW (210)


SKY COVER
  AVERAGE SKY COVER 0.8


WEATHER CONDITIONS
 THE FOLLOWING WEATHER WAS RECORDED YESTERDAY.
  LIGHT SNOW
  FOG


RELATIVE HUMIDITY (PERCENT)
 HIGHEST    87
 LOWEST     72
 AVERAGE    80

..........................................................


THE FAIRBANKS AK CLIMATE NORMALS FOR TODAY
                         NORMAL    RECORD    YEAR
 MAXIMUM TEMPERATURE (F)    3        42      2001
 MINIMUM TEMPERATURE (F)  -14       -56      1961


SUNRISE AND SUNSET
DECEMBER 26 2014..........SUNRISE  1100 AM AKST   SUNSET  246 PM AKST
DECEMBER 27 2014..........SUNRISE  1059 AM AKST   SUNSET  247 PM AKST


-  INDICATES NEGATIVE NUMBERS.
R  INDICATES RECORD WAS SET OR TIED.
MM INDICATES DATA IS MISSING.
T  INDICATES TRACE AMOUNT.

&&

SNOW DEPTH IS MEASURED AT 3AM AKST/4AM AKDT

----------------------------
AVAILABLE DAYLIGHT

AMOUNT OF DAYLIGHT TODAY  (HOUR:MIN)........3:46
GAIN SINCE YESTERDAY........................1 MINUTE
----------------------------

$$
NTS DEC 14
