000
CDAK49 PAFG 290946
CLIFAI

CLIMATE REPORT
NATIONAL WEATHER SERVICE FAIRBANKS AK
146 AM AKDT WED MAR 29 2017

...................................

...THE FAIRBANKS AK CLIMATE SUMMARY FOR MARCH 28 2017...

CLIMATE NORMAL PERIOD 1981 TO 2010
CLIMATE RECORD PERIOD 1904 TO 2017


WEATHER ITEM   OBSERVED TIME   RECORD YEAR NORMAL DEPARTURE LAST
                VALUE   (LST)  VALUE       VALUE  FROM      YEAR
                                                  NORMAL
..................................................................
TEMPERATURE (F)
 YESTERDAY
  MAXIMUM         25    521 PM  55    1939  32     -7       45
  MINIMUM          9   1146 PM -31    1963   5      4       24
  AVERAGE         17                        18     -1       35

PRECIPITATION (IN)
  YESTERDAY        0.00          0.18 1948   0.01  -0.01     0.05
  MONTH TO DATE    0.07                      0.23  -0.16     0.23
  SINCE MAR 1      0.07                      0.23  -0.16     0.23
  SINCE JAN 1      2.27                      1.23   1.04     0.29

SNOWFALL (IN)
  YESTERDAY        0.0           2.1  1948   0.1   -0.1       T
  MONTH TO DATE    1.7                       4.5   -2.8      3.7
  SINCE MAR 1      1.7                       4.5   -2.8      3.7
  SINCE JUL 1     80.1                      60.8   19.3     56.3
  SNOW DEPTH      26

DEGREE DAYS
 HEATING
  YESTERDAY       48                        46      2       30
  MONTH TO DATE 1963                      1525    438     1306
  SINCE MAR 1   1963                      1525    438     1306
  SINCE JUL 1  12093                     11915    178    10712

 COOLING
  YESTERDAY        0                         0      0        0
  MONTH TO DATE    0                         0      0        0
  SINCE MAR 1      0                         0      0        0
  SINCE JAN 1      0                         0      0        0
..................................................................


WIND (MPH)
  HIGHEST GUST SPEED     9   HIGHEST GUST DIRECTION     N (20)


SKY COVER
  AVERAGE SKY COVER 0.8


WEATHER CONDITIONS
 THE FOLLOWING WEATHER WAS RECORDED YESTERDAY.
  NO SIGNIFICANT WEATHER WAS OBSERVED.


RELATIVE HUMIDITY (PERCENT)
 HIGHEST    83
 LOWEST     55
 AVERAGE    69

..........................................................


THE FAIRBANKS AK CLIMATE NORMALS FOR TODAY
                         NORMAL    RECORD    YEAR
 MAXIMUM TEMPERATURE (F)   33        55      1994
 MINIMUM TEMPERATURE (F)    6       -33      1944


SUNRISE AND SUNSET
MARCH 29 2017..........SUNRISE  717 AM AKDT   SUNSET  837 PM AKDT
MARCH 30 2017..........SUNRISE  714 AM AKDT   SUNSET  840 PM AKDT


-  INDICATES NEGATIVE NUMBERS.
R  INDICATES RECORD WAS SET OR TIED.
MM INDICATES DATA IS MISSING.
T  INDICATES TRACE AMOUNT.

&&

SNOW DEPTH IS MEASURED AT 3AM AKST/4AM AKDT

----------------------------
AVAILABLE DAYLIGHT

AMOUNT OF DAYLIGHT TODAY  (HOUR:MIN)........13:20
GAIN SINCE YESTERDAY........................7 MINUTES
----------------------------

$$
MAR 17
