000
CDAK49 PAFG 300939
CLIFAI

CLIMATE REPORT
NATIONAL WEATHER SERVICE FAIRBANKS AK
139 AM AKDT TUE AUG 30 2016

...................................

...THE FAIRBANKS AK CLIMATE SUMMARY FOR AUGUST 29 2016...

CLIMATE NORMAL PERIOD 1981 TO 2010
CLIMATE RECORD PERIOD 1904 TO 2016


WEATHER ITEM   OBSERVED TIME   RECORD YEAR NORMAL DEPARTURE LAST
                VALUE   (LST)  VALUE       VALUE  FROM      YEAR
                                                  NORMAL
..................................................................
TEMPERATURE (F)
 YESTERDAY
  MAXIMUM         69    359 PM  84    1949  63      6       47
  MINIMUM         47    550 AM  24    1922  42      5       39
  AVERAGE         58                        52      6       43

PRECIPITATION (IN)
  YESTERDAY        0.00          1.42 1962   0.06  -0.06     0.13
  MONTH TO DATE    1.56                      1.78  -0.22     2.57
  SINCE JUN 1      9.82                      5.31   4.51     6.38
  SINCE JAN 1     11.71                      7.47   4.24     7.95

SNOWFALL (IN)
  YESTERDAY        0.0           3.0  1922   0.0    0.0      0.0
  MONTH TO DATE    0.0                       0.0    0.0      0.0
  SINCE JUN 1      0.0                       0.0    0.0      0.0
  SINCE JUL 1      0.0                       0.0    0.0      0.0
  SNOW DEPTH       0

DEGREE DAYS
 HEATING
  YESTERDAY        7                        13     -6       22
  MONTH TO DATE  101                       253   -152      275
  SINCE JUN 1    346                       521   -175      560
  SINCE JUL 1    185                       361   -176      379

 COOLING
  YESTERDAY        0                         0      0        0
  MONTH TO DATE    8                         0      8        5
  SINCE JUN 1     70                        54     16       60
  SINCE JAN 1     76                        55     21       62
..................................................................


WIND (MPH)
  HIGHEST GUST SPEED    30   HIGHEST GUST DIRECTION    NE (40)


SKY COVER
  AVERAGE SKY COVER 0.3


WEATHER CONDITIONS
 THE FOLLOWING WEATHER WAS RECORDED YESTERDAY.
  NO SIGNIFICANT WEATHER WAS OBSERVED.


RELATIVE HUMIDITY (PERCENT)
 HIGHEST    80
 LOWEST     31
 AVERAGE    56

..........................................................


THE FAIRBANKS AK CLIMATE NORMALS FOR TODAY
                         NORMAL    RECORD    YEAR
 MAXIMUM TEMPERATURE (F)   62        83      1974
 MINIMUM TEMPERATURE (F)   42        21      1922


SUNRISE AND SUNSET
AUGUST 30 2016..........SUNRISE  628 AM AKDT   SUNSET  915 PM AKDT
AUGUST 31 2016..........SUNRISE  631 AM AKDT   SUNSET  911 PM AKDT


-  INDICATES NEGATIVE NUMBERS.
R  INDICATES RECORD WAS SET OR TIED.
MM INDICATES DATA IS MISSING.
T  INDICATES TRACE AMOUNT.

&&

SNOW DEPTH IS MEASURED AT 3AM AKST/4AM AKDT

----------------------------
AVAILABLE DAYLIGHT

AMOUNT OF DAYLIGHT TODAY  (HOUR:MIN)........14:47
LOSS SINCE YESTERDAY........................6 MINUTES
----------------------------

$$
DJH AUG 16
