000
CDAK49 PAFG 250942
CLIFAI

CLIMATE REPORT
NATIONAL WEATHER SERVICE FAIRBANKS AK
1242 AM AKST SUN FEB 25 2018

...................................

...THE FAIRBANKS AK CLIMATE SUMMARY FOR FEBRUARY 24 2018...

CLIMATE NORMAL PERIOD 1981 TO 2010
CLIMATE RECORD PERIOD 1904 TO 2018


WEATHER ITEM   OBSERVED TIME   RECORD YEAR NORMAL DEPARTURE LAST
                VALUE   (LST)  VALUE       VALUE  FROM      YEAR
                                                  NORMAL
..................................................................
TEMPERATURE (F)
 YESTERDAY
  MAXIMUM         11   1129 PM  50    1943  15     -4       34
  MINIMUM         -9   1255 AM -52    1932  -9      0       23
  AVERAGE          1                         2     -1       29

PRECIPITATION (IN)
  YESTERDAY        T             0.33 2017   0.01  -0.01     0.33
  MONTH TO DATE    1.11                      0.37   0.74     0.71
  SINCE DEC 1      2.59                      1.59   0.00     3.63
  SINCE JAN 1      2.21                      0.95   1.26     1.67

SNOWFALL (IN)
  YESTERDAY        T             3.5  2017   0.3   -0.3      3.5
  MONTH TO DATE   16.2                       7.2    9.0     14.2
  SINCE DEC 1     37.3                      29.6    7.7     64.1
  SINCE JUL 1     67.1                      55.4   11.7     69.3
  SNOW DEPTH      28

DEGREE DAYS
 HEATING
  YESTERDAY       64                        63      1       36
  MONTH TO DATE 1501                      1611   -110     1621
  SINCE DEC 1   5421                      6012   -591     6188
  SINCE JUL 1   8986                     10143  -1157     9958

 COOLING
  YESTERDAY        0                         0      0        0
  MONTH TO DATE    0                         0      0        0
  SINCE DEC 1      0                         0      0        0
  SINCE JAN 1      0                         0      0        0
..................................................................


WIND (MPH)
  HIGHEST GUST SPEED    25   HIGHEST GUST DIRECTION     W (270)


SKY COVER
  AVERAGE SKY COVER 0.6


WEATHER CONDITIONS
 THE FOLLOWING WEATHER WAS RECORDED YESTERDAY.
  LIGHT SNOW


RELATIVE HUMIDITY (PERCENT)
 HIGHEST    95
 LOWEST     76
 AVERAGE    86

..........................................................


THE FAIRBANKS AK CLIMATE NORMALS FOR TODAY
                         NORMAL    RECORD    YEAR
 MAXIMUM TEMPERATURE (F)   16        47      1921
 MINIMUM TEMPERATURE (F)  -10       -51      1932


SUNRISE AND SUNSET
FEBRUARY 25 2018......SUNRISE   814 AM AKST  SUNSET   556 PM AKST
FEBRUARY 26 2018......SUNRISE   811 AM AKST  SUNSET   559 PM AKST


-  INDICATES NEGATIVE NUMBERS.
R  INDICATES RECORD WAS SET OR TIED.
MM INDICATES DATA IS MISSING.
T  INDICATES TRACE AMOUNT.

&&

SNOW DEPTH IS MEASURED AT 3AM AKST/4AM AKDT

----------------------------
AVAILABLE DAYLIGHT

AMOUNT OF DAYLIGHT TODAY  (HOUR:MIN)........09:42
GAIN SINCE YESTERDAY........................7 MINUTES
----------------------------

$$
SDB FEB 18
