000
CDAK49 PAFG 070939
CLIFAI

CLIMATE REPORT
NATIONAL WEATHER SERVICE FAIRBANKS AK
1239 AM AKST WED DEC 7 2016

...................................

...THE FAIRBANKS AK CLIMATE SUMMARY FOR DECEMBER 6 2016...

CLIMATE NORMAL PERIOD 1981 TO 2010
CLIMATE RECORD PERIOD 1904 TO 2016


WEATHER ITEM   OBSERVED TIME   RECORD YEAR NORMAL DEPARTURE LAST
                VALUE   (LST)  VALUE       VALUE  FROM      YEAR
                                                  NORMAL
..................................................................
TEMPERATURE (F)
 YESTERDAY
  MAXIMUM        -19   1216 AM  51    1934   6    -25       -7
  MINIMUM        -29    813 PM -58    1935 -10    -19      -25
  AVERAGE        -24                        -3    -21      -16

PRECIPITATION (IN)
  YESTERDAY        0.00          0.21 2008   0.02  -0.02      T
  MONTH TO DATE    0.41                      0.11   0.30     0.02
  SINCE DEC 1      0.41                      0.11   0.30     0.02
  SINCE JAN 1     14.51                     10.28   4.23    14.33

SNOWFALL (IN)
  YESTERDAY        0.0           2.8  2008   0.4   -0.4       T
  MONTH TO DATE    6.8                       2.2    4.6      0.3
  SINCE DEC 1      6.8                       2.2    4.6      0.3
  SINCE JUL 1     12.0                      28.0  -16.0     50.4
  SNOW DEPTH       7

DEGREE DAYS
 HEATING
  YESTERDAY       89                        68     21       81
  MONTH TO DATE  502                       405     97      407
  SINCE DEC 1    502                       405     97      407
  SINCE JUL 1   4272                      4536   -264     4195

 COOLING
  YESTERDAY        0                         0      0        0
  MONTH TO DATE    0                         0      0        0
  SINCE DEC 1      0                         0      0        0
  SINCE JAN 1     76                        61     15       62
..................................................................


WIND (MPH)
  HIGHEST GUST SPEED    12   HIGHEST GUST DIRECTION    NE (40)


SKY COVER
  AVERAGE SKY COVER 0.0


WEATHER CONDITIONS
 THE FOLLOWING WEATHER WAS RECORDED YESTERDAY.
  NO SIGNIFICANT WEATHER WAS OBSERVED.


RELATIVE HUMIDITY (PERCENT)
 HIGHEST    82
 LOWEST     69
 AVERAGE    76

..........................................................


THE FAIRBANKS AK CLIMATE NORMALS FOR TODAY
                         NORMAL    RECORD    YEAR
 MAXIMUM TEMPERATURE (F)    6        52      1934
 MINIMUM TEMPERATURE (F)  -10       -59      1935


SUNRISE AND SUNSET
DECEMBER 07 2016..........SUNRISE  1037 AM AKST   SUNSET  249 PM AKST
DECEMBER 08 2016..........SUNRISE  1040 AM AKST   SUNSET  247 PM AKST


-  INDICATES NEGATIVE NUMBERS.
R  INDICATES RECORD WAS SET OR TIED.
MM INDICATES DATA IS MISSING.
T  INDICATES TRACE AMOUNT.

&&

SNOW DEPTH IS MEASURED AT 3AM AKST/4AM AKDT

----------------------------
AVAILABLE DAYLIGHT

AMOUNT OF DAYLIGHT TODAY  (HOUR:MIN)........4:12
LOSS SINCE YESTERDAY........................3 MINUTES
----------------------------

$$
SDB DEC 16
