000
CDAK49 PAFG 240038
CLIFAI

CLIMATE REPORT
NATIONAL WEATHER SERVICE FAIRBANKS AK
438 PM AKDT SAT MAY 23 2015

...................................

...THE FAIRBANKS AK CLIMATE SUMMARY FOR MAY 23 2015...
VALID TODAY AS OF 0400 PM LOCAL TIME.

CLIMATE NORMAL PERIOD 1981 TO 2010
CLIMATE RECORD PERIOD 1904 TO 2015


WEATHER ITEM   OBSERVED TIME   RECORD YEAR NORMAL DEPARTURE LAST
                VALUE   (LST)  VALUE       VALUE  FROM      YEAR
                                                  NORMAL
..................................................................
TEMPERATURE (F)
 TODAY
  MAXIMUM         85R   259 PM  80    2002  64     21       62
                                      1960
  MINIMUM         48    431 AM  25    1918  41      7       37
  AVERAGE         67                        52     15       50

PRECIPITATION (IN)
  TODAY            0.00          0.35 1948   0.02  -0.02     0.00
  MONTH TO DATE    0.17                      0.41  -0.24     0.04
  SINCE MAR 1      0.82                      0.97  -0.15     0.45
  SINCE JAN 1      1.45                      1.97  -0.52     1.07

SNOWFALL (IN)
  TODAY            0.0           T    1949   0.0    0.0      0.0
  MONTH TO DATE    0.0                       0.8   -0.8       T
  SINCE MAR 1     10.2                       8.6    1.6      6.0
  SINCE JUL 1     43.8                      64.9  -21.1     48.9
  SNOW DEPTH       0

DEGREE DAYS
 HEATING
  TODAY            0                        13    -13       15
  MONTH TO DATE  263                       397   -134      352
  SINCE MAR 1   2631                      3031   -400     2853
  SINCE JUL 1  12098                     13421  -1323    12245

 COOLING
  TODAY            2                         0      2        0
  MONTH TO DATE    2                         0      2        0
  SINCE MAR 1      2                         0      2        0
  SINCE JAN 1      2                         0      2        0
..................................................................


WIND (MPH)
  HIGHEST GUST SPEED    10   HIGHEST GUST DIRECTION     E (100)


SKY COVER
  AVERAGE SKY COVER 0.5


WEATHER CONDITIONS
 THE FOLLOWING WEATHER WAS RECORDED TODAY.
  NO SIGNIFICANT WEATHER WAS OBSERVED.


RELATIVE HUMIDITY (PERCENT)
 HIGHEST    77
 LOWEST     10
 AVERAGE    44

..........................................................


THE FAIRBANKS AK CLIMATE NORMALS FOR TOMORROW
                         NORMAL    RECORD    YEAR
 MAXIMUM TEMPERATURE (F)   64        89      1960
 MINIMUM TEMPERATURE (F)   41        28      1931


SUNRISE AND SUNSET
MAY 23 2015..........SUNRISE  402 AM AKDT   SUNSET  1138 PM AKDT
MAY 24 2015..........SUNRISE  359 AM AKDT   SUNSET  1141 PM AKDT


-  INDICATES NEGATIVE NUMBERS.
R  INDICATES RECORD WAS SET OR TIED.
MM INDICATES DATA IS MISSING.
T  INDICATES TRACE AMOUNT.

&&

SNOW DEPTH IS MEASURED AT 3AM AKST/4AM AKDT

----------------------------
AVAILABLE DAYLIGHT

AMOUNT OF DAYLIGHT TODAY  (HOUR:MIN)........19:36
GAIN SINCE YESTERDAY........................7 MINUTES
----------------------------

$$
BJB MAY 15
