000
CDAK49 PAFG 200943
CLIFAI

CLIMATE REPORT
NATIONAL WEATHER SERVICE FAIRBANKS AK
1243 AM AKST MON FEB 20 2017

...................................

...THE FAIRBANKS AK CLIMATE SUMMARY FOR FEBRUARY 19 2017...

CLIMATE NORMAL PERIOD 1981 TO 2010
CLIMATE RECORD PERIOD 1904 TO 2017


WEATHER ITEM   OBSERVED TIME   RECORD YEAR NORMAL DEPARTURE LAST
                VALUE   (LST)  VALUE       VALUE  FROM      YEAR
                                                  NORMAL
..................................................................
TEMPERATURE (F)
 YESTERDAY
  MAXIMUM          6    553 PM  42    2006  12     -6       10
  MINIMUM         -4   1035 PM -50    1956 -10      6      -21
  AVERAGE          1                         0      1       -5

PRECIPITATION (IN)
  YESTERDAY        T             0.21 1962   0.02  -0.02     0.00
  MONTH TO DATE    0.10                      0.30  -0.20     0.05
  SINCE DEC 1      3.02                      1.52   1.50     0.13
  SINCE JAN 1      1.06                      0.88   0.18     0.06

SNOWFALL (IN)
  YESTERDAY        0.2           3.0  1962   0.3   -0.1      0.0
  MONTH TO DATE    3.9                       5.7   -1.8      0.6
  SINCE DEC 1     53.8                      28.1   25.7      2.5
  SINCE JUL 1     59.0                      53.9    5.1     52.6
  SNOW DEPTH      20

DEGREE DAYS
 HEATING
  YESTERDAY       64                        65     -1       70
  MONTH TO DATE 1315                      1293     22     1208
  SINCE DEC 1   5882                      5694    188     5179
  SINCE JUL 1   9652                      9825   -173     8967

 COOLING
  YESTERDAY        0                         0      0        0
  MONTH TO DATE    0                         0      0        0
  SINCE DEC 1      0                         0      0        0
  SINCE JAN 1      0                         0      0        0
..................................................................


WIND (MPH)
  HIGHEST GUST SPEED    11   HIGHEST GUST DIRECTION     W (260)


SKY COVER
  AVERAGE SKY COVER 0.9


WEATHER CONDITIONS
 THE FOLLOWING WEATHER WAS RECORDED YESTERDAY.
  LIGHT SNOW
  FOG


RELATIVE HUMIDITY (PERCENT)
 HIGHEST    95
 LOWEST     76
 AVERAGE    86

..........................................................


THE FAIRBANKS AK CLIMATE NORMALS FOR TODAY
                         NORMAL    RECORD    YEAR
 MAXIMUM TEMPERATURE (F)   13        41      2008
 MINIMUM TEMPERATURE (F)  -10       -51      1932


SUNRISE AND SUNSET
FEBRUARY 20 2017..........SUNRISE  831 AM AKST   SUNSET  541 PM AKST
FEBRUARY 21 2017..........SUNRISE  827 AM AKST   SUNSET  544 PM AKST


-  INDICATES NEGATIVE NUMBERS.
R  INDICATES RECORD WAS SET OR TIED.
MM INDICATES DATA IS MISSING.
T  INDICATES TRACE AMOUNT.

&&

SNOW DEPTH IS MEASURED AT 3AM AKST/4AM AKDT

----------------------------
AVAILABLE DAYLIGHT

AMOUNT OF DAYLIGHT TODAY  (HOUR:MIN)........9:10
GAIN SINCE YESTERDAY........................7 MINUTES
----------------------------

$$
FEB 17
