000
CDAK49 PAFG 230950
CLIFAI

CLIMATE REPORT
NATIONAL WEATHER SERVICE FAIRBANKS AK
1250 AM AKST THU NOV 23 2017

...................................

...THE FAIRBANKS AK CLIMATE SUMMARY FOR NOVEMBER 22 2017...

CLIMATE NORMAL PERIOD 1981 TO 2010
CLIMATE RECORD PERIOD 1904 TO 2017


WEATHER ITEM   OBSERVED TIME   RECORD YEAR NORMAL DEPARTURE LAST
                VALUE   (LST)  VALUE       VALUE  FROM      YEAR
                                                  NORMAL
..................................................................
TEMPERATURE (F)
 YESTERDAY
  MAXIMUM          7   1051 PM  47    1947   8     -1       -2
  MINIMUM          3    704 AM -36    1963  -9     12      -15
  AVERAGE          5                        -1      6       -8

PRECIPITATION (IN)
  YESTERDAY        0.19          0.50 2010   0.02   0.17     0.00
  MONTH TO DATE    1.33                      0.50   0.83     0.24
  SINCE SEP 1      5.19                      2.43   2.76     2.34
  SINCE JAN 1     14.06                     10.00   4.06    14.05

SNOWFALL (IN)
  YESTERDAY        4.6 R         4.0  1925   0.4    4.2      0.0
  MONTH TO DATE   23.9                       9.8   14.1      3.3
  SINCE SEP 1     29.1                      22.4    6.7      4.1
  SINCE JUL 1     29.1                      22.4    6.7      4.1
  SNOW DEPTH      12

DEGREE DAYS
 HEATING
  YESTERDAY       60                        66     -6       73
  MONTH TO DATE 1207                      1340   -133     1232
  SINCE SEP 1   2751                      3210   -459     2968
  SINCE JUL 1   2974                      3599   -625     3170

 COOLING
  YESTERDAY        0                         0      0        0
  MONTH TO DATE    0                         0      0        0
  SINCE SEP 1      0                         0      0        0
  SINCE JAN 1    104                        61     43       76
..................................................................


WIND (MPH)
  HIGHEST GUST SPEED     9   HIGHEST GUST DIRECTION     E (70)


SKY COVER
  AVERAGE SKY COVER 1.0


WEATHER CONDITIONS
 THE FOLLOWING WEATHER WAS RECORDED YESTERDAY.
  SNOW
  LIGHT SNOW
  FOG
  FOG W/VISIBILITY <= 1/4 MILE


RELATIVE HUMIDITY (PERCENT)
 HIGHEST    96
 LOWEST     80
 AVERAGE    88

..........................................................


THE FAIRBANKS AK CLIMATE NORMALS FOR TODAY
                         NORMAL    RECORD    YEAR
 MAXIMUM TEMPERATURE (F)    8        45      1952
 MINIMUM TEMPERATURE (F)   -9       -39      1994
                                             1963
                                             1909


SUNRISE AND SUNSET
NOVEMBER 23 2017......SUNRISE   955 AM AKST  SUNSET   320 PM AKST
NOVEMBER 24 2017......SUNRISE   958 AM AKST  SUNSET   318 PM AKST


-  INDICATES NEGATIVE NUMBERS.
R  INDICATES RECORD WAS SET OR TIED.
MM INDICATES DATA IS MISSING.
T  INDICATES TRACE AMOUNT.

&&

SNOW DEPTH IS MEASURED AT 3AM AKST/4AM AKDT

----------------------------
AVAILABLE DAYLIGHT

AMOUNT OF DAYLIGHT TODAY  (HOUR:MIN)........05:25
LOSS SINCE YESTERDAY........................6 MINUTES
----------------------------

$$
SDB NOV 17
