000
CDUS43 KFGF 282221
CLIFAR


CLIMATE REPORT
NATIONAL WEATHER SERVICE EASTERN NORTH DAKOTA/GRAND FORKS
521 PM CDT FRI APR 28 2017


...................................

...THE FARGO HECTOR INTL AP ND CLIMATE SUMMARY FOR APRIL 28 2017...
VALID TODAY AS OF 0400 PM LOCAL TIME.

CLIMATE NORMAL PERIOD 1981 TO 2010
CLIMATE RECORD PERIOD 1881 TO 2017


WEATHER ITEM   OBSERVED TIME   RECORD YEAR NORMAL DEPARTURE LAST
                VALUE   (LST)  VALUE       VALUE  FROM      YEAR
                                                  NORMAL
..................................................................
TEMPERATURE (F)
 TODAY
  MAXIMUM         53    259 PM  91    2004  63    -10       62
  MINIMUM         25    518 AM  16    1956  38    -13       40
  AVERAGE         39                        51    -12       51

PRECIPITATION (IN)
  TODAY            0.00          1.72 1918   0.06  -0.06     0.00
  MONTH TO DATE    1.40                      1.23   0.17     2.11
  SINCE MAR 1      1.73                      2.53  -0.80     3.07
  SINCE JAN 1      3.50                      3.84  -0.34     4.06

SNOWFALL (IN)
  TODAY            0.0           3.2  1994   0.1   -0.1      0.0
  MONTH TO DATE    2.2                       2.9   -0.7      0.6
  SINCE MAR 1      3.8                      12.0   -8.2      3.1
  SINCE JUL 1     33.1                      50.0  -16.9     27.4
  SNOW DEPTH       0

DEGREE DAYS
 HEATING
  TODAY           26                        15     11       14
  MONTH TO DATE  540                       598    -58      599
  SINCE MAR 1   1630                      1750   -120     1419
  SINCE JUL 1   7128                      8428  -1300     6942

 COOLING
  TODAY            0                         0      0        0
  MONTH TO DATE    0                         0      0        0
  SINCE MAR 1      0                         0      0        0
  SINCE JAN 1      0                         0      0        0
..................................................................


WIND (MPH)
  HIGHEST WIND SPEED    22   HIGHEST WIND DIRECTION     N (340)
  HIGHEST GUST SPEED    30   HIGHEST GUST DIRECTION    NE (50)
  AVERAGE WIND SPEED    10.6


SKY COVER
  POSSIBLE SUNSHINE  MM
  AVERAGE SKY COVER 0.0


WEATHER CONDITIONS
 THE FOLLOWING WEATHER WAS RECORDED TODAY.
  NO SIGNIFICANT WEATHER WAS OBSERVED.


RELATIVE HUMIDITY (PERCENT)
 HIGHEST    92           400 AM
 LOWEST     32           100 PM
 AVERAGE    62

..........................................................


THE FARGO HECTOR INTL AP ND CLIMATE NORMALS FOR TOMORROW
                         NORMAL    RECORD    YEAR
 MAXIMUM TEMPERATURE (F)   64        88      1934
 MINIMUM TEMPERATURE (F)   38        14      1958


SUNRISE AND SUNSET
APRIL 28 2017.........SUNRISE   616 AM CDT   SUNSET   834 PM CDT
APRIL 29 2017.........SUNRISE   615 AM CDT   SUNSET   835 PM CDT


-  INDICATES NEGATIVE NUMBERS.
R  INDICATES RECORD WAS SET OR TIED.
MM INDICATES DATA IS MISSING.
T  INDICATES TRACE AMOUNT.




$$
