000
CDUS43 KFGF 212154
CLIFAR


CLIMATE REPORT
NATIONAL WEATHER SERVICE EASTERN NORTH DAKOTA/GRAND FORKS
453 PM CDT SUN SEP 21 2014


...................................

...THE FARGO HECTOR INTL AP ND CLIMATE SUMMARY FOR SEPTEMBER 21 2014...
VALID TODAY AS OF 0400 PM LOCAL TIME.

CLIMATE NORMAL PERIOD 1981 TO 2010
CLIMATE RECORD PERIOD 1881 TO 2014


WEATHER ITEM   OBSERVED TIME   RECORD YEAR NORMAL DEPARTURE LAST
                VALUE   (LST)  VALUE       VALUE  FROM      YEAR
                                                  NORMAL
..................................................................
TEMPERATURE (F)
 TODAY
  MAXIMUM         66    259 PM  96    1937  68     -2       64
  MINIMUM         49    525 AM  24    1882  45      4       40
  AVERAGE         58                        57      1       52

PRECIPITATION (IN)
  TODAY            0.00          0.99 1883   0.08  -0.08     0.00
  MONTH TO DATE    2.24                      1.90   0.34     3.09
  SINCE SEP 1      2.24                      1.90   0.34     3.09
  SINCE JAN 1     18.70                     17.96   0.74    25.01

SNOWFALL (IN)
  TODAY            0.0           T    2007   0.0    0.0      0.0
                                      1995
                                      1983
  MONTH TO DATE    0.0                       0.0    0.0      0.0
  SINCE SEP 1      0.0                       0.0    0.0      0.0
  SINCE JUL 1      0.0                       0.0    0.0      0.0
  SNOW DEPTH       0

DEGREE DAYS
 HEATING
  TODAY            7                         9     -2       13
  MONTH TO DATE  132                       121     11       69
  SINCE SEP 1    132                       121     11       69
  SINCE JUL 1    164                       171     -7      103

 COOLING
  TODAY            0                         1     -1        0
  MONTH TO DATE   15                        39    -24       62
  SINCE SEP 1     15                        39    -24       62
  SINCE JAN 1    516                       544    -28      680
..................................................................


WIND (MPH)
  HIGHEST WIND SPEED    16   HIGHEST WIND DIRECTION     N (340)
  HIGHEST GUST SPEED    28   HIGHEST GUST DIRECTION    NW (330)
  AVERAGE WIND SPEED     8.9


SKY COVER
  POSSIBLE SUNSHINE  MM
  AVERAGE SKY COVER 0.5


WEATHER CONDITIONS
 THE FOLLOWING WEATHER WAS RECORDED TODAY.
  NO SIGNIFICANT WEATHER WAS OBSERVED.


RELATIVE HUMIDITY (PERCENT)
 HIGHEST    93           500 AM
 LOWEST     60           300 PM
 AVERAGE    77

..........................................................


THE FARGO HECTOR INTL AP ND CLIMATE NORMALS FOR TOMORROW
                         NORMAL    RECORD    YEAR
 MAXIMUM TEMPERATURE (F)   68       101      1936
 MINIMUM TEMPERATURE (F)   45        23      1995
                                             1974


SUNRISE AND SUNSET
SEPTEMBER 21 2014.....SUNRISE   713 AM CDT   SUNSET   727 PM CDT
SEPTEMBER 22 2014.....SUNRISE   714 AM CDT   SUNSET   725 PM CDT


-  INDICATES NEGATIVE NUMBERS.
R  INDICATES RECORD WAS SET OR TIED.
MM INDICATES DATA IS MISSING.
T  INDICATES TRACE AMOUNT.




$$
