000
CDUS43 KFGF 290639
CLIFAR


CLIMATE REPORT
NATIONAL WEATHER SERVICE EASTERN NORTH DAKOTA/GRAND FORKS
137 AM CDT TUE JUL 29 2014


...................................

...THE FARGO HECTOR INTL AP ND CLIMATE SUMMARY FOR JULY 28 2014...

CLIMATE NORMAL PERIOD 1981 TO 2010
CLIMATE RECORD PERIOD 1881 TO 2014


WEATHER ITEM   OBSERVED TIME   RECORD YEAR NORMAL DEPARTURE LAST
                VALUE   (LST)  VALUE       VALUE  FROM      YEAR
                                                  NORMAL
..................................................................
TEMPERATURE (F)
 YESTERDAY
  MAXIMUM         77    238 PM 110    1917  83     -6       76
  MINIMUM         57   1159 PM  44    2013  60     -3       44
                                      1973
                                      1904
  AVERAGE         67                        71     -4       60

PRECIPITATION (IN)
  YESTERDAY        0.00          1.60 1901   0.07  -0.07     0.00
  MONTH TO DATE    1.64                      2.57  -0.93     0.83
  SINCE JUN 1      7.33                      6.47   0.86     8.56
  SINCE JAN 1     14.35                     13.28   1.07    21.46

SNOWFALL (IN)
  YESTERDAY        0.0           0.0    MM   0.0    0.0      0.0
  MONTH TO DATE    0.0                       0.0    0.0      0.0
  SINCE JUN 1      0.0                       0.0    0.0      0.0
  SINCE JUL 1      0.0                       0.0    0.0      0.0
  SNOW DEPTH       0

DEGREE DAYS
 HEATING
  YESTERDAY        0                         0      0        5
  MONTH TO DATE   20                        12      8       16
  SINCE JUN 1     50                        85    -35       78
  SINCE JUL 1     20                        12      8       16

 COOLING
  YESTERDAY        2                         7     -5        0
  MONTH TO DATE  154                       186    -32      227
  SINCE JUN 1    256                       293    -37      373
  SINCE JAN 1    335                       324     11      402
..................................................................


WIND (MPH)
  HIGHEST WIND SPEED    15   HIGHEST WIND DIRECTION     N (350)
  HIGHEST GUST SPEED    20   HIGHEST GUST DIRECTION     N (350)
  AVERAGE WIND SPEED     6.8


SKY COVER
  POSSIBLE SUNSHINE  MM
  AVERAGE SKY COVER 0.7


WEATHER CONDITIONS
 THE FOLLOWING WEATHER WAS RECORDED YESTERDAY.
  NO SIGNIFICANT WEATHER WAS OBSERVED.


RELATIVE HUMIDITY (PERCENT)
 HIGHEST    87          1200 AM
 LOWEST     43           100 PM
 AVERAGE    65

..........................................................


THE FARGO HECTOR INTL AP ND CLIMATE NORMALS FOR TODAY
                         NORMAL    RECORD    YEAR
 MAXIMUM TEMPERATURE (F)   83       100      1975
 MINIMUM TEMPERATURE (F)   60        44      1899


SUNRISE AND SUNSET
JULY 29 2014..........SUNRISE   603 AM CDT   SUNSET   903 PM CDT
JULY 30 2014..........SUNRISE   604 AM CDT   SUNSET   902 PM CDT


-  INDICATES NEGATIVE NUMBERS.
R  INDICATES RECORD WAS SET OR TIED.
MM INDICATES DATA IS MISSING.
T  INDICATES TRACE AMOUNT.




$$
