000
CDUS43 KFGF 270635
CLIFAR


CLIMATE REPORT
NATIONAL WEATHER SERVICE EASTERN NORTH DAKOTA/GRAND FORKS
1234 AM CST THU NOV 27 2014


...................................

...THE FARGO HECTOR INTL AP ND CLIMATE SUMMARY FOR NOVEMBER 26 2014...

CLIMATE NORMAL PERIOD 1981 TO 2010
CLIMATE RECORD PERIOD 1881 TO 2014


WEATHER ITEM   OBSERVED TIME   RECORD YEAR NORMAL DEPARTURE LAST
                VALUE   (LST)  VALUE       VALUE  FROM      YEAR
                                                  NORMAL
..................................................................
TEMPERATURE (F)
 YESTERDAY
  MAXIMUM         20   1206 AM  54    1962  31    -11       22
  MINIMUM        -10   1159 PM -19    1996  14    -24        4
  AVERAGE          5                        22    -17       13

PRECIPITATION (IN)
  YESTERDAY        0.02          0.92 1896   0.03  -0.01      T
  MONTH TO DATE    0.64                      0.89  -0.25     0.40
  SINCE SEP 1      3.42                      5.61  -2.19     8.97
  SINCE JAN 1     19.88                     21.67  -1.79    30.89

SNOWFALL (IN)
  YESTERDAY        0.2           9.0  1896   0.4   -0.2       T
  MONTH TO DATE    2.9                       6.5   -3.6      0.3
  SINCE SEP 1      2.9                       7.2   -4.3      0.3
  SINCE JUL 1      2.9                       7.2   -4.3      0.3
  SNOW DEPTH       1

DEGREE DAYS
 HEATING
  YESTERDAY       60                        43     17       52
  MONTH TO DATE 1035                       910    125      915
  SINCE SEP 1   1702                      1736    -34     1625
  SINCE JUL 1   1734                      1786    -52     1659

 COOLING
  YESTERDAY        0                         0      0        0
  MONTH TO DATE    0                         0      0        0
  SINCE SEP 1     43                        46     -3       81
  SINCE JAN 1    544                       551     -7      699
..................................................................


WIND (MPH)
  HIGHEST WIND SPEED    24   HIGHEST WIND DIRECTION     N (350)
  HIGHEST GUST SPEED    30   HIGHEST GUST DIRECTION     N (360)
  AVERAGE WIND SPEED    14.5


SKY COVER
  POSSIBLE SUNSHINE  MM
  AVERAGE SKY COVER 0.6


WEATHER CONDITIONS
 THE FOLLOWING WEATHER WAS RECORDED YESTERDAY.
  LIGHT SNOW
  FOG
  HAZE


RELATIVE HUMIDITY (PERCENT)
 HIGHEST    86           700 AM
 LOWEST     63          1100 AM
 AVERAGE    75

..........................................................


THE FARGO HECTOR INTL AP ND CLIMATE NORMALS FOR TODAY
                         NORMAL    RECORD    YEAR
 MAXIMUM TEMPERATURE (F)   30        54      1899
 MINIMUM TEMPERATURE (F)   14       -24      1985


SUNRISE AND SUNSET
NOVEMBER 27 2014......SUNRISE   747 AM CST   SUNSET   443 PM CST
NOVEMBER 28 2014......SUNRISE   748 AM CST   SUNSET   442 PM CST


-  INDICATES NEGATIVE NUMBERS.
R  INDICATES RECORD WAS SET OR TIED.
MM INDICATES DATA IS MISSING.
T  INDICATES TRACE AMOUNT.




$$
