000
CDUS43 KFGF 262249
CLIFAR


CLIMATE REPORT
NATIONAL WEATHER SERVICE EASTERN NORTH DAKOTA/GRAND FORKS
449 PM CST FRI DEC 26 2014


...................................

...THE FARGO HECTOR INTL AP ND CLIMATE SUMMARY FOR DECEMBER 26 2014...
VALID TODAY AS OF 0400 PM LOCAL TIME.

CLIMATE NORMAL PERIOD 1981 TO 2010
CLIMATE RECORD PERIOD 1881 TO 2014


WEATHER ITEM   OBSERVED TIME   RECORD YEAR NORMAL DEPARTURE LAST
                VALUE   (LST)  VALUE       VALUE  FROM      YEAR
                                                  NORMAL
..................................................................
TEMPERATURE (F)
 TODAY
  MAXIMUM         27   1219 AM  52    2011  19      8       27
  MINIMUM         22    816 AM -32    1886   3     19       14
                                      1883
  AVERAGE         25                        11     14       21

PRECIPITATION (IN)
  TODAY            T             0.53 1988   0.03  -0.03     0.03
  MONTH TO DATE    0.25                      0.69  -0.44     1.16
  SINCE DEC 1      0.25                      0.69  -0.44     1.16
  SINCE JAN 1     20.20                     22.47  -2.27    32.05

SNOWFALL (IN)
  TODAY            T             8.5  1988   0.4   -0.4      0.7
  MONTH TO DATE    0.9                       9.2   -8.3     15.3
  SINCE DEC 1      0.9                       9.2   -8.3     15.3
  SINCE JUL 1      4.5                      17.8  -13.3     15.6
  SNOW DEPTH       T

DEGREE DAYS
 HEATING
  TODAY           40                        54    -14       44
  MONTH TO DATE 1049                      1306   -257     1567
  SINCE DEC 1   1049                      1306   -257     1567
  SINCE JUL 1   3006                      3268   -262     3408

 COOLING
  TODAY            0                         0      0        0
  MONTH TO DATE    0                         0      0        0
  SINCE DEC 1      0                         0      0        0
  SINCE JAN 1    544                       551     -7      699
..................................................................


WIND (MPH)
  HIGHEST WIND SPEED    20   HIGHEST WIND DIRECTION     N (350)
  HIGHEST GUST SPEED    24   HIGHEST GUST DIRECTION     N (350)
  AVERAGE WIND SPEED    13.0


SKY COVER
  POSSIBLE SUNSHINE  MM
  AVERAGE SKY COVER 0.9


WEATHER CONDITIONS
 THE FOLLOWING WEATHER WAS RECORDED TODAY.
  LIGHT SNOW
  HAZE


RELATIVE HUMIDITY (PERCENT)
 HIGHEST    81          1200 AM
 LOWEST     74           500 AM
 AVERAGE    78

..........................................................


THE FARGO HECTOR INTL AP ND CLIMATE NORMALS FOR TOMORROW
                         NORMAL    RECORD    YEAR
 MAXIMUM TEMPERATURE (F)   19        46      1928
 MINIMUM TEMPERATURE (F)    3       -34      1883


SUNRISE AND SUNSET
DECEMBER 26 2014......SUNRISE   812 AM CST   SUNSET   444 PM CST
DECEMBER 27 2014......SUNRISE   812 AM CST   SUNSET   445 PM CST


-  INDICATES NEGATIVE NUMBERS.
R  INDICATES RECORD WAS SET OR TIED.
MM INDICATES DATA IS MISSING.
T  INDICATES TRACE AMOUNT.




$$
