000
CDUS46 KHNX 260823
CLIFAT


CLIMATE REPORT
NATIONAL WEATHER SERVICE SAN JOAQUIN VALLEY, CA
1223 AM PST SUN FEB 26 2017


...................................

...THE FRESNO CA CLIMATE SUMMARY FOR FEBRUARY 25 2017...

CLIMATE NORMAL PERIOD 1981 TO 2010
CLIMATE RECORD PERIOD 1887 TO 2017


WEATHER ITEM   OBSERVED TIME   RECORD YEAR NORMAL DEPARTURE
                VALUE   (LST)  VALUE       VALUE  FROM
                                                  NORMAL
...............................................................
TEMPERATURE (F)
 YESTERDAY
  MAXIMUM         56    344 PM  80    2014  64     -8
  MINIMUM         34    654 AM  30    1912  43     -9
  AVERAGE         45                        54     -9

PRECIPITATION (IN)
  YESTERDAY        0.00          0.69 1940   0.07  -0.07
  MONTH TO DATE    2.52                      1.82   0.70
  SINCE OCT 1     12.58                      7.48   5.10
  SINCE JAN 1      8.02                      4.01   4.01

SNOWFALL (IN)
  YESTERDAY        0.0
  MONTH TO DATE    0.0
  SINCE DEC 1      0.0
  SINCE JUL 1      0.0
  SNOW DEPTH       0

DEGREE DAYS
 HEATING
  YESTERDAY       20                                9
  MONTH TO DATE  254                              -89
  SINCE DEC 1   1312                             -178
  SINCE JUL 1   1563                             -315

 COOLING
  YESTERDAY        0                                0
  MONTH TO DATE    0                                0
  SINCE DEC 1      0                                0
  SINCE JAN 1      0                                0
...............................................................


WIND (MPH)
  HIGHEST WIND SPEED    10   HIGHEST WIND DIRECTION    SW (230)
  HIGHEST GUST SPEED    12   HIGHEST GUST DIRECTION    SW (230)
  AVERAGE WIND SPEED     2.9




RELATIVE HUMIDITY (PERCENT)
 HIGHEST    96
 LOWEST     38
 AVERAGE    67

..........................................................


THE FRESNO CA CLIMATE NORMALS FOR TODAY
                         NORMAL    RECORD    YEAR
 MAXIMUM TEMPERATURE (F)   64        83      1888
 MINIMUM TEMPERATURE (F)   44        25      1971


SUNRISE AND SUNSET
FEBRUARY 26 2017......SUNRISE   633 AM PST   SUNSET   551 PM PST
FEBRUARY 27 2017......SUNRISE   632 AM PST   SUNSET   552 PM PST


-  INDICATES NEGATIVE NUMBERS.
R  INDICATES RECORD WAS SET OR TIED.
MM INDICATES DATA IS MISSING.
T  INDICATES TRACE AMOUNT.




$$
