000
CDUS46 KHNX 170821
CLIFAT


CLIMATE REPORT
NATIONAL WEATHER SERVICE SAN JOAQUIN VALLEY, CA
120 AM PDT WED SEP 17 2014


...................................

...THE FRESNO CA CLIMATE SUMMARY FOR SEPTEMBER 16 2014...

CLIMATE NORMAL PERIOD 1981 TO 2010
CLIMATE RECORD PERIOD 1887 TO 2014


WEATHER ITEM   OBSERVED TIME   RECORD YEAR NORMAL DEPARTURE
                VALUE   (LST)  VALUE       VALUE  FROM
                                                  NORMAL
...............................................................
TEMPERATURE (F)
 YESTERDAY
  MAXIMUM         98    445 PM 105    1937  91      7
  MINIMUM         67    601 AM  49    1955  62      5
                                      1954
  AVERAGE         83                        76      7

PRECIPITATION (IN)
  YESTERDAY        0.00          0.26 1891   0.01  -0.01
  MONTH TO DATE    T                         0.06  -0.06
  SINCE JUL 1      0.01                      0.08  -0.07
  SINCE JAN 1      4.09                      7.92  -3.83

SNOWFALL (IN)
  YESTERDAY        0.0
  MONTH TO DATE    0.0
  SINCE SEP 1      0.0
  SINCE JUL 1      0.0
  SNOW DEPTH       0

DEGREE DAYS
 HEATING
  YESTERDAY        0                                0
  MONTH TO DATE    0                                0
  SINCE SEP 1      0                                0
  SINCE JUL 1      0                                0

 COOLING
  YESTERDAY       18                                7
  MONTH TO DATE  316                              109
  SINCE SEP 1    316                              109
  SINCE JAN 1   2537                              646
...............................................................


WIND (MPH)
  HIGHEST WIND SPEED    15   HIGHEST WIND DIRECTION    NW (310)
  HIGHEST GUST SPEED    19   HIGHEST GUST DIRECTION    NW (300)
  AVERAGE WIND SPEED     6.0




RELATIVE HUMIDITY (PERCENT)
 HIGHEST    55
 LOWEST     17
 AVERAGE    36

..........................................................


THE FRESNO CA CLIMATE NORMALS FOR TODAY
                         NORMAL    RECORD    YEAR
 MAXIMUM TEMPERATURE (F)   91       105      1979
                                             1913
 MINIMUM TEMPERATURE (F)   61        48      1965
                                             1908


SUNRISE AND SUNSET
SEPTEMBER 17 2014.....SUNRISE   643 AM PDT   SUNSET   703 PM PDT
SEPTEMBER 18 2014.....SUNRISE   644 AM PDT   SUNSET   702 PM PDT


-  INDICATES NEGATIVE NUMBERS.
R  INDICATES RECORD WAS SET OR TIED.
MM INDICATES DATA IS MISSING.
T  INDICATES TRACE AMOUNT.




$$
