000
CDUS46 KHNX 310825
CLIFAT


CLIMATE REPORT
NATIONAL WEATHER SERVICE SAN JOAQUIN VALLEY, CA
124 AM PDT FRI JUL 31 2015


...................................

...THE FRESNO CA CLIMATE SUMMARY FOR JULY 30 2015...

CLIMATE NORMAL PERIOD 1981 TO 2010
CLIMATE RECORD PERIOD 1887 TO 2015


WEATHER ITEM   OBSERVED TIME   RECORD YEAR NORMAL DEPARTURE
                VALUE   (LST)  VALUE       VALUE  FROM
                                                  NORMAL
...............................................................
TEMPERATURE (F)
 YESTERDAY
  MAXIMUM        103    147 PM 114    1898  99      4
  MINIMUM         74    511 AM  57    1975  68      6
                                      1919
  AVERAGE         89                        84      5

PRECIPITATION (IN)
  YESTERDAY        0.00          0.03 1966   0.00   0.00
  MONTH TO DATE    0.43                      0.01   0.42
  SINCE OCT 1      6.85                     11.32  -4.47
  SINCE JAN 1      3.66                      7.85  -4.19

SNOWFALL (IN)
  YESTERDAY        0.0
  MONTH TO DATE    0.0
  SINCE JUN 1      0.0
  SINCE JUL 1      0.0
  SNOW DEPTH       0

DEGREE DAYS
 HEATING
  YESTERDAY        0                                0
  MONTH TO DATE    0                                0
  SINCE JUN 1      0                               -3
  SINCE JUL 1      0                                0

 COOLING
  YESTERDAY       24                                6
  MONTH TO DATE  541                               -1
  SINCE JUN 1   1054                              143
  SINCE JAN 1   1327                              175
...............................................................


WIND (MPH)
  HIGHEST WIND SPEED    14   HIGHEST WIND DIRECTION    NW (310)
  HIGHEST GUST SPEED    18   HIGHEST GUST DIRECTION    NW (320)
  AVERAGE WIND SPEED     5.4




RELATIVE HUMIDITY (PERCENT)
 HIGHEST    50
 LOWEST     15
 AVERAGE    33

..........................................................


THE FRESNO CA CLIMATE NORMALS FOR TODAY
                         NORMAL    RECORD    YEAR
 MAXIMUM TEMPERATURE (F)   99       114      1908
 MINIMUM TEMPERATURE (F)   68        53      1895


SUNRISE AND SUNSET
JULY 31 2015..........SUNRISE   604 AM PDT   SUNSET   806 PM PDT
AUGUST  1 2015........SUNRISE   604 AM PDT   SUNSET   805 PM PDT


-  INDICATES NEGATIVE NUMBERS.
R  INDICATES RECORD WAS SET OR TIED.
MM INDICATES DATA IS MISSING.
T  INDICATES TRACE AMOUNT.




$$
