593
CDUS46 KHNX 240826
CLIFAT


CLIMATE REPORT
NATIONAL WEATHER SERVICE SAN JOAQUIN VALLEY, CA
124 AM PDT WED MAY 24 2017


...................................

...THE FRESNO CA CLIMATE SUMMARY FOR MAY 23 2017...

CLIMATE NORMAL PERIOD 1981 TO 2010
CLIMATE RECORD PERIOD 1887 TO 2017


WEATHER ITEM   OBSERVED TIME   RECORD YEAR NORMAL DEPARTURE
                VALUE   (LST)  VALUE       VALUE  FROM
                                                  NORMAL
...............................................................
TEMPERATURE (F)
 YESTERDAY
  MAXIMUM        101        MM 103    1967  86     15
  MINIMUM         67        MM  44    1960  58      9
                                      1909
  AVERAGE         84                        72     12

PRECIPITATION (IN)
  YESTERDAY        0.00          0.23 1990   0.01  -0.01
  MONTH TO DATE    0.12                      0.34  -0.22
  SINCE OCT 1     17.20                     11.01   6.19
  SINCE JAN 1     12.64                      7.54   5.10

SNOWFALL (IN)
  YESTERDAY        0.0
  MONTH TO DATE    0.0
  SINCE MAR 1      0.0
  SINCE JUL 1      0.0
  SNOW DEPTH       0

DEGREE DAYS
 HEATING
  YESTERDAY        0                               -1
  MONTH TO DATE   26                               -3
  SINCE MAR 1    322                             -108
  SINCE JUL 1   1936                             -406

 COOLING
  YESTERDAY       19                               12
  MONTH TO DATE  162                               39
  SINCE MAR 1    192                               18
  SINCE JAN 1    192                               18
...............................................................


WIND (MPH)
  HIGHEST WIND SPEED    12   HIGHEST WIND DIRECTION     W (290)
  HIGHEST GUST SPEED    MM   HIGHEST GUST DIRECTION    MM
  AVERAGE WIND SPEED     6.8




RELATIVE HUMIDITY (PERCENT)
 HIGHEST    63
 LOWEST     17
 AVERAGE    40

..........................................................


THE FRESNO CA CLIMATE NORMALS FOR TODAY
                         NORMAL    RECORD    YEAR
 MAXIMUM TEMPERATURE (F)   86       103      1943
                                             1890
 MINIMUM TEMPERATURE (F)   58        41      1953


SUNRISE AND SUNSET
MAY 24 2017...........SUNRISE   545 AM PDT   SUNSET   807 PM PDT
MAY 25 2017...........SUNRISE   544 AM PDT   SUNSET   808 PM PDT


-  INDICATES NEGATIVE NUMBERS.
R  INDICATES RECORD WAS SET OR TIED.
MM INDICATES DATA IS MISSING.
T  INDICATES TRACE AMOUNT.




$$
