229
CDUS46 KHNX 130822
CLIFAT


CLIMATE REPORT
NATIONAL WEATHER SERVICE SAN JOAQUIN VALLEY, CA
1222 AM PST WED DEC 13 2017


...................................

...THE FRESNO CA CLIMATE SUMMARY FOR DECEMBER 12 2017...

CLIMATE NORMAL PERIOD 1981 TO 2010
CLIMATE RECORD PERIOD 1887 TO 2017


WEATHER ITEM   OBSERVED TIME   RECORD YEAR NORMAL DEPARTURE
                VALUE   (LST)  VALUE       VALUE  FROM
                                                  NORMAL
...............................................................
TEMPERATURE (F)
 YESTERDAY
  MAXIMUM         63    315 PM  69    1969  55      8
  MINIMUM         34    715 AM  18    1932  38     -4
  AVERAGE         49                        47      2

PRECIPITATION (IN)
  YESTERDAY        0.00          1.33 2014   0.05  -0.05
  MONTH TO DATE    T                         0.56  -0.56
  SINCE OCT 1      0.37                      2.26  -1.89
  SINCE JAN 1     13.17                     10.29   2.88

SNOWFALL (IN)
  YESTERDAY        0.0
  MONTH TO DATE    0.0
  SINCE DEC 1      0.0
  SINCE JUL 1      0.0
  SNOW DEPTH       0

DEGREE DAYS
 HEATING
  YESTERDAY       16                               -2
  MONTH TO DATE  197                              -10
  SINCE DEC 1    197                              -10
  SINCE JUL 1    455                             -140

 COOLING
  YESTERDAY        0                                0
  MONTH TO DATE    0                                0
  SINCE DEC 1      0                                0
  SINCE JAN 1   2490                              366
...............................................................


WIND (MPH)
  HIGHEST WIND SPEED     6   HIGHEST WIND DIRECTION    NW (320)
  HIGHEST GUST SPEED     7   HIGHEST GUST DIRECTION    NW (310)
  AVERAGE WIND SPEED     1.9




RELATIVE HUMIDITY (PERCENT)
 HIGHEST    89
 LOWEST     39
 AVERAGE    64

..........................................................


THE FRESNO CA CLIMATE NORMALS FOR TODAY
                         NORMAL    RECORD    YEAR
 MAXIMUM TEMPERATURE (F)   55        72      1929
 MINIMUM TEMPERATURE (F)   38        23      1940


SUNRISE AND SUNSET
DECEMBER 13 2017......SUNRISE   703 AM PST   SUNSET   443 PM PST
DECEMBER 14 2017......SUNRISE   704 AM PST   SUNSET   444 PM PST


-  INDICATES NEGATIVE NUMBERS.
R  INDICATES RECORD WAS SET OR TIED.
MM INDICATES DATA IS MISSING.
T  INDICATES TRACE AMOUNT.




$$
