000
CDUS42 KRAH 282041
CLIFAY


CLIMATE REPORT
NATIONAL WEATHER SERVICE RALEIGH NC
439 PM EDT SUN MAY 28 2017


...................................

...THE FAYETTEVILLE REGL AIRPORT NC CLIMATE SUMMARY FOR MAY 28 2017...
VALID TODAY AS OF 0439 PM LOCAL TIME.

CLIMATE NORMAL PERIOD 1981 TO 2010
CLIMATE RECORD PERIOD 1910 TO 2017


WEATHER ITEM   OBSERVED TIME   RECORD YEAR NORMAL DEPARTURE LAST
                VALUE   (LST)  VALUE       VALUE  FROM      YEAR
                                                  NORMAL
..................................................................
TEMPERATURE (F)
 TODAY
  MAXIMUM         93    338 PM 102    1941  85      8       88
  MINIMUM         72    516 AM  40    1961  63      9       59
  AVERAGE         83                        74      9       74

PRECIPITATION (IN)
  TODAY            0.00          1.75 1995   0.14  -0.14      T
  MONTH TO DATE    5.09                      2.78   2.31     3.93
  SINCE MAR 1     12.03                      9.15   2.88     8.47
  SINCE JAN 1     15.45                     15.21   0.24    16.31

DEGREE DAYS
 HEATING
  TODAY            0                         0      0        0
  MONTH TO DATE   12                        23    -11       27
  SINCE MAR 1    405                       505   -100      356
  SINCE JUL 1   2027                      2730   -703     2169

 COOLING
  TODAY           18                         9      9        9
  MONTH TO DATE  240                       171     69      161
  SINCE MAR 1    443                       250    193      296
  SINCE JAN 1    458                       254    204      296
..................................................................


WIND (MPH)
  HIGHEST WIND SPEED    22   HIGHEST WIND DIRECTION     W (260)
  HIGHEST GUST SPEED    30   HIGHEST GUST DIRECTION    SW (230)
  AVERAGE WIND SPEED     9.7


SKY COVER
  POSSIBLE SUNSHINE  MM
  AVERAGE SKY COVER 0.1


WEATHER CONDITIONS
 THE FOLLOWING WEATHER WAS RECORDED TODAY.
  NO SIGNIFICANT WEATHER WAS OBSERVED.


RELATIVE HUMIDITY (PERCENT)
 HIGHEST    90           400 AM
 LOWEST     38           300 PM
 AVERAGE    64

..........................................................


THE FAYETTEVILLE REGL AIRPORT NC CLIMATE NORMALS FOR TOMORROW
                         NORMAL    RECORD    YEAR
 MAXIMUM TEMPERATURE (F)   85       102      1941
 MINIMUM TEMPERATURE (F)   63        32      1942


SUNRISE AND SUNSET
MAY 28 2017...........SUNRISE   604 AM EDT   SUNSET   822 PM EDT
MAY 29 2017...........SUNRISE   604 AM EDT   SUNSET   823 PM EDT


-  INDICATES NEGATIVE NUMBERS.
R  INDICATES RECORD WAS SET OR TIED.
MM INDICATES DATA IS MISSING.
T  INDICATES TRACE AMOUNT.




$$
