000
CDUS42 KRAH 030622
CLIFAY


CLIMATE REPORT
NATIONAL WEATHER SERVICE RALEIGH NC
220 AM EDT TUE MAY 3 2016


...................................

...THE FAYETTEVILLE REGL AIRPORT NC CLIMATE SUMMARY FOR MAY 2 2016...

CLIMATE NORMAL PERIOD 1981 TO 2010
CLIMATE RECORD PERIOD 1910 TO 2016


WEATHER ITEM   OBSERVED TIME   RECORD YEAR NORMAL DEPARTURE LAST
                VALUE   (LST)  VALUE       VALUE  FROM      YEAR
                                                  NORMAL
..................................................................
TEMPERATURE (F)
 YESTERDAY
  MAXIMUM         86    142 PM  94    2010  79      7       76
  MINIMUM         66    714 PM  37    1963  55     11       49
  AVERAGE         76                        67      9       63

PRECIPITATION (IN)
  YESTERDAY        0.75          1.42 1989   0.05   0.70     0.00
  MONTH TO DATE    1.00                      0.11   0.89     0.13
  SINCE MAR 1      5.54                      6.48  -0.94     5.49
  SINCE JAN 1     13.38                     12.54   0.84    13.14

DEGREE DAYS
 HEATING
  YESTERDAY        0                         2     -2        2
  MONTH TO DATE    0                         4     -4       10
  SINCE MAR 1    329                       486   -157      446
  SINCE JUL 1   2142                      2711   -569     2942

 COOLING
  YESTERDAY       11                         4      7        0
  MONTH TO DATE   15                         8      7        0
  SINCE MAR 1    150                        87     63       92
  SINCE JAN 1    150                        91     59       92
..................................................................


WIND (MPH)
  HIGHEST WIND SPEED    29   HIGHEST WIND DIRECTION     W (260)
  HIGHEST GUST SPEED    35   HIGHEST GUST DIRECTION     W (270)
  AVERAGE WIND SPEED     9.5


SKY COVER
  POSSIBLE SUNSHINE  MM
  AVERAGE SKY COVER 0.5


WEATHER CONDITIONS
 THE FOLLOWING WEATHER WAS RECORDED YESTERDAY.
  THUNDERSTORM
  HEAVY RAIN
  RAIN
  LIGHT RAIN
  FOG


RELATIVE HUMIDITY (PERCENT)
 HIGHEST    93           400 AM
 LOWEST     59           100 PM
 AVERAGE    76

..........................................................


THE FAYETTEVILLE REGL AIRPORT NC CLIMATE NORMALS FOR TODAY
                         NORMAL    RECORD    YEAR
 MAXIMUM TEMPERATURE (F)   79        95      1913
 MINIMUM TEMPERATURE (F)   55        38      1981


SUNRISE AND SUNSET
MAY  3 2016...........SUNRISE   622 AM EDT   SUNSET   803 PM EDT
MAY  4 2016...........SUNRISE   621 AM EDT   SUNSET   804 PM EDT


-  INDICATES NEGATIVE NUMBERS.
R  INDICATES RECORD WAS SET OR TIED.
MM INDICATES DATA IS MISSING.
T  INDICATES TRACE AMOUNT.




$$
