000
CDUS42 KRAH 110711
CLIFAY


CLIMATE REPORT
NATIONAL WEATHER SERVICE RALEIGH NC
209 AM EST THU FEB 11 2016


...................................

...THE FAYETTEVILLE REGL AIRPORT NC CLIMATE SUMMARY FOR FEBRUARY 10 2016...

CLIMATE NORMAL PERIOD 1981 TO 2010
CLIMATE RECORD PERIOD 1910 TO 2016


WEATHER ITEM   OBSERVED TIME   RECORD YEAR NORMAL DEPARTURE LAST
                VALUE   (LST)  VALUE       VALUE  FROM      YEAR
                                                  NORMAL
..................................................................
TEMPERATURE (F)
 YESTERDAY
  MAXIMUM         41    157 PM  80    1939  58    -17       54
  MINIMUM         26    724 AM   9    1934  35     -9       38
  AVERAGE         34                        46    -12       46

PRECIPITATION (IN)
  YESTERDAY        0.00          1.06 1980   0.10  -0.10     0.22
  MONTH TO DATE    2.88                      0.90   1.98     0.81
  SINCE DEC 1     11.09                      6.85   4.24     9.40
  SINCE JAN 1      4.58                      4.20   0.38     5.18

DEGREE DAYS
 HEATING
  YESTERDAY       31                        19     12       19
  MONTH TO DATE  172                       194    -22      193
  SINCE DEC 1   1125                      1472   -347     1416
  SINCE JUL 1   1444                      1920   -476     1960

 COOLING
  YESTERDAY        0                         0      0        0
  MONTH TO DATE    0                         0      0        0
  SINCE DEC 1     47                         4     43        0
  SINCE JAN 1      0                         2     -2        0
..................................................................


WIND (MPH)
  HIGHEST WIND SPEED    22   HIGHEST WIND DIRECTION     W (270)
  HIGHEST GUST SPEED    27   HIGHEST GUST DIRECTION    SW (230)
  AVERAGE WIND SPEED     9.4


SKY COVER
  POSSIBLE SUNSHINE  MM
  AVERAGE SKY COVER 0.2


WEATHER CONDITIONS
 THE FOLLOWING WEATHER WAS RECORDED YESTERDAY.
  NO SIGNIFICANT WEATHER WAS OBSERVED.


RELATIVE HUMIDITY (PERCENT)
 HIGHEST    63           500 AM
 LOWEST     34           100 PM
 AVERAGE    49

..........................................................


THE FAYETTEVILLE REGL AIRPORT NC CLIMATE NORMALS FOR TODAY
                         NORMAL    RECORD    YEAR
 MAXIMUM TEMPERATURE (F)   58        77      2009
 MINIMUM TEMPERATURE (F)   35        15      1912


SUNRISE AND SUNSET
FEBRUARY 11 2016......SUNRISE   706 AM EST   SUNSET   554 PM EST
FEBRUARY 12 2016......SUNRISE   705 AM EST   SUNSET   555 PM EST


-  INDICATES NEGATIVE NUMBERS.
R  INDICATES RECORD WAS SET OR TIED.
MM INDICATES DATA IS MISSING.
T  INDICATES TRACE AMOUNT.

$$
