000
CDUS42 KRAH 230728
CLIFAY


CLIMATE REPORT
NATIONAL WEATHER SERVICE RALEIGH NC
225 AM EST THU NOV 23 2017


...................................

...THE FAYETTEVILLE REGL AIRPORT NC CLIMATE SUMMARY FOR NOVEMBER 22 2017...

CLIMATE NORMAL PERIOD 1981 TO 2010
CLIMATE RECORD PERIOD 1910 TO 2017


WEATHER ITEM   OBSERVED TIME   RECORD YEAR NORMAL DEPARTURE LAST
                VALUE   (LST)  VALUE       VALUE  FROM      YEAR
                                                  NORMAL
..................................................................
TEMPERATURE (F)
 YESTERDAY
  MAXIMUM         68    137 PM  82    1934  65      3       59
  MINIMUM         47   1159 PM  20    2000  41      6       34
  AVERAGE         58                        53      5       47

PRECIPITATION (IN)
  YESTERDAY        T             2.74 2006   0.11  -0.11     0.00
  MONTH TO DATE    0.54                      1.99  -1.45     0.49
  SINCE SEP 1      7.03                      9.60  -2.57    26.63
  SINCE JAN 1     38.83                     41.03  -2.20    53.29

DEGREE DAYS
 HEATING
  YESTERDAY        7                        12     -5       18
  MONTH TO DATE  229                       210     19      223
  SINCE SEP 1    310                       337    -27      272
  SINCE JUL 1    310                       337    -27      272

 COOLING
  YESTERDAY        0                         0      0        0
  MONTH TO DATE   12                        11      1        7
  SINCE SEP 1    476                       349    127      524
  SINCE JAN 1   2455                      1989    466     2518
..................................................................


WIND (MPH)
  HIGHEST WIND SPEED    17   HIGHEST WIND DIRECTION    NW (320)
  HIGHEST GUST SPEED    22   HIGHEST GUST DIRECTION     N (350)
  AVERAGE WIND SPEED     8.6


SKY COVER
  POSSIBLE SUNSHINE  MM
  AVERAGE SKY COVER 0.3


WEATHER CONDITIONS
 THE FOLLOWING WEATHER WAS RECORDED YESTERDAY.
  FOG


RELATIVE HUMIDITY (PERCENT)
 HIGHEST   100           200 AM
 LOWEST     37           200 PM
 AVERAGE    69

..........................................................


THE FAYETTEVILLE REGL AIRPORT NC CLIMATE NORMALS FOR TODAY
                         NORMAL    RECORD    YEAR
 MAXIMUM TEMPERATURE (F)   64        81      1931
 MINIMUM TEMPERATURE (F)   41        16      1937


SUNRISE AND SUNSET
NOVEMBER 23 2017......SUNRISE   658 AM EST   SUNSET   506 PM EST
NOVEMBER 24 2017......SUNRISE   659 AM EST   SUNSET   505 PM EST


-  INDICATES NEGATIVE NUMBERS.
R  INDICATES RECORD WAS SET OR TIED.
MM INDICATES DATA IS MISSING.
T  INDICATES TRACE AMOUNT.




$$
