000
CDUS42 KRAH 120534
CLIFAY


CLIMATE REPORT
NATIONAL WEATHER SERVICE RALEIGH NC
134 AM EDT SAT JUL 12 2014


...................................

...THE FAYETTEVILLE REGL AIRPORT NC CLIMATE SUMMARY FOR JULY 11 2014...

CLIMATE NORMAL PERIOD 1981 TO 2010
CLIMATE RECORD PERIOD 1910 TO 2014


WEATHER ITEM   OBSERVED TIME   RECORD YEAR NORMAL DEPARTURE LAST
                VALUE   (LST)  VALUE       VALUE  FROM      YEAR
                                                  NORMAL
..................................................................
TEMPERATURE (F)
 YESTERDAY
  MAXIMUM         84    511 PM 104    1932  91     -7       91
  MINIMUM         70    159 AM  58    1961  72     -2       73
  AVERAGE         77                        82     -5       82

PRECIPITATION (IN)
  YESTERDAY        0.00          3.12 1990   0.18  -0.18     0.33
  MONTH TO DATE    1.44                      1.89  -0.45     5.03
  SINCE JUN 1      4.13                      6.24  -2.11    13.61
  SINCE JAN 1     22.58                     21.91   0.67    26.95

DEGREE DAYS
 HEATING
  YESTERDAY        0                         0      0        0
  MONTH TO DATE    0                         0      0        0
  SINCE JUN 1      0                         0      0        0
  SINCE JUL 1      0                         0      0        0

 COOLING
  YESTERDAY       12                        16     -4       17
  MONTH TO DATE  182                       176      6      172
  SINCE JUN 1    639                       572     67      567
  SINCE JAN 1   1005                       856    149      816
..................................................................


WIND (MPH)
  HIGHEST WIND SPEED     9   HIGHEST WIND DIRECTION     E (90)
  HIGHEST GUST SPEED    12   HIGHEST GUST DIRECTION     E (110)
  AVERAGE WIND SPEED     3.2


SKY COVER
  POSSIBLE SUNSHINE  MM
  AVERAGE SKY COVER 0.5


WEATHER CONDITIONS
 THE FOLLOWING WEATHER WAS RECORDED YESTERDAY.
  FOG


RELATIVE HUMIDITY (PERCENT)
 HIGHEST    93          1200 AM
 LOWEST     65           300 PM
 AVERAGE    79

..........................................................


THE FAYETTEVILLE REGL AIRPORT NC CLIMATE NORMALS FOR TODAY
                         NORMAL    RECORD    YEAR
 MAXIMUM TEMPERATURE (F)   91       102      1937
 MINIMUM TEMPERATURE (F)   72        58      1953


SUNRISE AND SUNSET
JULY 12 2014..........SUNRISE   611 AM EDT   SUNSET   831 PM EDT
JULY 13 2014..........SUNRISE   612 AM EDT   SUNSET   831 PM EDT


-  INDICATES NEGATIVE NUMBERS.
R  INDICATES RECORD WAS SET OR TIED.
MM INDICATES DATA IS MISSING.
T  INDICATES TRACE AMOUNT.




$$
