000
CDUS42 KRAH 050819
CLIFAY


CLIMATE REPORT
NATIONAL WEATHER SERVICE RALEIGH NC
418 AM EDT SUN JUL 5 2015


...................................

...THE FAYETTEVILLE REGL AIRPORT NC CLIMATE SUMMARY FOR JULY 4 2015...

CLIMATE NORMAL PERIOD 1981 TO 2010
CLIMATE RECORD PERIOD 1910 TO 2015


WEATHER ITEM   OBSERVED TIME   RECORD YEAR NORMAL DEPARTURE LAST
                VALUE   (LST)  VALUE       VALUE  FROM      YEAR
                                                  NORMAL
..................................................................
TEMPERATURE (F)
 YESTERDAY
  MAXIMUM         89    426 PM  98    1953  91     -2       90
  MINIMUM         72    415 AM  54    1946  71      1       73
  AVERAGE         81                        81      0       82

PRECIPITATION (IN)
  YESTERDAY        0.00          1.62 1981   0.17  -0.17     0.00
  MONTH TO DATE    0.42                      0.65  -0.23     0.08
  SINCE JUN 1      9.56                      5.00   4.56     2.77
  SINCE JAN 1     24.83                     20.67   4.16    21.22

DEGREE DAYS
 HEATING
  YESTERDAY        0                         0      0        0
  MONTH TO DATE    0                         0      0        0
  SINCE JUN 1      0                         0      0        0
  SINCE JUL 1      0                         0      0        0

 COOLING
  YESTERDAY       16                        16      0       17
  MONTH TO DATE   57                        64     -7       71
  SINCE JUN 1    546                       460     86      528
  SINCE JAN 1    876                       744    132      894
..................................................................


WIND (MPH)
  HIGHEST WIND SPEED    26   HIGHEST WIND DIRECTION    SW (230)
  HIGHEST GUST SPEED    35   HIGHEST GUST DIRECTION    SW (230)
  AVERAGE WIND SPEED    12.4


SKY COVER
  POSSIBLE SUNSHINE  MM
  AVERAGE SKY COVER 0.1


WEATHER CONDITIONS
 THE FOLLOWING WEATHER WAS RECORDED YESTERDAY.
  NO SIGNIFICANT WEATHER WAS OBSERVED.


RELATIVE HUMIDITY (PERCENT)
 HIGHEST    87           300 AM
 LOWEST     44           300 PM
 AVERAGE    66

..........................................................


THE FAYETTEVILLE REGL AIRPORT NC CLIMATE NORMALS FOR TODAY
                         NORMAL    RECORD    YEAR
 MAXIMUM TEMPERATURE (F)   91       101      2002
 MINIMUM TEMPERATURE (F)   71        51      1933


SUNRISE AND SUNSET
JULY  5 2015..........SUNRISE   607 AM EDT   SUNSET   833 PM EDT
JULY  6 2015..........SUNRISE   607 AM EDT   SUNSET   833 PM EDT


-  INDICATES NEGATIVE NUMBERS.
R  INDICATES RECORD WAS SET OR TIED.
MM INDICATES DATA IS MISSING.
T  INDICATES TRACE AMOUNT.




$$
