000
CDUS42 KRAH 250805
CLIFAY


CLIMATE REPORT
NATIONAL WEATHER SERVICE RALEIGH NC
405 AM EDT THU AUG 25 2016


...................................

...THE FAYETTEVILLE REGL AIRPORT NC CLIMATE SUMMARY FOR AUGUST 24 2016...

CLIMATE NORMAL PERIOD 1981 TO 2010
CLIMATE RECORD PERIOD 1910 TO 2016


WEATHER ITEM   OBSERVED TIME   RECORD YEAR NORMAL DEPARTURE LAST
                VALUE   (LST)  VALUE       VALUE  FROM      YEAR
                                                  NORMAL
..................................................................
TEMPERATURE (F)
 YESTERDAY
  MAXIMUM         89    322 PM 104    1983  89      0       90
  MINIMUM         66    621 AM  55    1978  69     -3       73
  AVERAGE         78                        79     -1       82

PRECIPITATION (IN)
  YESTERDAY        0.00          2.76 1966   0.16  -0.16     0.00
  MONTH TO DATE    1.14                      4.38  -3.24     1.71
  SINCE JUN 1      8.90                     14.65  -5.75    14.23
  SINCE JAN 1     26.47                     30.32  -3.85    29.50

DEGREE DAYS
 HEATING
  YESTERDAY        0                         0      0        0
  MONTH TO DATE    0                         0      0        0
  SINCE JUN 1      0                         0      0        0
  SINCE JUL 1      0                         0      0        0

 COOLING
  YESTERDAY       13                        14     -1       17
  MONTH TO DATE  461                       361    100      377
  SINCE JUN 1   1532                      1264    268     1421
  SINCE JAN 1   1868                      1548    320     1751
..................................................................


WIND (MPH)
  HIGHEST WIND SPEED    12   HIGHEST WIND DIRECTION    NE (50)
  HIGHEST GUST SPEED    15   HIGHEST GUST DIRECTION    NE (50)
  AVERAGE WIND SPEED     4.6


SKY COVER
  POSSIBLE SUNSHINE  MM
  AVERAGE SKY COVER 0.2


WEATHER CONDITIONS
 THE FOLLOWING WEATHER WAS RECORDED YESTERDAY.
  NO SIGNIFICANT WEATHER WAS OBSERVED.


RELATIVE HUMIDITY (PERCENT)
 HIGHEST    93           400 AM
 LOWEST     41           300 PM
 AVERAGE    67

..........................................................


THE FAYETTEVILLE REGL AIRPORT NC CLIMATE NORMALS FOR TODAY
                         NORMAL    RECORD    YEAR
 MAXIMUM TEMPERATURE (F)   89       100      1968
 MINIMUM TEMPERATURE (F)   69        51      1952


SUNRISE AND SUNSET
AUGUST 25 2016........SUNRISE   643 AM EDT   SUNSET   751 PM EDT
AUGUST 26 2016........SUNRISE   644 AM EDT   SUNSET   750 PM EDT


-  INDICATES NEGATIVE NUMBERS.
R  INDICATES RECORD WAS SET OR TIED.
MM INDICATES DATA IS MISSING.
T  INDICATES TRACE AMOUNT.




$$
