000
CDUS42 KFFC 252135
CLIFFC


CLIMATE REPORT
NATIONAL WEATHER SERVICE PEACHTREE CITY GA
435 PM EST THU DEC 25 2014


...................................

...THE PEACHTREE CITY CLIMATE SUMMARY FOR DECEMBER 25 2014...
VALID TODAY AS OF 0400 PM LOCAL TIME.

CLIMATE NORMAL PERIOD 1981 TO 2010
CLIMATE RECORD PERIOD 9999 TO 9999


WEATHER ITEM   OBSERVED TIME   RECORD YEAR NORMAL DEPARTURE LAST
                VALUE   (LST)  VALUE       VALUE  FROM      YEAR
                                                  NORMAL
..................................................................
TEMPERATURE (F)
 TODAY
  MAXIMUM         53    259 PM  MM      MM  54     -1       49
  MINIMUM         37    811 AM  MM      MM  31      6       23
  AVERAGE         45                        43      2       36

PRECIPITATION (IN)
  TODAY            0.00         MM      MM   0.11  -0.11     0.00
  MONTH TO DATE    3.55                      3.49   0.06     5.74
  SINCE DEC 1      3.55                      3.49   0.06     5.74

SNOWFALL (IN)
  TODAY           MM            MM      MM  MM     MM       MM
  MONTH TO DATE    0.0                      MM     MM        0.0
  SINCE DEC 1      0.0                      MM     MM        0.0
  SINCE JUL 1      0.0                      MM     MM        0.0

DEGREE DAYS
 HEATING
  TODAY           20                        22     -2       29
  MONTH TO DATE  388                       503   -115      420
  SINCE DEC 1    388                       503   -115      420
  SINCE JUL 1   1026                      1045    -19      977

 COOLING
  TODAY            0                         0      0        0
  MONTH TO DATE    0                         0      0        8
  SINCE DEC 1      0                         0      0        8
  SINCE JAN 1   1793                      1653    140     1559
..................................................................


WIND (MPH)
  RESULTANT WIND SPEED   6   RESULTANT WIND DIRECTION  NW (300)
  HIGHEST WIND SPEED    18   HIGHEST WIND DIRECTION     W (290)
  HIGHEST GUST SPEED    24   HIGHEST GUST DIRECTION    NW (300)
  AVERAGE WIND SPEED     7.2


SKY COVER
  POSSIBLE SUNSHINE  MM
  AVERAGE SKY COVER 0.2


WEATHER CONDITIONS
 THE FOLLOWING WEATHER WAS RECORDED TODAY.
  NO SIGNIFICANT WEATHER WAS OBSERVED.


RELATIVE HUMIDITY (PERCENT)
 HIGHEST    85           600 AM
 LOWEST     50           300 PM
 AVERAGE    68

..........................................................


THE PEACHTREE CITY CLIMATE NORMALS FOR TOMORROW
                         NORMAL    RECORD    YEAR
 MAXIMUM TEMPERATURE (F)   54        MM        MM
 MINIMUM TEMPERATURE (F)   31        MM        MM


SUNRISE AND SUNSET
DECEMBER 25 2014......SUNRISE   740 AM EST   SUNSET   537 PM EST
DECEMBER 26 2014......SUNRISE   740 AM EST   SUNSET   538 PM EST


-  INDICATES NEGATIVE NUMBERS.
R  INDICATES RECORD WAS SET OR TIED.
MM INDICATES DATA IS MISSING.
T  INDICATES TRACE AMOUNT.




$$
