000
CDUS42 KFFC 180023
CLIFFC


CLIMATE REPORT
NATIONAL WEATHER SERVICE PEACHTREE CITY GA
722 PM EST SUN DEC 17 2017


...................................

...THE PEACHTREE CITY CLIMATE SUMMARY FOR DECEMBER 17 2017...
VALID AS OF 0700 PM LOCAL TIME.

CLIMATE NORMAL PERIOD 1981 TO 2010
CLIMATE RECORD PERIOD 9999 TO 9999


WEATHER ITEM   OBSERVED RECORD YEAR NORMAL DEPARTURE LAST
                VALUE   VALUE       VALUE  FROM      YEAR
                                           NORMAL
...........................................................
TEMPERATURE (F)
 TODAY
  MAXIMUM         48     MM      MM  55     -7       67
  MINIMUM         30     MM      MM  33     -3       38
  AVERAGE         39

PRECIPITATION (IN)
  TODAY            0.16  MM      MM   0.13   0.03      T
  MONTH TO DATE    1.35               2.52  -1.17     2.17
  SINCE DEC 1      1.35               2.52  -1.17     2.17

SNOWFALL (IN)
  TODAY           MM     MM      MM  MM              MM
  MONTH TO DATE    0.8               MM               0.0
  SINCE DEC 1      0.8               MM               0.0
  SINCE JUL 1      0.8               MM               0.0

DEGREE DAYS
 HEATING
  TODAY           26

 COOLING
  TODAY            0
...........................................................


WIND (MPH)
  RESULTANT WIND SPEED   0   RESULTANT WIND DIRECTION   N (10)
  HIGHEST WIND SPEED     9   HIGHEST WIND DIRECTION    NW (320)
  HIGHEST GUST SPEED    11   HIGHEST GUST DIRECTION    NW (320)


SKY COVER
  POSSIBLE SUNSHINE  MM
  AVERAGE SKY COVER 0.5


WEATHER CONDITIONS
 THE FOLLOWING WEATHER WAS RECORDED TODAY.
  LIGHT RAIN
  FOG


RELATIVE HUMIDITY (PERCENT)
 HIGHEST    96
 LOWEST     60
 AVERAGE    78

..........................................................


THE PEACHTREE CITY CLIMATE NORMALS FOR TOMORROW
                         NORMAL    RECORD    YEAR
 MAXIMUM TEMPERATURE (F)   55        MM        MM
 MINIMUM TEMPERATURE (F)   32        MM        MM


SUNRISE AND SUNSET
DECEMBER 17 2017......SUNRISE   736 AM EST   SUNSET   533 PM EST
DECEMBER 18 2017......SUNRISE   737 AM EST   SUNSET   533 PM EST


-  INDICATES NEGATIVE NUMBERS.
R  INDICATES RECORD WAS SET OR TIED.
MM INDICATES DATA IS MISSING.
T  INDICATES TRACE AMOUNT.




$$
