000
CDUS43 KLMK 290626
CLIFFT


CLIMATE REPORT
NATIONAL WEATHER SERVICE LOUISVILLE KY
226 AM EDT THU SEP 29 2016


...................................

...THE FRANKFORT KY CLIMATE SUMMARY FOR SEPTEMBER 28 2016...

CLIMATE NORMAL PERIOD 1981 TO 2010
CLIMATE RECORD PERIOD 1895 TO 2016


WEATHER ITEM   OBSERVED TIME   RECORD YEAR NORMAL DEPARTURE LAST
                VALUE   (LST)  VALUE       VALUE  FROM      YEAR
                                                  NORMAL
..................................................................
TEMPERATURE (F)
 YESTERDAY
  MAXIMUM         75   1128 AM  95    1939  75      0       82
  MINIMUM         53   1159 PM  31    1942  50      3       59
  AVERAGE         64                        63      1       71

PRECIPITATION (IN)
  YESTERDAY        0.55          3.40 1996   0.12   0.43     0.01
  MONTH TO DATE    1.67                      3.08  -1.41     1.70
  SINCE SEP 1      1.67                      3.08  -1.41     1.70
  SINCE JAN 1     37.72                     34.39   3.33    45.34

SNOWFALL (IN)
  YESTERDAY       MM            MM      MM  MM     MM       MM
  MONTH TO DATE   MM                        MM     MM       MM
  SINCE SEP 1     MM                        MM     MM       MM
  SINCE JUL 1     MM                        MM     MM       MM
  SNOW DEPTH      MM

DEGREE DAYS
 HEATING
  YESTERDAY        1                         4     -3        0
  MONTH TO DATE    6                        42    -36       17
  SINCE SEP 1      6                        42    -36       17
  SINCE JUL 1      6                        43    -37       18

 COOLING
  YESTERDAY        0                         2     -2        6
  MONTH TO DATE  262                       128    134      170
  SINCE SEP 1    262                       128    134      170
  SINCE JAN 1   1553                      1130    423     1208
..................................................................


WIND (MPH)
  HIGHEST WIND SPEED    18   HIGHEST WIND DIRECTION     S (190)
  HIGHEST GUST SPEED    23   HIGHEST GUST DIRECTION     S (170)
  AVERAGE WIND SPEED     6.1


SKY COVER
  POSSIBLE SUNSHINE  MM
  AVERAGE SKY COVER 0.6


WEATHER CONDITIONS
 THE FOLLOWING WEATHER WAS RECORDED YESTERDAY.
  THUNDERSTORM
  HEAVY RAIN
  RAIN
  LIGHT RAIN
  FOG


RELATIVE HUMIDITY (PERCENT)
 HIGHEST    93          1100 PM
 LOWEST     44          1100 AM
 AVERAGE    69

..........................................................


THE FRANKFORT KY CLIMATE NORMALS FOR TODAY
                         NORMAL    RECORD    YEAR
 MAXIMUM TEMPERATURE (F)   74        92      1953
 MINIMUM TEMPERATURE (F)   50        30      1942


SUNRISE AND SUNSET
SEPTEMBER 29 2016.....SUNRISE   734 AM EDT   SUNSET   725 PM EDT
SEPTEMBER 30 2016.....SUNRISE   735 AM EDT   SUNSET   723 PM EDT


-  INDICATES NEGATIVE NUMBERS.
R  INDICATES RECORD WAS SET OR TIED.
MM INDICATES DATA IS MISSING.
T  INDICATES TRACE AMOUNT.




$$
