000
CDUS43 KLMK 162029
CLIFFT


CLIMATE REPORT
NATIONAL WEATHER SERVICE LOUISVILLE KY
428 PM EDT WED APR 16 2014


...................................

...THE FRANKFORT KY CLIMATE SUMMARY FOR APRIL 16 2014...
VALID TODAY AS OF 0400 PM LOCAL TIME.

CLIMATE NORMAL PERIOD 1981 TO 2010
CLIMATE RECORD PERIOD 1895 TO 2014


WEATHER ITEM   OBSERVED TIME   RECORD YEAR NORMAL DEPARTURE LAST
                VALUE   (LST)  VALUE       VALUE  FROM      YEAR
                                                  NORMAL
..................................................................
TEMPERATURE (F)
 TODAY
  MAXIMUM         51    259 PM  87    1896  67    -16       80
  MINIMUM         24R   515 AM  25    1962  44    -20       53
  AVERAGE         38                        55    -17       67

PRECIPITATION (IN)
  TODAY            0.00          2.65 1947   0.11  -0.11     0.16
  MONTH TO DATE    3.06                      1.79   1.27     1.01
  SINCE MAR 1      5.28                      6.17  -0.89     5.20
  SINCE JAN 1     11.48                     12.72  -1.24    11.84

SNOWFALL (IN)
  TODAY           MM            MM      MM  MM     MM       MM
  MONTH TO DATE   MM                        MM     MM       MM
  SINCE MAR 1     MM                        MM     MM       MM
  SINCE JUL 1     MM                        MM     MM       MM
  SNOW DEPTH      MM

DEGREE DAYS
 HEATING
  TODAY           27                        10     17        0
  MONTH TO DATE  169                       202    -33      185
  SINCE MAR 1    921                       827     94     1001
  SINCE JUL 1   5033                      4466    567     4539

 COOLING
  TODAY            0                         1     -1        2
  MONTH TO DATE    8                         8      0       10
  SINCE MAR 1      8                        10     -2       10
  SINCE JAN 1      8                        10     -2       10
..................................................................


WIND (MPH)
  HIGHEST WIND SPEED    17   HIGHEST WIND DIRECTION     E (70)
  HIGHEST GUST SPEED    23   HIGHEST GUST DIRECTION     E (70)
  AVERAGE WIND SPEED     7.3


SKY COVER
  POSSIBLE SUNSHINE  MM
  AVERAGE SKY COVER 0.0


WEATHER CONDITIONS
 THE FOLLOWING WEATHER WAS RECORDED TODAY.
  NO SIGNIFICANT WEATHER WAS OBSERVED.


RELATIVE HUMIDITY (PERCENT)
 HIGHEST    88           400 AM
 LOWEST     30           300 PM
 AVERAGE    59

..........................................................


THE FRANKFORT KY CLIMATE NORMALS FOR TOMORROW
                         NORMAL    RECORD    YEAR
 MAXIMUM TEMPERATURE (F)   68        88      1896
 MINIMUM TEMPERATURE (F)   44        27      1962
                                             1904


SUNRISE AND SUNSET
APRIL 16 2014.........SUNRISE   703 AM EDT   SUNSET   817 PM EDT
APRIL 17 2014.........SUNRISE   701 AM EDT   SUNSET   818 PM EDT


-  INDICATES NEGATIVE NUMBERS.
R  INDICATES RECORD WAS SET OR TIED.
MM INDICATES DATA IS MISSING.
T  INDICATES TRACE AMOUNT.




$$
