000
CDUS43 KLMK 050628
CLIFFT


CLIMATE REPORT
NATIONAL WEATHER SERVICE LOUISVILLE KY
227 AM EDT WED AUG 5 2015


...................................

...THE FRANKFORT KY CLIMATE SUMMARY FOR AUGUST 4 2015...

CLIMATE NORMAL PERIOD 1981 TO 2010
CLIMATE RECORD PERIOD 1895 TO 2015


WEATHER ITEM   OBSERVED TIME   RECORD YEAR NORMAL DEPARTURE LAST
                VALUE   (LST)  VALUE       VALUE  FROM      YEAR
                                                  NORMAL
..................................................................
TEMPERATURE (F)
 YESTERDAY
  MAXIMUM         87    308 PM 101    1930  87      0       86
  MINIMUM         67   1159 PM  51    1912  65      2       59
  AVERAGE         77                        76      1       73

PRECIPITATION (IN)
  YESTERDAY        1.25          2.02 1988   0.11   1.14     0.00
  MONTH TO DATE    1.27                      0.44   0.83     0.21
  SINCE JUN 1     18.50                      8.92   9.58     7.16
  SINCE JAN 1     41.90                     28.39  13.51    27.94

SNOWFALL (IN)
  YESTERDAY       MM            MM      MM  MM     MM       MM
  MONTH TO DATE   MM                        MM     MM       MM
  SINCE JUN 1     MM                        MM     MM       MM
  SINCE JUL 1     MM                        MM     MM       MM
  SNOW DEPTH      MM

DEGREE DAYS
 HEATING
  YESTERDAY        0                         0      0        0
  MONTH TO DATE    0                         0      0        0
  SINCE JUN 1     16                        10      6        6
  SINCE JUL 1      0                         0      0        3

 COOLING
  YESTERDAY       12                        11      1        8
  MONTH TO DATE   42                        44     -2       27
  SINCE JUN 1    686                       630     56      517
  SINCE JAN 1    841                       729    112      639
..................................................................


WIND (MPH)
  HIGHEST WIND SPEED    25   HIGHEST WIND DIRECTION     W (250)
  HIGHEST GUST SPEED    34   HIGHEST GUST DIRECTION     W (270)
  AVERAGE WIND SPEED     3.6


SKY COVER
  POSSIBLE SUNSHINE  MM
  AVERAGE SKY COVER 0.5


WEATHER CONDITIONS
 THE FOLLOWING WEATHER WAS RECORDED YESTERDAY.
  THUNDERSTORM
  HEAVY RAIN
  RAIN
  LIGHT RAIN
  FOG


RELATIVE HUMIDITY (PERCENT)
 HIGHEST    93           500 AM
 LOWEST     51           500 PM
 AVERAGE    72

..........................................................


THE FRANKFORT KY CLIMATE NORMALS FOR TODAY
                         NORMAL    RECORD    YEAR
 MAXIMUM TEMPERATURE (F)   87       101      1918
 MINIMUM TEMPERATURE (F)   65        44      1912


SUNRISE AND SUNSET
AUGUST  5 2015........SUNRISE   645 AM EDT   SUNSET   845 PM EDT
AUGUST  6 2015........SUNRISE   646 AM EDT   SUNSET   844 PM EDT


-  INDICATES NEGATIVE NUMBERS.
R  INDICATES RECORD WAS SET OR TIED.
MM INDICATES DATA IS MISSING.
T  INDICATES TRACE AMOUNT.




$$
