000
CDUS43 KFGF 210648
CLIFGF


CLIMATE REPORT
NATIONAL WEATHER SERVICE EASTERN NORTH DAKOTA/GRAND FORKS
1243 AM CST TUE NOV 21 2017


...................................

...THE GRAND FORKS UNIV. (NWS) ND CLIMATE SUMMARY FOR NOVEMBER 20 2017...

CLIMATE NORMAL PERIOD 1981 TO 2010
CLIMATE RECORD PERIOD 1893 TO 2017


WEATHER ITEM   OBSERVED TIME   RECORD YEAR NORMAL DEPARTURE LAST
                VALUE   (LST)  VALUE       VALUE  FROM      YEAR
                                                  NORMAL
..................................................................
TEMPERATURE (F)
 YESTERDAY
  MAXIMUM         44        MM  62    1908  32     12       35
  MINIMUM         21        MM -16    1921  17      4       24
  AVERAGE         33                        24      9       30

PRECIPITATION (IN)
  YESTERDAY        0.00          0.88 1931   0.03  -0.03     0.00
  MONTH TO DATE    0.52                      0.67  -0.15     0.02
  SINCE SEP 1      5.75                      4.64   1.11     6.37
  SINCE JAN 1     18.24                     20.74  -2.50    28.10

SNOWFALL (IN)
  YESTERDAY        0.0           6.8  1996   0.2   -0.2      0.0
  MONTH TO DATE    7.5                       3.5    4.0      0.0
  SINCE SEP 1      8.3                       4.5    3.8      0.0
  SINCE JUL 1      8.3                       4.5    3.8       T
  SNOW DEPTH       2

DEGREE DAYS
 HEATING
  YESTERDAY       32                        41     -9       35
  MONTH TO DATE  846                       701    145      419
  SINCE SEP 1   1590                      1591     -1     1132
  SINCE JUL 1   1608                      1655    -47     1150

 COOLING
  YESTERDAY        0                         0      0        0
  MONTH TO DATE    0                         0      0        0
  SINCE SEP 1     43                        31     12       27
  SINCE JAN 1    440                       463    -23      461
..................................................................


WIND (MPH)
  RESULTANT WIND SPEED  MM   RESULTANT WIND DIRECTION  MM
  HIGHEST WIND SPEED    MM   HIGHEST WIND DIRECTION    MM
  HIGHEST GUST SPEED    MM   HIGHEST GUST DIRECTION    MM
  AVERAGE WIND SPEED    MM


SKY COVER
  POSSIBLE SUNSHINE  MM
  AVERAGE SKY COVER  MM


WEATHER CONDITIONS
 THE FOLLOWING WEATHER WAS RECORDED YESTERDAY.
  NO SIGNIFICANT WEATHER WAS OBSERVED.


RELATIVE HUMIDITY (PERCENT)
 HIGHEST    MM
 LOWEST     MM
 AVERAGE    MM

..........................................................


THE GRAND FORKS UNIV. (NWS) ND CLIMATE NORMALS FOR TODAY
                         NORMAL    RECORD    YEAR
 MAXIMUM TEMPERATURE (F)   31        57      2006
 MINIMUM TEMPERATURE (F)   16       -23      1921


SUNRISE AND SUNSET
NOVEMBER 21 2017......SUNRISE   744 AM CST   SUNSET   445 PM CST
NOVEMBER 22 2017......SUNRISE   745 AM CST   SUNSET   444 PM CST


-  INDICATES NEGATIVE NUMBERS.
R  INDICATES RECORD WAS SET OR TIED.
MM INDICATES DATA IS MISSING.
T  INDICATES TRACE AMOUNT.




$$
