000
CDUS43 KFGF 290639
CLIFGF


CLIMATE REPORT
NATIONAL WEATHER SERVICE EASTERN NORTH DAKOTA/GRAND FORKS
1239 AM CST THU JAN 29 2015


...................................

...THE GRAND FORKS UNIV. (NWS) ND CLIMATE SUMMARY FOR JANUARY 28 2015...

CLIMATE NORMAL PERIOD 1981 TO 2010
CLIMATE RECORD PERIOD 1890 TO 2015


WEATHER ITEM   OBSERVED TIME   RECORD YEAR NORMAL DEPARTURE LAST
                VALUE   (LST)  VALUE       VALUE  FROM      YEAR
                                                  NORMAL
..................................................................
TEMPERATURE (F)
 YESTERDAY
  MAXIMUM         34        MM  39    1976  18     16        2
                                      1927
  MINIMUM         22        MM -37    1907  -1     23      -19
  AVERAGE         28                         8     20       -8

PRECIPITATION (IN)
  YESTERDAY        T             0.40   MM   0.02  -0.02     0.00
  MONTH TO DATE    0.27                      0.65  -0.38     0.47
  SINCE DEC 1      0.40                      1.30  -0.90     1.16
  SINCE JAN 1      0.27                      0.65  -0.38     0.47

SNOWFALL (IN)
  YESTERDAY        0.0           5.0    MM   0.3   -0.3      0.0
  MONTH TO DATE    6.0                       9.5   -3.5     15.9
  SINCE DEC 1      7.8                      20.4  -12.6     38.7
  SINCE JUL 1     11.6                      27.5  -15.9     40.3
  SNOW DEPTH       T

DEGREE DAYS
 HEATING
  YESTERDAY       37                        57    -20       73
  MONTH TO DATE 1450                      1617   -167     1755
  SINCE DEC 1   2883                      3254   -371     3743
  SINCE JUL 1   5003                      5348   -345     5794

 COOLING
  YESTERDAY        0                         0      0        0
  MONTH TO DATE    0                         0      0        0
  SINCE DEC 1      0                         0      0        0
  SINCE JAN 1      0                         0      0        0
..................................................................


WIND (MPH)
  RESULTANT WIND SPEED  MM   RESULTANT WIND DIRECTION  MM
  HIGHEST WIND SPEED    MM   HIGHEST WIND DIRECTION    MM
  HIGHEST GUST SPEED    MM   HIGHEST GUST DIRECTION    MM
  AVERAGE WIND SPEED    MM


SKY COVER
  POSSIBLE SUNSHINE  MM
  AVERAGE SKY COVER  MM


WEATHER CONDITIONS
 THE FOLLOWING WEATHER WAS RECORDED YESTERDAY.
  NO SIGNIFICANT WEATHER WAS OBSERVED.


RELATIVE HUMIDITY (PERCENT)
 HIGHEST    MM
 LOWEST     MM
 AVERAGE    MM

..........................................................


THE GRAND FORKS UNIV. (NWS) ND CLIMATE NORMALS FOR TODAY
                         NORMAL    RECORD    YEAR
 MAXIMUM TEMPERATURE (F)   18        44      1992
 MINIMUM TEMPERATURE (F)   -1       -36      1908


SUNRISE AND SUNSET
JANUARY 29 2015.......SUNRISE   800 AM CST   SUNSET   524 PM CST
JANUARY 30 2015.......SUNRISE   759 AM CST   SUNSET   525 PM CST


-  INDICATES NEGATIVE NUMBERS.
R  INDICATES RECORD WAS SET OR TIED.
MM INDICATES DATA IS MISSING.
T  INDICATES TRACE AMOUNT.




$$
