000
CDUS43 KFGF 230635
CLIFGF


CLIMATE REPORT
NATIONAL WEATHER SERVICE EASTERN NORTH DAKOTA/GRAND FORKS
1233 AM CST SUN NOV 23 2014


...................................

...THE GRAND FORKS UNIV. (NWS) ND CLIMATE SUMMARY FOR NOVEMBER 22 2014...

CLIMATE NORMAL PERIOD 1981 TO 2010
CLIMATE RECORD PERIOD 1890 TO 2014


WEATHER ITEM   OBSERVED TIME   RECORD YEAR NORMAL DEPARTURE LAST
                VALUE   (LST)  VALUE       VALUE  FROM      YEAR
                                                  NORMAL
..................................................................
TEMPERATURE (F)
 YESTERDAY
  MAXIMUM         41        MM  60    2006  31     10       18
  MINIMUM         21        MM -13    1938  15      6        0
  AVERAGE         31                        23      8        9

PRECIPITATION (IN)
  YESTERDAY        0.00          0.49   MM   0.03  -0.03     0.03
  MONTH TO DATE    0.21                      0.72  -0.51     0.12
  SINCE SEP 1      2.09                      4.69  -2.60     5.01
  SINCE JAN 1     22.51                     20.79   1.72    18.45

SNOWFALL (IN)
  YESTERDAY        0.0           3.2    MM   0.2   -0.2      0.5
  MONTH TO DATE    2.6                       4.0   -1.4      1.6
  SINCE SEP 1      2.6                       5.0   -2.4      1.6
  SINCE JUL 1      2.6                       5.0   -2.4      1.6
  SNOW DEPTH       0

DEGREE DAYS
 HEATING
  YESTERDAY       34                        42     -8       56
  MONTH TO DATE  875                       784     91      784
  SINCE SEP 1   1627                      1674    -47     1589
  SINCE JUL 1   1683                      1738    -55     1648

 COOLING
  YESTERDAY        0                         0      0        0
  MONTH TO DATE    0                         0      0        0
  SINCE SEP 1     31                        31      0       46
  SINCE JAN 1    395                       463    -68      528
..................................................................


WIND (MPH)
  RESULTANT WIND SPEED  MM   RESULTANT WIND DIRECTION  MM
  HIGHEST WIND SPEED    MM   HIGHEST WIND DIRECTION    MM
  HIGHEST GUST SPEED    MM   HIGHEST GUST DIRECTION    MM
  AVERAGE WIND SPEED    MM


SKY COVER
  POSSIBLE SUNSHINE  MM
  AVERAGE SKY COVER  MM


WEATHER CONDITIONS
 THE FOLLOWING WEATHER WAS RECORDED YESTERDAY.
  NO SIGNIFICANT WEATHER WAS OBSERVED.


RELATIVE HUMIDITY (PERCENT)
 HIGHEST    MM
 LOWEST     MM
 AVERAGE    MM

..........................................................


THE GRAND FORKS UNIV. (NWS) ND CLIMATE NORMALS FOR TODAY
                         NORMAL    RECORD    YEAR
 MAXIMUM TEMPERATURE (F)   30        56      2011
 MINIMUM TEMPERATURE (F)   15       -17      1985


SUNRISE AND SUNSET
NOVEMBER 23 2014......SUNRISE   746 AM CST   SUNSET   443 PM CST
NOVEMBER 24 2014......SUNRISE   748 AM CST   SUNSET   442 PM CST


-  INDICATES NEGATIVE NUMBERS.
R  INDICATES RECORD WAS SET OR TIED.
MM INDICATES DATA IS MISSING.
T  INDICATES TRACE AMOUNT.




$$
