000
CDUS45 KFGZ 010056
CLIFLG
CLIMATE REPORT
NATIONAL WEATHER SERVICE FLAGSTAFF, AZ
555 PM MST FRI JUL 31 2015


...................................

...THE FLAGSTAFF AZ AIRPORT CLIMATE SUMMARY FOR JULY 31 2015...
VALID TODAY AS OF 0500 PM LOCAL TIME.

CLIMATE NORMAL PERIOD 1981 TO 2010
CLIMATE RECORD PERIOD 1898 TO 2015


WEATHER ITEM   OBSERVED TIME   RECORD YEAR NORMAL DEPARTURE LAST
                VALUE   (LST)  VALUE       VALUE  FROM      YEAR
                                                  NORMAL
..................................................................
TEMPERATURE (F)
 TODAY
  MAXIMUM         78   1148 AM  91    1977  80     -2       80
                                      1938
  MINIMUM         50    603 AM  43    1997  52     -2       54
  AVERAGE         64                        66     -2       67

PRECIPITATION (IN)
  TODAY            0.16          1.14 2005   0.12   0.04     0.65
  MONTH TO DATE    2.77                      2.61   0.16     4.32
  SINCE SEP 1     23.23                     18.75   4.48    14.64
  SINCE JAN 1     15.40                     11.08   4.32     7.53

SNOWFALL (IN)
  TODAY            0.0           0.0  2002   0.0    0.0      0.0
                                      2001
                                      2000
  MONTH TO DATE    0.0                       0.0    0.0      0.0
  SINCE SEP 1     62.9                     101.7  -38.8     44.4
  SNOW DEPTH      MM

DEGREE DAYS
 HEATING
  TODAY            1                         1      0        0
  MONTH TO DATE   59                        36     23        1
  SINCE JUL 1     59                        32     27        1

 COOLING
  TODAY            0                         2     -2        2
  MONTH TO DATE   26                        64    -38       84
  SINCE JAN 1     76                        81     -5       98
..................................................................


WIND (MPH)
  HIGHEST WIND SPEED    13   HIGHEST WIND DIRECTION     N (20)
  HIGHEST GUST SPEED    17   HIGHEST GUST DIRECTION     N (360)
  AVERAGE WIND SPEED     2.8


SKY COVER
  POSSIBLE SUNSHINE  MM
  AVERAGE SKY COVER 0.3


WEATHER CONDITIONS
 THE FOLLOWING WEATHER WAS RECORDED TODAY.
  FOG
  HAZE


RELATIVE HUMIDITY (PERCENT)
 HIGHEST   100          1200 AM
 LOWEST     36          1100 AM
 AVERAGE    68

..........................................................


THE FLAGSTAFF AZ AIRPORT CLIMATE NORMALS FOR TOMORROW
                         NORMAL    RECORD    YEAR
 MAXIMUM TEMPERATURE (F)   80        92      1977
                                             1938
                                             1902
 MINIMUM TEMPERATURE (F)   52        42      1915
                                             1912


SUNRISE AND SUNSET
JULY 31 2015..........SUNRISE   535 AM MST   SUNSET   731 PM MST
AUGUST  1 2015........SUNRISE   536 AM MST   SUNSET   730 PM MST


-  INDICATES NEGATIVE NUMBERS.
R  INDICATES RECORD WAS SET OR TIED.
MM INDICATES DATA IS MISSING.
T  INDICATES TRACE AMOUNT.




$$
&&

-------------------------------------------------------------------
SNOW DEPTH DATA FOR FLAGSTAFF AIRPORT IS REPORTED AT 5 AM MST


-------------------------------------------------------------------
SUPPLEMENTARY CLIMATE DATA FOR NWS BELLEMONT, ARIZONA

SNOW DEPTH (IN) AT 11 AM........................................ 0
WATER EQUIVALENT OF SNOW PACK (IN) AT 11 AM*.....................
* ONLY MEASURED IF SNOW DEPTH IS 2.0 INCHES OR GREATER
-------------------------------------------------------------------
