000
CDUS45 KFGZ 270054
CLIFLG
CLIMATE REPORT
NATIONAL WEATHER SERVICE FLAGSTAFF, AZ
554 PM MST MON JAN 26 2015


...................................

...THE FLAGSTAFF AZ AIRPORT CLIMATE SUMMARY FOR JANUARY 26 2015...
VALID TODAY AS OF 0500 PM LOCAL TIME.

CLIMATE NORMAL PERIOD 1981 TO 2010
CLIMATE RECORD PERIOD 1898 TO 2015


WEATHER ITEM   OBSERVED TIME   RECORD YEAR NORMAL DEPARTURE LAST
                VALUE   (LST)  VALUE       VALUE  FROM      YEAR
                                                  NORMAL
..................................................................
TEMPERATURE (F)
 TODAY
  MAXIMUM         55    333 PM  60    1987  43     12       56
  MINIMUM         27    415 AM -15    1937  18      9       25
  AVERAGE         41                        30     11       41

PRECIPITATION (IN)
  TODAY            0.00          1.55 2013   0.06  -0.06     0.00
  MONTH TO DATE    1.05                      1.73  -0.68     0.00
  SINCE SEP 1      8.88                      9.40  -0.52     7.11
  SINCE JAN 1      1.05                      1.73  -0.68     0.00

SNOWFALL (IN)
  TODAY            0.0          13.1  1948   0.8   -0.8      0.0
  MONTH TO DATE   10.1                      19.1   -9.0      0.0
  SINCE SEP 1     29.1                      48.2  -19.1     29.9
  SNOW DEPTH       0

DEGREE DAYS
 HEATING
  TODAY           24                        35    -11       24
  MONTH TO DATE  826                       916    -90      770
  SINCE JUL 1   3221                      3744   -523     3683

 COOLING
  TODAY            0                         0      0        0
  MONTH TO DATE    0                         0      0        0
  SINCE JAN 1      0                         0      0        0
..................................................................


WIND (MPH)
  HIGHEST WIND SPEED    14   HIGHEST WIND DIRECTION    NE (40)
  HIGHEST GUST SPEED    18   HIGHEST GUST DIRECTION     E (70)
  AVERAGE WIND SPEED     5.8


SKY COVER
  POSSIBLE SUNSHINE  MM
  AVERAGE SKY COVER 0.0


WEATHER CONDITIONS
 THE FOLLOWING WEATHER WAS RECORDED TODAY.
  NO SIGNIFICANT WEATHER WAS OBSERVED.


RELATIVE HUMIDITY (PERCENT)
 HIGHEST    75           400 AM
 LOWEST     32           300 PM
 AVERAGE    54

..........................................................


THE FLAGSTAFF AZ AIRPORT CLIMATE NORMALS FOR TOMORROW
                         NORMAL    RECORD    YEAR
 MAXIMUM TEMPERATURE (F)   43        61      2003
 MINIMUM TEMPERATURE (F)   18       -13      1979


SUNRISE AND SUNSET
JANUARY 26 2015.......SUNRISE   730 AM MST   SUNSET   549 PM MST
JANUARY 27 2015.......SUNRISE   729 AM MST   SUNSET   550 PM MST


-  INDICATES NEGATIVE NUMBERS.
R  INDICATES RECORD WAS SET OR TIED.
MM INDICATES DATA IS MISSING.
T  INDICATES TRACE AMOUNT.




$$


&&

-------------------------------------------------------------------
SNOW DEPTH DATA FOR FLAGSTAFF AIRPORT IS REPORTED AT 5 AM MST


-------------------------------------------------------------------
SUPPLEMENTARY CLIMATE DATA FOR NWS BELLEMONT, ARIZONA

SNOW DEPTH (IN) AT 11 AM........................................0
WATER EQUIVALENT OF SNOW PACK (IN) AT 11 AM*....................
* ONLY MEASURED IF SNOW DEPTH IS 2.0 INCHES OR GREATER
-------------------------------------------------------------------
