000
CDUS45 KFGZ 040821
CLIFLG
CLIMATE REPORT
NATIONAL WEATHER SERVICE FLAGSTAFF, AZ
121 AM MST SAT JUL 4 2015


...................................

...THE FLAGSTAFF AZ AIRPORT CLIMATE SUMMARY FOR JULY 3 2015...

CLIMATE NORMAL PERIOD 1981 TO 2010
CLIMATE RECORD PERIOD 1898 TO 2015


WEATHER ITEM   OBSERVED TIME   RECORD YEAR NORMAL DEPARTURE LAST
                VALUE   (LST)  VALUE       VALUE  FROM      YEAR
                                                  NORMAL
..................................................................
TEMPERATURE (F)
 YESTERDAY
  MAXIMUM         84    425 PM  93    2007  82      2       87
  MINIMUM         58   1159 PM  34    1997  48     10       46
  AVERAGE         71                        65      6

PRECIPITATION (IN)
  YESTERDAY        0.53          0.92 1944   0.04   0.49     0.04
                                      1918
  MONTH TO DATE    0.65                      0.12   0.53     0.04
  SINCE SEP 1     21.11                     16.26   4.85    10.36
  SINCE JAN 1     13.28                      8.59   4.69     3.25

SNOWFALL (IN)
  YESTERDAY        0.0           0.0  2002   0.0             0.0
                                      2001
                                      1999
  MONTH TO DATE    0.0                       0.0             0.0
  SINCE JUL 1      0.0                       0.0             0.0
  SNOW DEPTH       0

DEGREE DAYS
 HEATING
  YESTERDAY        0                         2     -2        0
  MONTH TO DATE    0                         6     -6        0
  SINCE JUL 1      0                         6     -6        0

 COOLING
  YESTERDAY        6                         2      4        2
  MONTH TO DATE   16                         6     10       10
  SINCE JAN 1     66                        23     43       24
..................................................................


WIND (MPH)
  HIGHEST WIND SPEED    22   HIGHEST WIND DIRECTION    SW (210)
  HIGHEST GUST SPEED    26   HIGHEST GUST DIRECTION    SW (210)
  AVERAGE WIND SPEED     7.4


SKY COVER
  POSSIBLE SUNSHINE  MM
  AVERAGE SKY COVER 0.3


WEATHER CONDITIONS
 THE FOLLOWING WEATHER WAS RECORDED YESTERDAY.
  HEAVY RAIN
  RAIN
  LIGHT RAIN
  FOG


RELATIVE HUMIDITY (PERCENT)
 HIGHEST   100          1100 PM
 LOWEST     31           400 PM
 AVERAGE    66

..........................................................


THE FLAGSTAFF AZ AIRPORT CLIMATE NORMALS FOR TODAY
                         NORMAL    RECORD    YEAR
 MAXIMUM TEMPERATURE (F)   82        96      2007
 MINIMUM TEMPERATURE (F)   48        32      1912


SUNRISE AND SUNSET
JULY  4 2015..........SUNRISE   517 AM MST   SUNSET   745 PM MST
JULY  5 2015..........SUNRISE   518 AM MST   SUNSET   744 PM MST


-  INDICATES NEGATIVE NUMBERS.
R  INDICATES RECORD WAS SET OR TIED.
MM INDICATES DATA IS MISSING.
T  INDICATES TRACE AMOUNT.




$$
&&

-------------------------------------------------------------------
SNOW DEPTH DATA FOR FLAGSTAFF AIRPORT IS REPORTED AT 5 AM MST


-------------------------------------------------------------------
SUPPLEMENTARY CLIMATE DATA FOR NWS BELLEMONT, ARIZONA

SNOW DEPTH (IN) AT 11 AM........................................ 0
WATER EQUIVALENT OF SNOW PACK (IN) AT 11 AM*.....................
* ONLY MEASURED IF SNOW DEPTH IS 2.0 INCHES OR GREATER
-------------------------------------------------------------------
