000
CDUS42 KMFL 012015
CLIFLL


CLIMATE REPORT
NATIONAL WEATHER SERVICE MIAMI, FL
415 PM EDT MON JUN 1 2015


...................................

...THE FORT LAUDERDALE CLIMATE SUMMARY FOR JUNE 1 2015...
VALID TODAY AS OF 0400 PM LOCAL TIME.

CLIMATE NORMAL PERIOD 1981 TO 2010
CLIMATE RECORD PERIOD 1839 TO 2015


WEATHER ITEM   OBSERVED TIME   RECORD YEAR NORMAL DEPARTURE LAST
                VALUE   (LST)  VALUE       VALUE  FROM      YEAR
                                                  NORMAL
..................................................................
TEMPERATURE (F)
 TODAY
  MAXIMUM         87   1259 PM  96    1927  88     -1       88
                                      1924
  MINIMUM         77    517 AM  61    1955  77      0       76
  AVERAGE         82                        82      0       82

PRECIPITATION (IN)
  TODAY            0.00          5.45 1977   0.33  -0.33     0.28
  MONTH TO DATE    0.00                      0.33  -0.33     0.28
  SINCE NOV 1     19.16                     23.52  -4.36    33.00
  SINCE JAN 1     14.05                     17.82  -3.77    20.88

SNOWFALL (IN)
  TODAY            0.0
  MONTH TO DATE    0.0
  SINCE JUN 1      0.0
  SINCE JUL 1      0.0
  SNOW DEPTH       0

DEGREE DAYS
 HEATING
  TODAY            0                         0      0        0
  MONTH TO DATE    0                         0      0        0
  SINCE JUN 1      0                         0      0        0
  SINCE JUL 1     97                       112    -15       81

 COOLING
  TODAY           17                        17      0       17
  MONTH TO DATE   17                        17      0       17
  SINCE JUN 1     17                        17      0       17
  SINCE JAN 1   1553                      1435    118     1552
..................................................................


WIND (MPH)
  HIGHEST WIND SPEED    17   HIGHEST WIND DIRECTION    SE (140)
  HIGHEST GUST SPEED    23   HIGHEST GUST DIRECTION     E (110)
  AVERAGE WIND SPEED     7.9


SKY COVER
  AVERAGE SKY COVER 0.5


WEATHER CONDITIONS
 THE FOLLOWING WEATHER WAS RECORDED TODAY.
  NO SIGNIFICANT WEATHER WAS OBSERVED.


RELATIVE HUMIDITY (PERCENT)
 HIGHEST    79
 LOWEST     57
 AVERAGE    68

..........................................................


THE FORT LAUDERDALE CLIMATE NORMALS FOR TOMORROW
                         NORMAL    RECORD    YEAR
 MAXIMUM TEMPERATURE (F)   88        97      1998
 MINIMUM TEMPERATURE (F)   77        62      1926


SUNRISE AND SUNSET
JUNE  1 2015..........SUNRISE   629 AM EDT   SUNSET   808 PM EDT
JUNE  2 2015..........SUNRISE   628 AM EDT   SUNSET   809 PM EDT


-  INDICATES NEGATIVE NUMBERS.
R  INDICATES RECORD WAS SET OR TIED.
MM INDICATES DATA IS MISSING.
T  INDICATES TRACE AMOUNT.




$$
