000
CDUS42 KMFL 290834
CLIFLL


CLIMATE REPORT
NATIONAL WEATHER SERVICE MIAMI, FL
434 AM EDT THU SEP 29 2016


...................................

...THE FORT LAUDERDALE CLIMATE SUMMARY FOR SEPTEMBER 28 2016...

CLIMATE NORMAL PERIOD 1981 TO 2010
CLIMATE RECORD PERIOD 1912 TO 2016


WEATHER ITEM   OBSERVED TIME   RECORD YEAR NORMAL DEPARTURE LAST
                VALUE   (LST)  VALUE       VALUE  FROM      YEAR
                                                  NORMAL
..................................................................
TEMPERATURE (F)
 YESTERDAY
  MAXIMUM         89    415 PM  94    1958  88      1       89
                                      1940
  MINIMUM         73    501 AM  69    1983  77     -4       77
                                      1969
  AVERAGE         81                        83     -2       83

PRECIPITATION (IN)
  YESTERDAY        0.20          3.33 1943   0.26  -0.06     0.00
  MONTH TO DATE    4.58                      8.08  -3.50     9.77
  SINCE JUN 1     23.21                     31.66  -8.45    19.64
  SINCE JAN 1     42.16                     49.15  -6.99    33.69

SNOWFALL (IN)
  YESTERDAY        0.0
  MONTH TO DATE    0.0
  SINCE SEP 1      0.0
  SINCE JUL 1      0.0
  SNOW DEPTH       0

DEGREE DAYS
 HEATING
  YESTERDAY        0                         0      0        0
  MONTH TO DATE    0                         0      0        0
  SINCE SEP 1      0                         0      0        0
  SINCE JUL 1      0                         0      0        0

 COOLING
  YESTERDAY       16                        18     -2       18
  MONTH TO DATE  510                       510      0      501
  SINCE SEP 1    510                       510      0      501
  SINCE JAN 1   3711                      3676     35     3832
..................................................................


WIND (MPH)
  HIGHEST WIND SPEED    17   HIGHEST WIND DIRECTION    SE (140)
  HIGHEST GUST SPEED    19   HIGHEST GUST DIRECTION    SW (210)
  AVERAGE WIND SPEED     5.7


SKY COVER
  AVERAGE SKY COVER 0.6


WEATHER CONDITIONS
 THE FOLLOWING WEATHER WAS RECORDED YESTERDAY.
  THUNDERSTORM
  LIGHT RAIN


RELATIVE HUMIDITY (PERCENT)
 HIGHEST    93
 LOWEST     59
 AVERAGE    76

..........................................................


THE FORT LAUDERDALE CLIMATE NORMALS FOR TODAY
                         NORMAL    RECORD    YEAR
 MAXIMUM TEMPERATURE (F)   88        95      1952
 MINIMUM TEMPERATURE (F)   77        66      1923


SUNRISE AND SUNSET
SEPTEMBER 29 2016.....SUNRISE   712 AM EDT   SUNSET   709 PM EDT
SEPTEMBER 30 2016.....SUNRISE   713 AM EDT   SUNSET   708 PM EDT


-  INDICATES NEGATIVE NUMBERS.
R  INDICATES RECORD WAS SET OR TIED.
MM INDICATES DATA IS MISSING.
T  INDICATES TRACE AMOUNT.




$$
