000
CDUS42 KMFL 230840
CLIFLL


CLIMATE REPORT
NATIONAL WEATHER SERVICE MIAMI, FL
440 AM EDT WED AUG 23 2017


...................................

...THE FORT LAUDERDALE CLIMATE SUMMARY FOR AUGUST 22 2017...

CLIMATE NORMAL PERIOD 1981 TO 2010
CLIMATE RECORD PERIOD 1912 TO 2017


WEATHER ITEM   OBSERVED TIME   RECORD YEAR NORMAL DEPARTURE LAST
                VALUE   (LST)  VALUE       VALUE  FROM      YEAR
                                                  NORMAL
..................................................................
TEMPERATURE (F)
 YESTERDAY
  MAXIMUM         90    251 PM  97    1958  90      0       92
  MINIMUM         78    118 AM  68    1924  79     -1       83
  AVERAGE         84                        84      0       88

PRECIPITATION (IN)
  YESTERDAY        0.14          3.90 2008   0.25  -0.11     0.00
  MONTH TO DATE    4.96                      5.05  -0.09     4.32
  SINCE JUN 1     22.54                     21.19   1.35    15.78
  SINCE JAN 1     34.14                     38.68  -4.54    34.73

SNOWFALL (IN)
  YESTERDAY        0.0
  MONTH TO DATE    0.0
  SINCE JUN 1      0.0
  SINCE JUL 1      0.0
  SNOW DEPTH       0

DEGREE DAYS
 HEATING
  YESTERDAY        0                         0      0        0
  MONTH TO DATE    0                         0      0        0
  SINCE JUN 1      0                         0      0        0
  SINCE JUL 1      0                         0      0        0

 COOLING
  YESTERDAY       19                        19      0       23
  MONTH TO DATE  446                       437      9      422
  SINCE JUN 1   1585                      1578      7     1617
  SINCE JAN 1   3162                      2996    166     3031
..................................................................


WIND (MPH)
  HIGHEST WIND SPEED    17   HIGHEST WIND DIRECTION     E (100)
  HIGHEST GUST SPEED    22   HIGHEST GUST DIRECTION     E (100)
  AVERAGE WIND SPEED    11.5


SKY COVER
  AVERAGE SKY COVER 0.7


WEATHER CONDITIONS
 THE FOLLOWING WEATHER WAS RECORDED YESTERDAY.
  THUNDERSTORM
  RAIN
  LIGHT RAIN
  FOG


RELATIVE HUMIDITY (PERCENT)
 HIGHEST    94
 LOWEST     68
 AVERAGE    81

..........................................................


THE FORT LAUDERDALE CLIMATE NORMALS FOR TODAY
                         NORMAL    RECORD    YEAR
 MAXIMUM TEMPERATURE (F)   90        98      1958
 MINIMUM TEMPERATURE (F)   79        68      1994


SUNRISE AND SUNSET
AUGUST 23 2017........SUNRISE   657 AM EDT   SUNSET   749 PM EDT
AUGUST 24 2017........SUNRISE   657 AM EDT   SUNSET   748 PM EDT


-  INDICATES NEGATIVE NUMBERS.
R  INDICATES RECORD WAS SET OR TIED.
MM INDICATES DATA IS MISSING.
T  INDICATES TRACE AMOUNT.




$$
