000
CDUS42 KMFL 162128
CLIFLL


CLIMATE REPORT
NATIONAL WEATHER SERVICE MIAMI, FL
427 PM EST SAT DEC 16 2017


...................................

...THE FORT LAUDERDALE CLIMATE SUMMARY FOR DECEMBER 16 2017...
VALID TODAY AS OF 0400 PM LOCAL TIME.

CLIMATE NORMAL PERIOD 1981 TO 2010
CLIMATE RECORD PERIOD 1912 TO 2017


WEATHER ITEM   OBSERVED TIME   RECORD YEAR NORMAL DEPARTURE LAST
                VALUE   (LST)  VALUE       VALUE  FROM      YEAR
                                                  NORMAL
..................................................................
TEMPERATURE (F)
 TODAY
  MAXIMUM         78    204 PM  86    1947  78      0       79
  MINIMUM         59    719 AM  34    1968  64     -5       66
  AVERAGE         69                        71     -2       73

PRECIPITATION (IN)
  TODAY            0.00          1.00 1958   0.08  -0.08     0.00
  MONTH TO DATE    0.50                      1.37  -0.87     2.77
  SINCE NOV 1      6.26                      4.61   1.65     3.81
  SINCE JAN 1     68.93                     61.09   7.84    49.48

SNOWFALL (IN)
  TODAY            0.0
  MONTH TO DATE    0.0
  SINCE DEC 1      0.0
  SINCE JUL 1      0.0
  SNOW DEPTH       0

DEGREE DAYS
 HEATING
  TODAY            0                         1     -1        0
  MONTH TO DATE   33                        11     22        0
  SINCE DEC 1     33                        11     22        0
  SINCE JUL 1     35                        13     22        0

 COOLING
  TODAY            4                         7     -3        8
  MONTH TO DATE   94                       125    -31      183
  SINCE DEC 1     94                       125    -31      183
  SINCE JAN 1   4773                      4638    135     4709
..................................................................


WIND (MPH)
  HIGHEST WIND SPEED    13   HIGHEST WIND DIRECTION     E (70)
  HIGHEST GUST SPEED    16   HIGHEST GUST DIRECTION    NE (60)
  AVERAGE WIND SPEED     5.8


SKY COVER
  AVERAGE SKY COVER 0.3


WEATHER CONDITIONS
 THE FOLLOWING WEATHER WAS RECORDED TODAY.
  NO SIGNIFICANT WEATHER WAS OBSERVED.


RELATIVE HUMIDITY (PERCENT)
 HIGHEST   100
 LOWEST     60
 AVERAGE    80

..........................................................


THE FORT LAUDERDALE CLIMATE NORMALS FOR TOMORROW
                         NORMAL    RECORD    YEAR
 MAXIMUM TEMPERATURE (F)   78        87      1956
 MINIMUM TEMPERATURE (F)   64        34      1968


SUNRISE AND SUNSET
DECEMBER 16 2017......SUNRISE   701 AM EST   SUNSET   532 PM EST
DECEMBER 17 2017......SUNRISE   701 AM EST   SUNSET   532 PM EST


-  INDICATES NEGATIVE NUMBERS.
R  INDICATES RECORD WAS SET OR TIED.
MM INDICATES DATA IS MISSING.
T  INDICATES TRACE AMOUNT.




$$
