000
CDUS42 KMFL 270826
CLIFLL


CLIMATE REPORT
NATIONAL WEATHER SERVICE MIAMI, FL
426 AM EDT THU APR 27 2017


...................................

...THE FORT LAUDERDALE CLIMATE SUMMARY FOR APRIL 26 2017...

CLIMATE NORMAL PERIOD 1981 TO 2010
CLIMATE RECORD PERIOD 1912 TO 2017


WEATHER ITEM   OBSERVED TIME   RECORD YEAR NORMAL DEPARTURE LAST
                VALUE   (LST)  VALUE       VALUE  FROM      YEAR
                                                  NORMAL
..................................................................
TEMPERATURE (F)
 YESTERDAY
  MAXIMUM         82    300 PM  96    2015  84     -2       83
  MINIMUM         64    610 AM  53    1983  71     -7       73
  AVERAGE         73                        77     -4       78

PRECIPITATION (IN)
  YESTERDAY        0.00          3.80 1948   0.08  -0.08     0.00
  MONTH TO DATE    4.00                      2.63   1.37     0.73
  SINCE NOV 1     13.41                     18.28  -4.87    25.52
  SINCE JAN 1      8.78                     12.58  -3.80    14.30

SNOWFALL (IN)
  YESTERDAY        0.0
  MONTH TO DATE    0.0
  SINCE MAR 1      0.0
  SINCE JUL 1      0.0
  SNOW DEPTH       0

DEGREE DAYS
 HEATING
  YESTERDAY        0                         0      0        0
  MONTH TO DATE    0                         0      0        0
  SINCE MAR 1      6                         9     -3        2
  SINCE JUL 1     35                       111    -76       87

 COOLING
  YESTERDAY        8                        12     -4       13
  MONTH TO DATE  309                       285     24      307
  SINCE MAR 1    562                       539     23      630
  SINCE JAN 1   1018                       895    123      889
..................................................................


WIND (MPH)
  HIGHEST WIND SPEED    16   HIGHEST WIND DIRECTION     E (110)
  HIGHEST GUST SPEED    22   HIGHEST GUST DIRECTION    SE (120)
  AVERAGE WIND SPEED     8.6


SKY COVER
  AVERAGE SKY COVER 0.3


WEATHER CONDITIONS
 THE FOLLOWING WEATHER WAS RECORDED YESTERDAY.
  NO SIGNIFICANT WEATHER WAS OBSERVED.


RELATIVE HUMIDITY (PERCENT)
 HIGHEST    87
 LOWEST     50
 AVERAGE    69

..........................................................


THE FORT LAUDERDALE CLIMATE NORMALS FOR TODAY
                         NORMAL    RECORD    YEAR
 MAXIMUM TEMPERATURE (F)   84        94      2015
 MINIMUM TEMPERATURE (F)   71        56      1955


SUNRISE AND SUNSET
APRIL 27 2017.........SUNRISE   646 AM EDT   SUNSET   750 PM EDT
APRIL 28 2017.........SUNRISE   646 AM EDT   SUNSET   751 PM EDT


-  INDICATES NEGATIVE NUMBERS.
R  INDICATES RECORD WAS SET OR TIED.
MM INDICATES DATA IS MISSING.
T  INDICATES TRACE AMOUNT.




$$
