000
CDUS42 KILM 280940
CLIFLO


CLIMATE REPORT
NATIONAL WEATHER SERVICE WILMINGTON NC
440 AM EST SAT FEB 28 2015


...................................

...THE FLORENCE SC CLIMATE SUMMARY FOR FEBRUARY 27 2015...

CLIMATE NORMAL PERIOD 1981 TO 2010
CLIMATE RECORD PERIOD 1948 TO 2015


WEATHER ITEM   OBSERVED TIME   RECORD YEAR NORMAL DEPARTURE LAST
                VALUE   (LST)  VALUE       VALUE  FROM      YEAR
                                                  NORMAL
..................................................................
TEMPERATURE (F)
 YESTERDAY
  MAXIMUM         55    356 PM  85    1997  63     -8       58
  MINIMUM         30    720 AM  16    1963  40    -10       26
  AVERAGE         43                        51     -8       42

PRECIPITATION (IN)
  YESTERDAY        0.00          1.95 1987   0.10  -0.10     0.00
  MONTH TO DATE    4.48                      2.81   1.67     3.36
  SINCE DEC 1     10.11                      9.05   1.06    10.05
  SINCE JAN 1      6.91                      6.04   0.87     5.72

SNOWFALL (IN)
  YESTERDAY       MM
  MONTH TO DATE   MM
  SINCE DEC 1     MM
  SINCE JUL 1     MM
  SNOW DEPTH      MM

DEGREE DAYS
 HEATING
  YESTERDAY       22                        14      8       23
  MONTH TO DATE  622                       450    172      460
  SINCE DEC 1   1714                      1630     84     1638
  SINCE JUL 1   2214                      2052    162     2108

 COOLING
  YESTERDAY        0                         0      0        0
  MONTH TO DATE    0                         0      0        6
  SINCE DEC 1      3                         6     -3       24
  SINCE JAN 1      3                         2      1        6
..................................................................


WIND (MPH)
  HIGHEST WIND SPEED    13   HIGHEST WIND DIRECTION    NE (50)
  HIGHEST GUST SPEED    15   HIGHEST GUST DIRECTION    NE (40)
  AVERAGE WIND SPEED     5.0


SKY COVER
  POSSIBLE SUNSHINE  MM
  AVERAGE SKY COVER 0.0


WEATHER CONDITIONS
 THE FOLLOWING WEATHER WAS RECORDED YESTERDAY.
  FOG
  HAZE


RELATIVE HUMIDITY (PERCENT)
 HIGHEST    92           700 AM
 LOWEST     38           200 PM
 AVERAGE    65

..........................................................


THE FLORENCE SC CLIMATE NORMALS FOR TODAY
                         NORMAL    RECORD    YEAR
 MAXIMUM TEMPERATURE (F)   63        84      2011
                                             1962
 MINIMUM TEMPERATURE (F)   40        19      2002


SUNRISE AND SUNSET
FEBRUARY 28 2015......SUNRISE   649 AM EST   SUNSET   614 PM EST
MARCH  1 2015.........SUNRISE   648 AM EST   SUNSET   615 PM EST


-  INDICATES NEGATIVE NUMBERS.
R  INDICATES RECORD WAS SET OR TIED.
MM INDICATES DATA IS MISSING.
T  INDICATES TRACE AMOUNT.




$$
