000
CDUS42 KILM 260841
CLIFLO


CLIMATE REPORT
NATIONAL WEATHER SERVICE WILMINGTON NC
441 AM EDT SAT JUL 26 2014


...................................

...THE FLORENCE SC CLIMATE SUMMARY FOR JULY 25 2014...

CLIMATE NORMAL PERIOD 1981 TO 2010
CLIMATE RECORD PERIOD 1948 TO 2014


WEATHER ITEM   OBSERVED TIME   RECORD YEAR NORMAL DEPARTURE LAST
                VALUE   (LST)  VALUE       VALUE  FROM      YEAR
                                                  NORMAL
..................................................................
TEMPERATURE (F)
 YESTERDAY
  MAXIMUM         84    524 PM  98    1949  91     -7       88
  MINIMUM         72    815 AM  66    2008  72      0       70
                                      1977
  AVERAGE         78                        81     -3       79

PRECIPITATION (IN)
  YESTERDAY        0.00          3.08 1985   0.18  -0.18     0.00
  MONTH TO DATE    5.60                      4.18   1.42     9.07
  SINCE JUN 1      6.58                      8.80  -2.22    17.35
  SINCE JAN 1     23.94                     24.16  -0.22    36.18

DEGREE DAYS
 HEATING
  YESTERDAY        0                         0      0        0
  MONTH TO DATE    0                         0      0        0
  SINCE JUN 1      0                         1     -1        0
  SINCE JUL 1      0                         0      0        0

 COOLING
  YESTERDAY       13                        16     -3       14
  MONTH TO DATE  412                       400     12      403
  SINCE JUN 1    894                       797     97      827
  SINCE JAN 1   1276                      1104    172     1094
..................................................................


WIND (MPH)
  HIGHEST WIND SPEED    10   HIGHEST WIND DIRECTION    SE (140)
  HIGHEST GUST SPEED    14   HIGHEST GUST DIRECTION     S (160)
  AVERAGE WIND SPEED     5.1


SKY COVER
  POSSIBLE SUNSHINE  MM
  AVERAGE SKY COVER 0.6


WEATHER CONDITIONS
 THE FOLLOWING WEATHER WAS RECORDED YESTERDAY.
  FOG
  HAZE


RELATIVE HUMIDITY (PERCENT)
 HIGHEST    94          1200 AM
 LOWEST     69           100 PM
 AVERAGE    82

..........................................................


THE FLORENCE SC CLIMATE NORMALS FOR TODAY
                         NORMAL    RECORD    YEAR
 MAXIMUM TEMPERATURE (F)   91       101      2012
                                             2005
 MINIMUM TEMPERATURE (F)   72        64      1957


SUNRISE AND SUNSET
JULY 26 2014..........SUNRISE   626 AM EDT   SUNSET   825 PM EDT
JULY 27 2014..........SUNRISE   626 AM EDT   SUNSET   824 PM EDT


-  INDICATES NEGATIVE NUMBERS.
R  INDICATES RECORD WAS SET OR TIED.
MM INDICATES DATA IS MISSING.
T  INDICATES TRACE AMOUNT.




$$
