000
CDUS42 KILM 172143
CLIFLO


CLIMATE REPORT
NATIONAL WEATHER SERVICE WILMINGTON NC
443 PM EST SAT FEB 17 2018


...................................

...THE FLORENCE SOUTH  CAROLINA CLIMATE SUMMARY FOR FEBRUARY 17 2018...
VALID TODAY AS OF 0400 PM LOCAL TIME.

CLIMATE NORMAL PERIOD 1981 TO 2010
CLIMATE RECORD PERIOD 1948 TO 2018


WEATHER ITEM   OBSERVED TIME   RECORD YEAR NORMAL DEPARTURE LAST
                VALUE   (LST)  VALUE       VALUE  FROM      YEAR
                                                  NORMAL
..................................................................
TEMPERATURE (F)
 TODAY
  MAXIMUM         67   1230 AM  82    1976  60      7       68
  MINIMUM         58   1143 AM  12    1958  38     20       35
  AVERAGE         63                        49     14       52

PRECIPITATION (IN)
  TODAY            0.00          1.40 1998   0.10  -0.10     0.00
  MONTH TO DATE    0.69                      1.73  -1.04     1.60
  SINCE DEC 1      7.52                      7.97  -0.45     9.43
  SINCE JAN 1      2.86                      4.96  -2.10     4.86

SNOWFALL (IN)
  TODAY           MM             0.0  2002   0.0
  MONTH TO DATE   MM                         0.1
  SINCE DEC 1     MM                         1.3
  SINCE JUL 1     MM                         1.3
  SNOW DEPTH      MM

DEGREE DAYS
 HEATING
  TODAY            2                        16    -14       13
  MONTH TO DATE  186                       300   -114      190
  SINCE DEC 1   1447                      1480    -33     1074
  SINCE JUL 1   1852                      1902    -50     1387

 COOLING
  TODAY            0                         0      0        0
  MONTH TO DATE   18                         0     18        6
  SINCE DEC 1     20                         6     14       10
  SINCE JAN 1     20                         2     18        6
..................................................................


WIND (MPH)
  RESULTANT WIND SPEED   8   RESULTANT WIND DIRECTION   E (100)
  HIGHEST WIND SPEED    17   HIGHEST WIND DIRECTION     E (110)
  HIGHEST GUST SPEED    20   HIGHEST GUST DIRECTION    SE (120)
  AVERAGE WIND SPEED    10.4


SKY COVER
  POSSIBLE SUNSHINE  MM
  AVERAGE SKY COVER 1.0


WEATHER CONDITIONS
 THE FOLLOWING WEATHER WAS RECORDED TODAY.
  NO SIGNIFICANT WEATHER WAS OBSERVED.


RELATIVE HUMIDITY (PERCENT)
 HIGHEST    78           300 PM
 LOWEST     51           700 AM
 AVERAGE    65

..........................................................


THE FLORENCE SOUTH  CAROLINA CLIMATE NORMALS FOR TOMORROW
                         NORMAL    RECORD    YEAR
 MAXIMUM TEMPERATURE (F)   60        81      1976
 MINIMUM TEMPERATURE (F)   38        12      1958


SUNRISE AND SUNSET
FEBRUARY 17 2018......SUNRISE   702 AM EST   SUNSET   605 PM EST
FEBRUARY 18 2018......SUNRISE   701 AM EST   SUNSET   605 PM EST


-  INDICATES NEGATIVE NUMBERS.
R  INDICATES RECORD WAS SET OR TIED.
MM INDICATES DATA IS MISSING.
T  INDICATES TRACE AMOUNT.




$$
