000
CDUS42 KILM 280840
CLIFLO


CLIMATE REPORT
NATIONAL WEATHER SERVICE WILMINGTON NC
440 AM EDT TUE JUL 28 2015


...................................

...THE FLORENCE SC CLIMATE SUMMARY FOR JULY 27 2015...

CLIMATE NORMAL PERIOD 1981 TO 2010
CLIMATE RECORD PERIOD 1948 TO 2015


WEATHER ITEM   OBSERVED TIME   RECORD YEAR NORMAL DEPARTURE LAST
                VALUE   (LST)  VALUE       VALUE  FROM      YEAR
                                                  NORMAL
..................................................................
TEMPERATURE (F)
 YESTERDAY
  MAXIMUM         95    404 PM 101    2005  91      4       94
  MINIMUM         71    546 AM  65    1962  72     -1       76
  AVERAGE         83                        81      2       85

PRECIPITATION (IN)
  YESTERDAY        0.00          4.10 2013   0.17  -0.17     0.04
  MONTH TO DATE    3.40                      4.53  -1.13     5.64
  SINCE JUN 1      6.90                      9.15  -2.25     6.62
  SINCE JAN 1     21.92                     24.51  -2.59    23.98

DEGREE DAYS
 HEATING
  YESTERDAY        0                         0      0        0
  MONTH TO DATE    0                         0      0        0
  SINCE JUN 1      0                         1     -1        0
  SINCE JUL 1      0                         0      0        0

 COOLING
  YESTERDAY       18                        16      2       20
  MONTH TO DATE  510                       432     78      448
  SINCE JUN 1   1051                       829    222      930
  SINCE JAN 1   1436                      1136    300     1312
..................................................................


WIND (MPH)
  HIGHEST WIND SPEED    18   HIGHEST WIND DIRECTION    SE (150)
  HIGHEST GUST SPEED    23   HIGHEST GUST DIRECTION    SE (140)
  AVERAGE WIND SPEED     4.5


SKY COVER
  POSSIBLE SUNSHINE  MM
  AVERAGE SKY COVER 0.2


WEATHER CONDITIONS
 THE FOLLOWING WEATHER WAS RECORDED YESTERDAY.
  NO SIGNIFICANT WEATHER WAS OBSERVED.


RELATIVE HUMIDITY (PERCENT)
 HIGHEST    93           100 AM
 LOWEST     43           400 PM
 AVERAGE    68

..........................................................


THE FLORENCE SC CLIMATE NORMALS FOR TODAY
                         NORMAL    RECORD    YEAR
 MAXIMUM TEMPERATURE (F)   91       101      1949
 MINIMUM TEMPERATURE (F)   72        60      1962


SUNRISE AND SUNSET
JULY 28 2015..........SUNRISE   627 AM EDT   SUNSET   823 PM EDT
JULY 29 2015..........SUNRISE   628 AM EDT   SUNSET   823 PM EDT


-  INDICATES NEGATIVE NUMBERS.
R  INDICATES RECORD WAS SET OR TIED.
MM INDICATES DATA IS MISSING.
T  INDICATES TRACE AMOUNT.




$$
