000
CDUS42 KILM 230848
CLIFLO


CLIMATE REPORT
NATIONAL WEATHER SERVICE WILMINGTON NC
447 AM EDT THU OCT 23 2014


...................................

...THE FLORENCE SC CLIMATE SUMMARY FOR OCTOBER 22 2014...

CLIMATE NORMAL PERIOD 1981 TO 2010
CLIMATE RECORD PERIOD 1948 TO 2014


WEATHER ITEM   OBSERVED TIME   RECORD YEAR NORMAL DEPARTURE LAST
                VALUE   (LST)  VALUE       VALUE  FROM      YEAR
                                                  NORMAL
..................................................................
TEMPERATURE (F)
 YESTERDAY
  MAXIMUM         70    259 PM  86    2007  74     -4       69
  MINIMUM         48    654 AM  29    1952  51     -3       57
  AVERAGE         59                        62     -3       63

PRECIPITATION (IN)
  YESTERDAY        0.00          0.91 1971   0.10  -0.10     0.01
  MONTH TO DATE    1.08                      2.33  -1.25     0.82
  SINCE SEP 1      9.50                      6.00   3.50     1.71
  SINCE JAN 1     37.49                     36.48   1.01    48.17

DEGREE DAYS
 HEATING
  YESTERDAY        6                         4      2        2
  MONTH TO DATE   34                        57    -23       14
  SINCE SEP 1     40                        66    -26       14
  SINCE JUL 1     40                        66    -26       14

 COOLING
  YESTERDAY        0                         2     -2        0
  MONTH TO DATE   99                        72     27      103
  SINCE SEP 1    426                       358     68      401
  SINCE JAN 1   2258                      2028    230     2028
..................................................................


WIND (MPH)
  HIGHEST WIND SPEED    18   HIGHEST WIND DIRECTION     N (350)
  HIGHEST GUST SPEED    25   HIGHEST GUST DIRECTION     N (360)
  AVERAGE WIND SPEED     9.5


SKY COVER
  POSSIBLE SUNSHINE  MM
  AVERAGE SKY COVER 0.1


WEATHER CONDITIONS
 THE FOLLOWING WEATHER WAS RECORDED YESTERDAY.
  NO SIGNIFICANT WEATHER WAS OBSERVED.


RELATIVE HUMIDITY (PERCENT)
 HIGHEST    71           600 AM
 LOWEST     36           200 PM
 AVERAGE    54

..........................................................


THE FLORENCE SC CLIMATE NORMALS FOR TODAY
                         NORMAL    RECORD    YEAR
 MAXIMUM TEMPERATURE (F)   74        88      2007
 MINIMUM TEMPERATURE (F)   51        32      1974


SUNRISE AND SUNSET
OCTOBER 23 2014.......SUNRISE   731 AM EDT   SUNSET   635 PM EDT
OCTOBER 24 2014.......SUNRISE   732 AM EDT   SUNSET   634 PM EDT


-  INDICATES NEGATIVE NUMBERS.
R  INDICATES RECORD WAS SET OR TIED.
MM INDICATES DATA IS MISSING.
T  INDICATES TRACE AMOUNT.




$$
