772
CDUS42 KILM 220940
CLIFLO


CLIMATE REPORT
NATIONAL WEATHER SERVICE WILMINGTON NC
440 AM EST WED NOV 22 2017


...................................

...THE FLORENCE SC CLIMATE SUMMARY FOR NOVEMBER 21 2017...

CLIMATE NORMAL PERIOD 1981 TO 2010
CLIMATE RECORD PERIOD 1948 TO 2017


WEATHER ITEM   OBSERVED TIME   RECORD YEAR NORMAL DEPARTURE LAST
                VALUE   (LST)  VALUE       VALUE  FROM      YEAR
                                                  NORMAL
..................................................................
TEMPERATURE (F)
 YESTERDAY
  MAXIMUM         67    247 PM  80    2011  66      1       62
                                      1977
  MINIMUM         33    214 AM  22    1951  42     -9       29
  AVERAGE         50                        54     -4       46

PRECIPITATION (IN)
  YESTERDAY        0.01          1.52 2005   0.10  -0.09     0.00
  MONTH TO DATE    0.69                      1.85  -1.16     0.79
  SINCE SEP 1      6.38                      8.60  -2.22    23.38
  SINCE JAN 1     37.96                     39.08  -1.12    56.26

SNOWFALL (IN)
  YESTERDAY       MM
  MONTH TO DATE   MM
  SINCE SEP 1     MM
  SINCE JUL 1     MM
  SNOW DEPTH      MM

DEGREE DAYS
 HEATING
  YESTERDAY       15                        12      3       19
  MONTH TO DATE  196                       188      8      196
  SINCE SEP 1    286                       305    -19      228
  SINCE JUL 1    286                       305    -19      228

 COOLING
  YESTERDAY        0                         0      0        0
  MONTH TO DATE   14                        16     -2        6
  SINCE SEP 1    466                       388     78      533
  SINCE JAN 1   2248                      2058    190     2570
..................................................................


WIND (MPH)
  HIGHEST WIND SPEED    12   HIGHEST WIND DIRECTION     E (110)
  HIGHEST GUST SPEED    13   HIGHEST GUST DIRECTION     E (100)
  AVERAGE WIND SPEED     4.8


SKY COVER
  POSSIBLE SUNSHINE  MM
  AVERAGE SKY COVER 0.5


WEATHER CONDITIONS
 THE FOLLOWING WEATHER WAS RECORDED YESTERDAY.
  LIGHT RAIN


RELATIVE HUMIDITY (PERCENT)
 HIGHEST    96           200 AM
 LOWEST     58           200 PM
 AVERAGE    77

..........................................................


THE FLORENCE SC CLIMATE NORMALS FOR TODAY
                         NORMAL    RECORD    YEAR
 MAXIMUM TEMPERATURE (F)   65        80      2011
 MINIMUM TEMPERATURE (F)   42        20      2008
                                             2000


SUNRISE AND SUNSET
NOVEMBER 22 2017......SUNRISE   659 AM EST   SUNSET   511 PM EST
NOVEMBER 23 2017......SUNRISE   659 AM EST   SUNSET   511 PM EST


-  INDICATES NEGATIVE NUMBERS.
R  INDICATES RECORD WAS SET OR TIED.
MM INDICATES DATA IS MISSING.
T  INDICATES TRACE AMOUNT.




$$
