000
CDUS42 KILM 170900
CLIFLO


CLIMATE REPORT
NATIONAL WEATHER SERVICE WILMINGTON NC
500 AM EDT WED SEP 17 2014


...................................

...THE FLORENCE SC CLIMATE SUMMARY FOR SEPTEMBER 16 2014...

CLIMATE NORMAL PERIOD 1981 TO 2010
CLIMATE RECORD PERIOD 1948 TO 2014


WEATHER ITEM   OBSERVED TIME   RECORD YEAR NORMAL DEPARTURE LAST
                VALUE   (LST)  VALUE       VALUE  FROM      YEAR
                                                  NORMAL
..................................................................
TEMPERATURE (F)
 YESTERDAY
  MAXIMUM         87    401 PM  97    1956  84      3       89
  MINIMUM         71   1127 PM  52    1961  64      7       68
  AVERAGE         79                        74      5       79

PRECIPITATION (IN)
  YESTERDAY        0.00          0.81 1977   0.12  -0.12     0.36
  MONTH TO DATE    7.59                      2.06   5.53     0.44
  SINCE SEP 1      7.59                      2.06   5.53     0.44
  SINCE JAN 1     35.58                     32.54   3.04    46.90

DEGREE DAYS
 HEATING
  YESTERDAY        0                         0      0        0
  MONTH TO DATE    0                         0      0        0
  SINCE SEP 1      0                         0      0        0
  SINCE JUL 1      0                         0      0        0

 COOLING
  YESTERDAY       14                        10      4       14
  MONTH TO DATE  238                       183     55      231
  SINCE SEP 1    238                       183     55      231
  SINCE JAN 1   2070                      1853    217     1858
..................................................................


WIND (MPH)
  HIGHEST WIND SPEED    10   HIGHEST WIND DIRECTION     N (360)
  HIGHEST GUST SPEED    13   HIGHEST GUST DIRECTION     S (170)
  AVERAGE WIND SPEED     3.9


SKY COVER
  POSSIBLE SUNSHINE  MM
  AVERAGE SKY COVER 0.5


WEATHER CONDITIONS
 THE FOLLOWING WEATHER WAS RECORDED YESTERDAY.
  NO SIGNIFICANT WEATHER WAS OBSERVED.


RELATIVE HUMIDITY (PERCENT)
 HIGHEST    93           700 AM
 LOWEST     50           400 PM
 AVERAGE    72

..........................................................


THE FLORENCE SC CLIMATE NORMALS FOR TODAY
                         NORMAL    RECORD    YEAR
 MAXIMUM TEMPERATURE (F)   84        96      2005
 MINIMUM TEMPERATURE (F)   64        49      2001


SUNRISE AND SUNSET
SEPTEMBER 17 2014.....SUNRISE   703 AM EDT   SUNSET   723 PM EDT
SEPTEMBER 18 2014.....SUNRISE   704 AM EDT   SUNSET   721 PM EDT


-  INDICATES NEGATIVE NUMBERS.
R  INDICATES RECORD WAS SET OR TIED.
MM INDICATES DATA IS MISSING.
T  INDICATES TRACE AMOUNT.




$$
