000
CDUS42 KTBW 300840
CLIFMY


CLIMATE REPORT
NATIONAL WEATHER SERVICE TAMPA BAY FL
433 AM EDT THU JUL 30 2015


...................................

...THE FORT MYERS CLIMATE SUMMARY FOR JULY 29 2015...

CLIMATE NORMAL PERIOD 1981 TO 2010
CLIMATE RECORD PERIOD 1902 TO 2015


WEATHER ITEM   OBSERVED TIME   RECORD YEAR NORMAL DEPARTURE LAST
                VALUE   (LST)  VALUE       VALUE  FROM      YEAR
                                                  NORMAL
..................................................................
TEMPERATURE (F)
 YESTERDAY
  MAXIMUM         83    823 AM  98    1942  92     -9       91
  MINIMUM         75    511 AM  68    1956  75      0       75
                                      1911
  AVERAGE         79                        83     -4       83

PRECIPITATION (IN)
  YESTERDAY        0.63          4.06 1965   0.29   0.34     0.67
  MONTH TO DATE   12.27                      8.44   3.83     8.61
  SINCE JUN 1     20.87                     18.53   2.34    11.09
  SINCE JAN 1     29.72                     30.33  -0.61    22.43

DEGREE DAYS
 HEATING
  YESTERDAY        0                         0      0        0
  MONTH TO DATE    0                         0      0        0
  SINCE JUN 1      0                         0      0        0
  SINCE JUL 1      0                         0      0        0

 COOLING
  YESTERDAY       14                        18     -4       18
  MONTH TO DATE  515                       522     -7      540
  SINCE JUN 1   1053                      1047      6     1070
  SINCE JAN 1   2407                      2113    294     2261
..................................................................


WIND (MPH)
  RESULTANT WIND SPEED   6   RESULTANT WIND DIRECTION   W (260)
  HIGHEST WIND SPEED    24   HIGHEST WIND DIRECTION    NW (330)
  HIGHEST GUST SPEED    28   HIGHEST GUST DIRECTION    NW (320)
  AVERAGE WIND SPEED     6.9


SKY COVER
  POSSIBLE SUNSHINE  MM
  AVERAGE SKY COVER 0.3


WEATHER CONDITIONS
 THE FOLLOWING WEATHER WAS RECORDED YESTERDAY.
  THUNDERSTORM
  HEAVY RAIN
  RAIN
  LIGHT RAIN
  FOG


RELATIVE HUMIDITY (PERCENT)
 HIGHEST    91           500 AM
 LOWEST     79           800 AM

..........................................................


THE FORT MYERS CLIMATE NORMALS FOR TODAY
                         NORMAL    RECORD    YEAR
 MAXIMUM TEMPERATURE (F)   92        97      1942
 MINIMUM TEMPERATURE (F)   75        66      1928


SUNRISE AND SUNSET
JULY 30 2015..........SUNRISE   651 AM EDT   SUNSET   816 PM EDT
JULY 31 2015..........SUNRISE   652 AM EDT   SUNSET   816 PM EDT


-  INDICATES NEGATIVE NUMBERS.
R  INDICATES RECORD WAS SET OR TIED.
MM INDICATES DATA IS MISSING.
T  INDICATES TRACE AMOUNT.




$$


&&
------------------------------------------------------------------
******************** SUPPLEMENTAL DATA ***************************

...GULF WATER TEMPERATURE AT FORT MYERS BEACH 84 DEGREES.
