000
CDUS42 KTBW 290829
CLIFMY


CLIMATE REPORT
NATIONAL WEATHER SERVICE TAMPA BAY FL
427 AM EDT MON AUG 29 2016


...................................

...THE FORT MYERS CLIMATE SUMMARY FOR AUGUST 28 2016...

CLIMATE NORMAL PERIOD 1981 TO 2010
CLIMATE RECORD PERIOD 1902 TO 2016


WEATHER ITEM   OBSERVED TIME   RECORD YEAR NORMAL DEPARTURE LAST
                VALUE   (LST)  VALUE       VALUE  FROM      YEAR
                                                  NORMAL
..................................................................
TEMPERATURE (F)
 YESTERDAY
  MAXIMUM         93    156 PM  96    1997  91      2       91
                                      1989
                                      1987
  MINIMUM         77    528 AM  69    1917  75      2       74
  AVERAGE         85                        83      2       83

PRECIPITATION (IN)
  YESTERDAY        0.01          1.71 1994   0.34  -0.33     0.23
  MONTH TO DATE    9.21                      9.16   0.05     9.31
  SINCE JUN 1     30.81                     28.29   2.52    30.98
  SINCE JAN 1     51.68                     40.09  11.59    39.83

DEGREE DAYS
 HEATING
  YESTERDAY        0                         0      0        0
  MONTH TO DATE    0                         0      0        0
  SINCE JUN 1      0                         0      0        0
  SINCE JUL 1      0                         0      0        0

 COOLING
  YESTERDAY       20                        18      2       18
  MONTH TO DATE  544                       504     40      523
  SINCE JUN 1   1698                      1593    105     1612
  SINCE JAN 1   2796                      2659    137     2966
..................................................................


WIND (MPH)
  RESULTANT WIND SPEED   9   RESULTANT WIND DIRECTION   E (90)
  HIGHEST WIND SPEED    25   HIGHEST WIND DIRECTION     E (90)
  HIGHEST GUST SPEED    34   HIGHEST GUST DIRECTION     E (80)
  AVERAGE WIND SPEED    10.2


SKY COVER
  POSSIBLE SUNSHINE  MM
  AVERAGE SKY COVER 0.1


WEATHER CONDITIONS
 THE FOLLOWING WEATHER WAS RECORDED YESTERDAY.
  THUNDERSTORM
  LIGHT RAIN
  FOG


RELATIVE HUMIDITY (PERCENT)
 HIGHEST    97           700 AM
 LOWEST     56           200 PM

..........................................................


THE FORT MYERS CLIMATE NORMALS FOR TODAY
                         NORMAL    RECORD    YEAR
 MAXIMUM TEMPERATURE (F)   91        97      1978
 MINIMUM TEMPERATURE (F)   75        69      1917


SUNRISE AND SUNSET
AUGUST 29 2016........SUNRISE   706 AM EDT   SUNSET   750 PM EDT
AUGUST 30 2016........SUNRISE   706 AM EDT   SUNSET   749 PM EDT


-  INDICATES NEGATIVE NUMBERS.
R  INDICATES RECORD WAS SET OR TIED.
MM INDICATES DATA IS MISSING.
T  INDICATES TRACE AMOUNT.




$$


&&
------------------------------------------------------------------
******************** SUPPLEMENTAL DATA ***************************

...GULF WATER TEMPERATURE AT FORT MYERS BEACH 86 DEGREES
