000
CDUS42 KTBW 160929
CLIFMY


CLIMATE REPORT
NATIONAL WEATHER SERVICE TAMPA BAY FL
427 AM EST MON JAN 16 2017


...................................

...THE FORT MYERS CLIMATE SUMMARY FOR JANUARY 15 2017...

CLIMATE NORMAL PERIOD 1981 TO 2010
CLIMATE RECORD PERIOD 1902 TO 2017


WEATHER ITEM   OBSERVED TIME   RECORD YEAR NORMAL DEPARTURE LAST
                VALUE   (LST)  VALUE       VALUE  FROM      YEAR
                                                  NORMAL
..................................................................
TEMPERATURE (F)
 YESTERDAY
  MAXIMUM         82    214 PM  87    1947  74      8       72
  MINIMUM         59    611 AM  31    1948  53      6       60
  AVERAGE         71                        64      7       66

PRECIPITATION (IN)
  YESTERDAY        0.00          2.59 2016   0.06  -0.06     2.59
  MONTH TO DATE    0.76                      0.95  -0.19     5.64
  SINCE DEC 1      1.00                      2.66  -1.66     9.24
  SINCE JAN 1      0.76                      0.95  -0.19     5.64

DEGREE DAYS
 HEATING
  YESTERDAY        0                         4     -4        0
  MONTH TO DATE   27                        60    -33       32
  SINCE DEC 1     36                       135    -99       35
  SINCE JUL 1     41                       153   -112       35

 COOLING
  YESTERDAY        6                         3      3        1
  MONTH TO DATE   80                        44     36       34
  SINCE DEC 1    356                       165    191      312
  SINCE JAN 1     80                        44     36       34
..................................................................


WIND (MPH)
  RESULTANT WIND SPEED   5   RESULTANT WIND DIRECTION   E (90)
  HIGHEST WIND SPEED    15   HIGHEST WIND DIRECTION    SE (120)
  HIGHEST GUST SPEED    19   HIGHEST GUST DIRECTION     E (110)
  AVERAGE WIND SPEED     5.5


SKY COVER
  POSSIBLE SUNSHINE  MM
  AVERAGE SKY COVER 0.8


WEATHER CONDITIONS
 THE FOLLOWING WEATHER WAS RECORDED YESTERDAY.
  NO SIGNIFICANT WEATHER WAS OBSERVED.


RELATIVE HUMIDITY (PERCENT)
 HIGHEST    90           300 AM
 LOWEST     45           100 PM

..........................................................


THE FORT MYERS CLIMATE NORMALS FOR TODAY
                         NORMAL    RECORD    YEAR
 MAXIMUM TEMPERATURE (F)   75        85      1943
 MINIMUM TEMPERATURE (F)   53        32      1927


SUNRISE AND SUNSET
JANUARY 16 2017.......SUNRISE   717 AM EST   SUNSET   558 PM EST
JANUARY 17 2017.......SUNRISE   717 AM EST   SUNSET   559 PM EST


-  INDICATES NEGATIVE NUMBERS.
R  INDICATES RECORD WAS SET OR TIED.
MM INDICATES DATA IS MISSING.
T  INDICATES TRACE AMOUNT.




$$


&&
------------------------------------------------------------------
******************** SUPPLEMENTAL DATA ***************************

...GULF WATER TEMPERATURE AT FORT MYERS BEACH 67 DEGREES
