000
CDUS42 KTBW 302113
CLIFMY


CLIMATE REPORT
NATIONAL WEATHER SERVICE TAMPA BAY FL
511 PM EDT TUE SEP 30 2014


...................................

...THE FORT MYERS CLIMATE SUMMARY FOR SEPTEMBER 30 2014...
VALID TODAY AS OF 0500 PM LOCAL TIME.

CLIMATE NORMAL PERIOD 1981 TO 2010
CLIMATE RECORD PERIOD 1902 TO 2014


WEATHER ITEM   OBSERVED TIME   RECORD YEAR NORMAL DEPARTURE LAST
                VALUE   (LST)  VALUE       VALUE  FROM      YEAR
                                                  NORMAL
..................................................................
TEMPERATURE (F)
 TODAY
  MAXIMUM         89    134 PM  94    1988  89      0       91
  MINIMUM         76    638 AM  66    1947  73      3       71
                                      1919
  AVERAGE         83                        81      2       81

PRECIPITATION (IN)
  TODAY            0.02          2.10 1918   0.20  -0.18      T
  MONTH TO DATE    7.23                      8.31  -1.08    10.92
  SINCE SEP 1      7.23                      8.31  -1.08    10.92
  SINCE JAN 1     36.47                     49.38 -12.91    50.52

DEGREE DAYS
 HEATING
  TODAY            0                         0      0        0
  MONTH TO DATE    0                         0      0        0
  SINCE SEP 1      0                         0      0        0
  SINCE JUL 1      0                         0      0        0

 COOLING
  TODAY           18                        16      2       16
  MONTH TO DATE  500                       522    -22      487
  SINCE SEP 1    500                       522    -22      487
  SINCE JAN 1   3411                      3246    165     3205
..................................................................


WIND (MPH)
  RESULTANT WIND SPEED   6   RESULTANT WIND DIRECTION   W (250)
  HIGHEST WIND SPEED    20   HIGHEST WIND DIRECTION     W (250)
  HIGHEST GUST SPEED    24   HIGHEST GUST DIRECTION     W (270)
  AVERAGE WIND SPEED     6.6


SKY COVER
  POSSIBLE SUNSHINE  MM
  AVERAGE SKY COVER 0.1


WEATHER CONDITIONS
 THE FOLLOWING WEATHER WAS RECORDED TODAY.
  NO SIGNIFICANT WEATHER WAS OBSERVED.


RELATIVE HUMIDITY (PERCENT)
 HIGHEST   100           300 AM
 LOWEST     59          1200 PM

..........................................................


THE FORT MYERS CLIMATE NORMALS FOR TOMORROW
                         NORMAL    RECORD    YEAR
 MAXIMUM TEMPERATURE (F)   89        95      1986
 MINIMUM TEMPERATURE (F)   73        60      1914


SUNRISE AND SUNSET
SEPTEMBER 30 2014.....SUNRISE   719 AM EDT   SUNSET   715 PM EDT
OCTOBER  1 2014.......SUNRISE   720 AM EDT   SUNSET   714 PM EDT


-  INDICATES NEGATIVE NUMBERS.
R  INDICATES RECORD WAS SET OR TIED.
MM INDICATES DATA IS MISSING.
T  INDICATES TRACE AMOUNT.




$$


&&
------------------------------------------------------------------
******************** SUPPLEMENTAL DATA ***************************

...GULF WATER TEMPERATURE AT NAPLES 84
