000
CDUS42 KTBW 272218
CLIFMY


CLIMATE REPORT
NATIONAL WEATHER SERVICE TAMPA BAY FL
514 PM EST MON FEB 27 2017


...................................

...THE FORT MYERS CLIMATE SUMMARY FOR FEBRUARY 27 2017...
VALID TODAY AS OF 0500 PM LOCAL TIME.

CLIMATE NORMAL PERIOD 1981 TO 2010
CLIMATE RECORD PERIOD 1902 TO 2017


WEATHER ITEM   OBSERVED TIME   RECORD YEAR NORMAL DEPARTURE LAST
                VALUE   (LST)  VALUE       VALUE  FROM      YEAR
                                                  NORMAL
..................................................................
TEMPERATURE (F)
 TODAY
  MAXIMUM         89R   231 PM  89    2012  79     10       67
  MINIMUM         63    710 AM  38    1965  57      6       46
  AVERAGE         76                        68      8       57

PRECIPITATION (IN)
  TODAY            0.00          2.11 1983   0.08  -0.08     0.00
  MONTH TO DATE    0.72                      2.06  -1.34     2.13
  SINCE DEC 1      2.49                      5.71  -3.22    18.71
  SINCE JAN 1      2.25                      4.00  -1.75    15.11

DEGREE DAYS
 HEATING
  TODAY            0                         1     -1        8
  MONTH TO DATE    1                        59    -58       83
  SINCE DEC 1     60                       242   -182      190
  SINCE JUL 1     65                       260   -195      190

 COOLING
  TODAY           11                         4      7        0
  MONTH TO DATE  178                        98     80       65
  SINCE DEC 1    607                       302    305      387
  SINCE JAN 1    331                       181    150      109
..................................................................


WIND (MPH)
  RESULTANT WIND SPEED   6   RESULTANT WIND DIRECTION  SE (120)
  HIGHEST WIND SPEED    20   HIGHEST WIND DIRECTION    SE (130)
  HIGHEST GUST SPEED    25   HIGHEST GUST DIRECTION    SE (130)
  AVERAGE WIND SPEED     9.5


SKY COVER
  POSSIBLE SUNSHINE  MM
  AVERAGE SKY COVER 0.1


WEATHER CONDITIONS
 THE FOLLOWING WEATHER WAS RECORDED TODAY.
  HAZE


RELATIVE HUMIDITY (PERCENT)
 HIGHEST    93           600 AM
 LOWEST     40           200 PM

..........................................................


THE FORT MYERS CLIMATE NORMALS FOR TOMORROW
                         NORMAL    RECORD    YEAR
 MAXIMUM TEMPERATURE (F)   79        88      2012
 MINIMUM TEMPERATURE (F)   57        35      1935


SUNRISE AND SUNSET
FEBRUARY 27 2017......SUNRISE   653 AM EST   SUNSET   628 PM EST
FEBRUARY 28 2017......SUNRISE   652 AM EST   SUNSET   628 PM EST


-  INDICATES NEGATIVE NUMBERS.
R  INDICATES RECORD WAS SET OR TIED.
MM INDICATES DATA IS MISSING.
T  INDICATES TRACE AMOUNT.




$$


&&
------------------------------------------------------------------
******************** SUPPLEMENTAL DATA ***************************

...GULF WATER TEMPERATURE AT FORT MYERS BEACH 74 DEGREES
