000
CDUS43 KDTX 220539
CLIFNT


CLIMATE REPORT
NATIONAL WEATHER SERVICE DETROIT/PONTIAC MI
1239 AM EST MON DEC 22 2014


...................................

...THE FLINT MI CLIMATE SUMMARY FOR DECEMBER 21 2014...

CLIMATE NORMAL PERIOD 1981 TO 2010
CLIMATE RECORD PERIOD 1921 TO 2014


WEATHER ITEM   OBSERVED TIME   RECORD YEAR NORMAL DEPARTURE LAST
                VALUE   (LST)  VALUE       VALUE  FROM      YEAR
                                                  NORMAL
..................................................................
TEMPERATURE (F)
 YESTERDAY
  MAXIMUM         35    330 PM  60    1967  32      3       34
  MINIMUM         20    204 AM  -9    1954  19      1       32
  AVERAGE         28                        26      2       33

PRECIPITATION (IN)
  YESTERDAY        0.00          1.20 1967   0.06  -0.06     0.43
  MONTH TO DATE    0.38                      1.34  -0.96     1.22
  SINCE DEC 1      0.38                      1.34  -0.96     1.22
  SINCE JAN 1     34.16                     30.79   3.37    32.00

SNOWFALL (IN)
  YESTERDAY        0.0           4.7  1983   0.4   -0.4      0.0
  MONTH TO DATE    0.1                       7.6   -7.5      7.9
  SINCE DEC 1      0.1                       7.6   -7.5      7.9
  SINCE JUL 1      9.5                      10.5   -1.0      9.5
  SNOW DEPTH       0

DEGREE DAYS
 HEATING
  YESTERDAY       37                        39     -2       32
  MONTH TO DATE  680                       758    -78      822
  SINCE DEC 1    680                       758    -78      822
  SINCE JUL 1   2144                      2239    -95     2221

 COOLING
  YESTERDAY        0                         0      0        0
  MONTH TO DATE    0                         0      0        0
  SINCE DEC 1      0                         0      0        0
  SINCE JAN 1    597                       531     66      758
..................................................................


WIND (MPH)
  HIGHEST WIND SPEED    15   HIGHEST WIND DIRECTION     S (160)
  HIGHEST GUST SPEED    20   HIGHEST GUST DIRECTION     S (200)
  AVERAGE WIND SPEED     5.8


SKY COVER
  POSSIBLE SUNSHINE  MM
  AVERAGE SKY COVER 0.9


WEATHER CONDITIONS
 THE FOLLOWING WEATHER WAS RECORDED YESTERDAY.
  FOG
  HAZE


RELATIVE HUMIDITY (PERCENT)
 HIGHEST    85           600 AM
 LOWEST     64           200 PM
 AVERAGE    75

..........................................................


THE FLINT MI CLIMATE NORMALS FOR TODAY
                         NORMAL    RECORD    YEAR
 MAXIMUM TEMPERATURE (F)   32        56      1941
 MINIMUM TEMPERATURE (F)   19        -7      1989
                                             1975


SUNRISE AND SUNSET
DECEMBER 22 2014......SUNRISE   803 AM EST   SUNSET   504 PM EST
DECEMBER 23 2014......SUNRISE   804 AM EST   SUNSET   504 PM EST


-  INDICATES NEGATIVE NUMBERS.
R  INDICATES RECORD WAS SET OR TIED.
MM INDICATES DATA IS MISSING.
T  INDICATES TRACE AMOUNT.




$$
