000
CDUS43 KDTX 230539
CLIFNT


CLIMATE REPORT
NATIONAL WEATHER SERVICE DETROIT/PONTIAC MI
1239 AM EST THU FEB 23 2017


...................................

...THE FLINT MI CLIMATE SUMMARY FOR FEBRUARY 22 2017...

CLIMATE NORMAL PERIOD 1981 TO 2010
CLIMATE RECORD PERIOD 1921 TO 2017


WEATHER ITEM   OBSERVED TIME   RECORD YEAR NORMAL DEPARTURE LAST
                VALUE   (LST)  VALUE       VALUE  FROM      YEAR
                                                  NORMAL
..................................................................
TEMPERATURE (F)
 YESTERDAY
  MAXIMUM         63    208 PM  65    1930  35     28       38
  MINIMUM         36    317 AM  -5    1963  18     18       30
  AVERAGE         50                        26     24       34

PRECIPITATION (IN)
  YESTERDAY        0.00          0.95 1922   0.06  -0.06     0.00
  MONTH TO DATE    0.97                      1.12  -0.15     1.21
  SINCE DEC 1      5.69                      4.67   1.02     4.75
  SINCE JAN 1      4.10                      2.75   1.35     2.85

SNOWFALL (IN)
  YESTERDAY        0.0           5.3  1950   0.4   -0.4      0.0
  MONTH TO DATE    1.8                       8.7   -6.9     12.4
  SINCE DEC 1     32.4                      33.6   -1.2     29.5
  SINCE JUL 1     32.4                      36.5   -4.1     40.3
  SNOW DEPTH       0

DEGREE DAYS
 HEATING
  YESTERDAY       15                        39    -24       31
  MONTH TO DATE  710                       898   -188      805
  SINCE DEC 1   2971                      3381   -410     2681
  SINCE JUL 1   4012                      4862   -850     3662

 COOLING
  YESTERDAY        0                         0      0        0
  MONTH TO DATE    0                         0      0        0
  SINCE DEC 1      0                         0      0        0
  SINCE JAN 1      0                         0      0        0
..................................................................


WIND (MPH)
  HIGHEST WIND SPEED    13   HIGHEST WIND DIRECTION     S (190)
  HIGHEST GUST SPEED    18   HIGHEST GUST DIRECTION    SW (220)
  AVERAGE WIND SPEED     7.6


SKY COVER
  POSSIBLE SUNSHINE  MM
  AVERAGE SKY COVER 0.5


WEATHER CONDITIONS
 THE FOLLOWING WEATHER WAS RECORDED YESTERDAY.
  FOG
  FOG W/VISIBILITY <= 1/4 MILE


RELATIVE HUMIDITY (PERCENT)
 HIGHEST   100           100 AM
 LOWEST     67           100 PM
 AVERAGE    84

..........................................................


THE FLINT MI CLIMATE NORMALS FOR TODAY
                         NORMAL    RECORD    YEAR
 MAXIMUM TEMPERATURE (F)   35        63      1984
 MINIMUM TEMPERATURE (F)   18       -17      2015


SUNRISE AND SUNSET
FEBRUARY 23 2017......SUNRISE   720 AM EST   SUNSET   617 PM EST
FEBRUARY 24 2017......SUNRISE   718 AM EST   SUNSET   618 PM EST


-  INDICATES NEGATIVE NUMBERS.
R  INDICATES RECORD WAS SET OR TIED.
MM INDICATES DATA IS MISSING.
T  INDICATES TRACE AMOUNT.




$$
