000
CDUS43 KDTX 170537
CLIFNT


CLIMATE REPORT
NATIONAL WEATHER SERVICE DETROIT/PONTIAC MI
136 AM EDT THU APR 17 2014


...................................

...THE FLINT MI CLIMATE SUMMARY FOR APRIL 16 2014...

CLIMATE NORMAL PERIOD 1981 TO 2010
CLIMATE RECORD PERIOD 1921 TO 2014


WEATHER ITEM   OBSERVED TIME   RECORD YEAR NORMAL DEPARTURE LAST
                VALUE   (LST)  VALUE       VALUE  FROM      YEAR
                                                  NORMAL
..................................................................
TEMPERATURE (F)
 YESTERDAY
  MAXIMUM         45    436 PM  87    2002  58    -13       60
  MINIMUM         19R   603 AM  21    1935  36    -17       44
  AVERAGE         32                        47    -15       52

PRECIPITATION (IN)
  YESTERDAY        0.00          1.81 1972   0.10  -0.10     0.08
  MONTH TO DATE    0.86                      1.54  -0.68     3.53
  SINCE MAR 1      2.07                      3.45  -1.38     4.30
  SINCE JAN 1      6.08                      6.56  -0.48     9.76

SNOWFALL (IN)
  YESTERDAY        0.0           2.5    MM   0.0    0.0      0.0
  MONTH TO DATE    1.3                       1.7   -0.4       T
  SINCE MAR 1     10.7                       8.2    2.5      5.1
  SINCE JUL 1     83.9                      46.8   37.1     43.6
  SNOW DEPTH       T

DEGREE DAYS
 HEATING
  YESTERDAY       33                        18     15       13
  MONTH TO DATE  327                       341    -14      381
  SINCE MAR 1   1531                      1298    233     1394
  SINCE JUL 1   7052                      6386    666     6047

 COOLING
  YESTERDAY        0                         0      0        0
  MONTH TO DATE    0                         0      0        0
  SINCE MAR 1      0                         0      0        0
  SINCE JAN 1      0                         0      0        0
..................................................................


WIND (MPH)
  HIGHEST WIND SPEED    18   HIGHEST WIND DIRECTION     S (160)
  HIGHEST GUST SPEED    23   HIGHEST GUST DIRECTION    SE (130)
  AVERAGE WIND SPEED     8.0


SKY COVER
  POSSIBLE SUNSHINE  MM
  AVERAGE SKY COVER 0.0


WEATHER CONDITIONS
 THE FOLLOWING WEATHER WAS RECORDED YESTERDAY.
  NO SIGNIFICANT WEATHER WAS OBSERVED.


RELATIVE HUMIDITY (PERCENT)
 HIGHEST    84           600 AM
 LOWEST     31           400 PM
 AVERAGE    58

..........................................................


THE FLINT MI CLIMATE NORMALS FOR TODAY
                         NORMAL    RECORD    YEAR
 MAXIMUM TEMPERATURE (F)   58        84      1964
 MINIMUM TEMPERATURE (F)   36        22      1962


SUNRISE AND SUNSET
APRIL 17 2014.........SUNRISE   650 AM EDT   SUNSET   820 PM EDT
APRIL 18 2014.........SUNRISE   648 AM EDT   SUNSET   821 PM EDT


-  INDICATES NEGATIVE NUMBERS.
R  INDICATES RECORD WAS SET OR TIED.
MM INDICATES DATA IS MISSING.
T  INDICATES TRACE AMOUNT.




$$
