000
CDUS43 KFSD 190630
CLIFSD


CLIMATE REPORT
NATIONAL WEATHER SERVICE SIOUX FALLS SD
1230 AM CST FRI JAN 19 2018


...................................

...THE SIOUX FALLS SD CLIMATE SUMMARY FOR JANUARY 18 2018...

CLIMATE NORMAL PERIOD 1981 TO 2010
CLIMATE RECORD PERIOD 1893 TO 2018


WEATHER ITEM   OBSERVED TIME   RECORD YEAR NORMAL DEPARTURE LAST
                VALUE   (LST)  VALUE       VALUE  FROM      YEAR
                                                  NORMAL
..................................................................
TEMPERATURE (F)
 YESTERDAY
  MAXIMUM         40    349 PM  52    1944  26     14       45
                                      1919
  MINIMUM         10    808 AM -28    1970   7      3       17
  AVERAGE         25                        17      8       31

PRECIPITATION (IN)
  YESTERDAY        0.00          0.31 1922   0.02  -0.02     0.00
  MONTH TO DATE    0.08                      0.33  -0.25     0.14
  SINCE DEC 1      0.76                      1.02  -0.26     2.06
  SINCE JAN 1      0.08                      0.33  -0.25     0.14

SNOWFALL (IN)
  YESTERDAY        0.0           3.5  1922   0.2   -0.2      0.0
  MONTH TO DATE    1.6                       4.4   -2.8      2.1
  SINCE DEC 1     12.0                      12.6   -0.6     13.0
  SINCE JUL 1     12.2                      21.3   -9.1     19.0
  SNOW DEPTH       1

DEGREE DAYS
 HEATING
  YESTERDAY       40                        49     -9       34
  MONTH TO DATE  973                       882     91      910
  SINCE DEC 1   2325                      2303     22     2299
  SINCE JUL 1   3734                      4015   -281     3434

 COOLING
  YESTERDAY        0                         0      0        0
  MONTH TO DATE    0                         0      0        0
  SINCE DEC 1      0                         0      0        0
  SINCE JAN 1      0                         0      0        0
..................................................................


WIND (MPH)
  HIGHEST WIND SPEED    10   HIGHEST WIND DIRECTION    SW (240)
  HIGHEST GUST SPEED    15   HIGHEST GUST DIRECTION    SW (240)
  AVERAGE WIND SPEED     3.8


SKY COVER
  POSSIBLE SUNSHINE  MM
  AVERAGE SKY COVER 0.6


WEATHER CONDITIONS
 THE FOLLOWING WEATHER WAS RECORDED YESTERDAY.
  NO SIGNIFICANT WEATHER WAS OBSERVED.


RELATIVE HUMIDITY (PERCENT)
 HIGHEST   100           600 AM
 LOWEST     64           200 PM
 AVERAGE    82

..........................................................


THE SIOUX FALLS SD CLIMATE NORMALS FOR TODAY
                         NORMAL    RECORD    YEAR
 MAXIMUM TEMPERATURE (F)   26        55      1900
 MINIMUM TEMPERATURE (F)    7       -36      1970


SUNRISE AND SUNSET
JANUARY 19 2018.......SUNRISE   755 AM CST   SUNSET   521 PM CST
JANUARY 20 2018.......SUNRISE   754 AM CST   SUNSET   522 PM CST


-  INDICATES NEGATIVE NUMBERS.
R  INDICATES RECORD WAS SET OR TIED.
MM INDICATES DATA IS MISSING.
T  INDICATES TRACE AMOUNT.




$$
