000
CDUS43 KFSD 260632
CLIFSD


CLIMATE REPORT
NATIONAL WEATHER SERVICE SIOUX FALLS SD
1230 AM CST SUN FEB 26 2017


...................................

...THE SIOUX FALLS SD CLIMATE SUMMARY FOR FEBRUARY 25 2017...

CLIMATE NORMAL PERIOD 1981 TO 2010
CLIMATE RECORD PERIOD 1893 TO 2017


WEATHER ITEM   OBSERVED TIME   RECORD YEAR NORMAL DEPARTURE LAST
                VALUE   (LST)  VALUE       VALUE  FROM      YEAR
                                                  NORMAL
..................................................................
TEMPERATURE (F)
 YESTERDAY
  MAXIMUM         28    435 PM  63    1896  35     -7       33
  MINIMUM         11    735 AM -14    1965  15     -4       25
  AVERAGE         20                        25     -5       29

PRECIPITATION (IN)
  YESTERDAY        0.00          0.40 1944   0.02  -0.02      T
  MONTH TO DATE    0.40                      0.51  -0.11     0.77
  SINCE DEC 1      2.94                      1.76   1.18     2.56
  SINCE JAN 1      1.02                      1.07  -0.05     1.25

SNOWFALL (IN)
  YESTERDAY        0.0           5.4  1950   0.3   -0.3       T
  MONTH TO DATE    5.1                       6.1   -1.0      8.5
  SINCE DEC 1     25.4                      22.0    3.4     34.5
  SINCE JUL 1     31.4                      30.7    0.7     51.8
  SNOW DEPTH       3

DEGREE DAYS
 HEATING
  YESTERDAY       45                        40      5       36
  MONTH TO DATE  825                      1101   -276      986
  SINCE DEC 1   3571                      4021   -450     3648
  SINCE JUL 1   4706                      5733  -1027     4922

 COOLING
  YESTERDAY        0                         0      0        0
  MONTH TO DATE    0                         0      0        0
  SINCE DEC 1      0                         0      0        0
  SINCE JAN 1      0                         0      0        0
..................................................................


WIND (MPH)
  HIGHEST WIND SPEED    22   HIGHEST WIND DIRECTION     S (190)
  HIGHEST GUST SPEED    25   HIGHEST GUST DIRECTION     S (180)
  AVERAGE WIND SPEED    10.2


SKY COVER
  POSSIBLE SUNSHINE  MM
  AVERAGE SKY COVER 0.6


WEATHER CONDITIONS
 THE FOLLOWING WEATHER WAS RECORDED YESTERDAY.
  NO SIGNIFICANT WEATHER WAS OBSERVED.


RELATIVE HUMIDITY (PERCENT)
 HIGHEST   100           500 AM
 LOWEST     63           400 PM
 AVERAGE    82

..........................................................


THE SIOUX FALLS SD CLIMATE NORMALS FOR TODAY
                         NORMAL    RECORD    YEAR
 MAXIMUM TEMPERATURE (F)   35        66      1896
 MINIMUM TEMPERATURE (F)   16       -23      1897


SUNRISE AND SUNSET
FEBRUARY 26 2017......SUNRISE   708 AM CST   SUNSET   612 PM CST
FEBRUARY 27 2017......SUNRISE   706 AM CST   SUNSET   614 PM CST


-  INDICATES NEGATIVE NUMBERS.
R  INDICATES RECORD WAS SET OR TIED.
MM INDICATES DATA IS MISSING.
T  INDICATES TRACE AMOUNT.




$$
