000
CDUS43 KFSD 280717
CLIFSD


CLIMATE REPORT
NATIONAL WEATHER SERVICE SIOUX FALLS SD
215 AM CDT FRI AUG 28 2015


...................................

...THE SIOUX FALLS SD CLIMATE SUMMARY FOR AUGUST 27 2015...

CLIMATE NORMAL PERIOD 1981 TO 2010
CLIMATE RECORD PERIOD 1893 TO 2015


WEATHER ITEM   OBSERVED TIME   RECORD YEAR NORMAL DEPARTURE LAST
                VALUE   (LST)  VALUE       VALUE  FROM      YEAR
                                                  NORMAL
..................................................................
TEMPERATURE (F)
 YESTERDAY
  MAXIMUM         78    212 PM 101    1973  80     -2       75
  MINIMUM         64    728 AM  35    1896  57      7       58
  AVERAGE         71                        69      2       67

PRECIPITATION (IN)
  YESTERDAY        2.60R         1.33 1952   0.10   2.50     0.00
  MONTH TO DATE    6.52                      2.65   3.87     4.01
  SINCE JUN 1     15.00                      9.66   5.34    18.51
  SINCE JAN 1     21.55                     18.99   2.56    23.49

SNOWFALL (IN)
  YESTERDAY        0.0           0.0    MM   0.0    0.0      0.0
  MONTH TO DATE    0.0                       0.0    0.0      0.0
  SINCE JUN 1      0.0                       0.0    0.0       T
  SINCE JUL 1      0.0                       0.0    0.0       T
  SNOW DEPTH       0

DEGREE DAYS
 HEATING
  YESTERDAY        0                         1     -1        0
  MONTH TO DATE   31                        14     17        3
  SINCE JUN 1     46                        73    -27       50
  SINCE JUL 1     37                        22     15       18

 COOLING
  YESTERDAY        6                         5      1        2
  MONTH TO DATE  165                       180    -15      168
  SINCE JUN 1    540                       571    -31      476
  SINCE JAN 1    562                       607    -45      529
..................................................................


WIND (MPH)
  HIGHEST WIND SPEED    30   HIGHEST WIND DIRECTION    SE (150)
  HIGHEST GUST SPEED    36   HIGHEST GUST DIRECTION    SE (150)
  AVERAGE WIND SPEED     9.6


SKY COVER
  POSSIBLE SUNSHINE  MM
  AVERAGE SKY COVER 0.8


WEATHER CONDITIONS
 THE FOLLOWING WEATHER WAS RECORDED YESTERDAY.
  THUNDERSTORM
  HEAVY RAIN
  RAIN
  LIGHT RAIN
  FOG


RELATIVE HUMIDITY (PERCENT)
 HIGHEST    93           900 PM
 LOWEST     69           200 PM
 AVERAGE    81

..........................................................


THE SIOUX FALLS SD CLIMATE NORMALS FOR TODAY
                         NORMAL    RECORD    YEAR
 MAXIMUM TEMPERATURE (F)   80       100      1984
                                             1973
 MINIMUM TEMPERATURE (F)   57        38      1911
                                             1893


SUNRISE AND SUNSET
AUGUST 28 2015........SUNRISE   646 AM CDT   SUNSET   810 PM CDT
AUGUST 29 2015........SUNRISE   647 AM CDT   SUNSET   808 PM CDT


-  INDICATES NEGATIVE NUMBERS.
R  INDICATES RECORD WAS SET OR TIED.
MM INDICATES DATA IS MISSING.
T  INDICATES TRACE AMOUNT.




$$
