000
CDUS43 KFSD 170616
CLIFSD


CLIMATE REPORT
NATIONAL WEATHER SERVICE SIOUX FALLS SD
1214 AM CST FRI NOV 17 2017


...................................

...THE SIOUX FALLS SD CLIMATE SUMMARY FOR NOVEMBER 16 2017...

CLIMATE NORMAL PERIOD 1981 TO 2010
CLIMATE RECORD PERIOD 1893 TO 2017


WEATHER ITEM   OBSERVED TIME   RECORD YEAR NORMAL DEPARTURE LAST
                VALUE   (LST)  VALUE       VALUE  FROM      YEAR
                                                  NORMAL
..................................................................
TEMPERATURE (F)
 YESTERDAY
  MAXIMUM         41        MM  74    1953  42     -1       65
  MINIMUM         14        MM  -6    1959  23     -9       30
  AVERAGE         28                        32     -4       48

PRECIPITATION (IN)
  YESTERDAY        0.00          1.15 1971   0.05  -0.05     0.00
  MONTH TO DATE    0.03                      0.74  -0.71     0.02
  SINCE SEP 1      6.93                      5.68   1.25    10.66
  SINCE JAN 1     24.52                     25.07  -0.55    28.52

SNOWFALL (IN)
  YESTERDAY        0.0           4.0  1909   0.3   -0.3      0.0
  MONTH TO DATE    0.2                       3.1   -2.9      0.0
  SINCE SEP 1      0.2                       4.4   -4.2       T
  SINCE JUL 1      0.2                       4.4   -4.2       T
  SNOW DEPTH       0

DEGREE DAYS
 HEATING
  YESTERDAY       37                        33      4       17
  MONTH TO DATE  488                       453     35      239
  SINCE SEP 1   1025                      1162   -137      692
  SINCE JUL 1   1031                      1193   -162      700

 COOLING
  YESTERDAY        0                         0      0        0
  MONTH TO DATE    0                         0      0        0
  SINCE SEP 1    102                        65     37       99
  SINCE JAN 1    776                       690     86      879
..................................................................


WIND (MPH)
  HIGHEST WIND SPEED    21   HIGHEST WIND DIRECTION    SE (140)
  HIGHEST GUST SPEED    32   HIGHEST GUST DIRECTION    SE (140)
  AVERAGE WIND SPEED    11.8


SKY COVER
  POSSIBLE SUNSHINE  MM
  AVERAGE SKY COVER 0.7


WEATHER CONDITIONS
 THE FOLLOWING WEATHER WAS RECORDED YESTERDAY.
  FOG


RELATIVE HUMIDITY (PERCENT)
 HIGHEST   100           800 AM
 LOWEST     54           200 PM
 AVERAGE    77

..........................................................


THE SIOUX FALLS SD CLIMATE NORMALS FOR TODAY
                         NORMAL    RECORD    YEAR
 MAXIMUM TEMPERATURE (F)   42        68      1953
                                             1908
 MINIMUM TEMPERATURE (F)   22        -7      1959


SUNRISE AND SUNSET
NOVEMBER 17 2017......SUNRISE   724 AM CST   SUNSET   500 PM CST
NOVEMBER 18 2017......SUNRISE   725 AM CST   SUNSET   459 PM CST


-  INDICATES NEGATIVE NUMBERS.
R  INDICATES RECORD WAS SET OR TIED.
MM INDICATES DATA IS MISSING.
T  INDICATES TRACE AMOUNT.




$$
