000
CDUS44 KTSA 292123
CLIFSM

CLIMATE REPORT
NATIONAL WEATHER SERVICE TULSA OK
418 PM CDT SUN MAR 29 2015


...................................

...THE FORT SMITH ARKANSAS CLIMATE SUMMARY FOR MARCH 29 2015...
VALID TODAY AS OF 0400 PM LOCAL TIME.

CLIMATE NORMAL PERIOD 1981 TO 2010
CLIMATE RECORD PERIOD 1882 TO 2015


WEATHER ITEM   OBSERVED TIME   RECORD YEAR NORMAL DEPARTURE LAST
                VALUE   (LST)  VALUE       VALUE  FROM      YEAR
                                                  NORMAL
..................................................................
TEMPERATURE (F)
 TODAY
  MAXIMUM         70    259 PM  91    1967  69      1       68
  MINIMUM         38    643 AM  26    1894  44     -6       41
  AVERAGE         54                        57     -3       55

PRECIPITATION (IN)
  TODAY            0.00          1.51 1985   0.14  -0.14     0.00
  MONTH TO DATE    4.50                      3.57   0.93     3.74
  SINCE MAR 1      4.50                      3.57   0.93     3.74
  SINCE JAN 1      9.11                      9.14  -0.03     5.51

SNOWFALL (IN)
  TODAY            0.0                                       0.0
  MONTH TO DATE    1.0                                       0.5
  SINCE MAR 1      1.0                                       0.5
  SINCE JUL 1      6.6                                      10.7

DEGREE DAYS
 HEATING
  TODAY           11                         9      2       10
  MONTH TO DATE  390                       369     21      447
  SINCE MAR 1    390                       369     21      447
  SINCE JUL 1   3204                      3042    162     3392

 COOLING
  TODAY            0                         1     -1        0
  MONTH TO DATE    9                         7      2        0
  SINCE MAR 1      9                         7      2        0
  SINCE JAN 1      9                         8      1        0
..................................................................


WIND (MPH)
  HIGHEST WIND SPEED    18   HIGHEST WIND DIRECTION     E (80)
  HIGHEST GUST SPEED    24   HIGHEST GUST DIRECTION     E (80)
  AVERAGE WIND SPEED    13.1


SKY COVER
  POSSIBLE SUNSHINE  MM
  AVERAGE SKY COVER 0.0


WEATHER CONDITIONS
 THE FOLLOWING WEATHER WAS RECORDED TODAY.
  NO SIGNIFICANT WEATHER WAS OBSERVED.


RELATIVE HUMIDITY (PERCENT)
 HIGHEST    85           400 AM
 LOWEST     40           300 PM
 AVERAGE    63

..........................................................


THE FORT SMITH ARKANSAS CLIMATE NORMALS FOR TOMORROW
                         NORMAL    RECORD    YEAR
 MAXIMUM TEMPERATURE (F)   69        92      1946
 MINIMUM TEMPERATURE (F)   45        25      1975


SUNRISE AND SUNSET
MARCH 29 2015.........SUNRISE   709 AM CDT   SUNSET   736 PM CDT
MARCH 30 2015.........SUNRISE   707 AM CDT   SUNSET   737 PM CDT


-  INDICATES NEGATIVE NUMBERS.
R  INDICATES RECORD WAS SET OR TIED.
MM INDICATES DATA IS MISSING.
T  INDICATES TRACE AMOUNT.




$$

&&
...........................................................

THE ARKANSAS RIVER AT VAN BUREN

                   OBSERVED      24 HOUR     24 HOUR
                    VALUE        CHANGE      FORECAST

 STAGE (FEET)
  THIS AFTERNOON     19.2         -0.3

MEAN FLOW (CFS)
  TODAY                                        26500
...........................................................
ALL DATA MEASURED AT THE FORT SMITH REGIONAL AIRPORT
