000
CDUS44 KTSA 092230 RRA
CLIFSM

CLIMATE REPORT
NATIONAL WEATHER SERVICE TULSA OK
418 PM CST TUE FEB 9 2016


...................................

...THE FORT SMITH ARKANSAS CLIMATE SUMMARY FOR FEBRUARY 9 2016...
VALID TODAY AS OF 0400 PM LOCAL TIME.

CLIMATE NORMAL PERIOD 1981 TO 2010
CLIMATE RECORD PERIOD 1882 TO 2016


WEATHER ITEM   OBSERVED TIME   RECORD YEAR NORMAL DEPARTURE LAST
                VALUE   (LST)  VALUE       VALUE  FROM      YEAR
                                                  NORMAL
..................................................................
TEMPERATURE (F)
 TODAY
  MAXIMUM         49    254 PM  81    1957  54     -5       66
  MINIMUM         29    442 AM   3    1979  32     -3       40
  AVERAGE         39                        43     -4       53

PRECIPITATION (IN)
  TODAY            0.00          3.17 1966   0.10  -0.10     0.00
  MONTH TO DATE    0.00                      0.86  -0.86     0.66
  SINCE DEC 1     11.20                      6.96   4.24     5.19
  SINCE JAN 1      0.39                      3.67  -3.28     2.88

SNOWFALL (IN)
  TODAY            0.0                                       0.0
  MONTH TO DATE    0.0                                       0.0
  SINCE DEC 1      T                                          T
  SINCE JUL 1      T                                          T

DEGREE DAYS
 HEATING
  TODAY           26                        22      4       12
  MONTH TO DATE  188                       210    -22      195
  SINCE DEC 1   1420                      1736   -316     1629
  SINCE JUL 1   1777                      2301   -524     2248
..................................................................


WIND (MPH)
  HIGHEST WIND SPEED    29   HIGHEST WIND DIRECTION    NW (300)
  HIGHEST GUST SPEED    34   HIGHEST GUST DIRECTION    NW (330)
  AVERAGE WIND SPEED    14.6


SKY COVER
  POSSIBLE SUNSHINE  MM
  AVERAGE SKY COVER 0.0


WEATHER CONDITIONS
 THE FOLLOWING WEATHER WAS RECORDED TODAY.
  NO SIGNIFICANT WEATHER WAS OBSERVED.


RELATIVE HUMIDITY (PERCENT)
 HIGHEST    58           600 AM
 LOWEST     17           400 PM
 AVERAGE    38

..........................................................


THE FORT SMITH ARKANSAS CLIMATE NORMALS FOR TOMORROW
                         NORMAL    RECORD    YEAR
 MAXIMUM TEMPERATURE (F)   54        80      1999
 MINIMUM TEMPERATURE (F)   32         1      1885


SUNRISE AND SUNSET
FEBRUARY  9 2016......SUNRISE   710 AM CST   SUNSET   553 PM CST
FEBRUARY 10 2016......SUNRISE   709 AM CST   SUNSET   554 PM CST


-  INDICATES NEGATIVE NUMBERS.
R  INDICATES RECORD WAS SET OR TIED.
MM INDICATES DATA IS MISSING.
T  INDICATES TRACE AMOUNT.




$$

&&
...........................................................

THE ARKANSAS RIVER AT VAN BUREN

                   OBSERVED      24 HOUR     24 HOUR
                    VALUE        CHANGE      FORECAST

 STAGE (FEET)
  THIS AFTERNOON     19.6         +0.0

MEAN FLOW (CFS)
  TODAY                                        25400
...........................................................
ALL DATA MEASURED AT THE FORT SMITH REGIONAL AIRPORT
