352
CDUS44 KTSA 280816
CLIFSM

CLIMATE REPORT
NATIONAL WEATHER SERVICE TULSA OK
315 AM CDT TUE MAR 28 2017


...................................

...THE FORT SMITH ARKANSAS CLIMATE SUMMARY FOR MARCH 27 2017...

CLIMATE NORMAL PERIOD 1981 TO 2010
CLIMATE RECORD PERIOD 1882 TO 2017


WEATHER ITEM   OBSERVED TIME   RECORD YEAR NORMAL DEPARTURE LAST
                VALUE   (LST)  VALUE       VALUE  FROM      YEAR
                                                  NORMAL
..................................................................
TEMPERATURE (F)
 YESTERDAY
  MAXIMUM         66    353 PM  87    1895  68     -2       57
  MINIMUM         50   1159 PM  21    1955  44      6       39
  AVERAGE         58                        56      2       48

PRECIPITATION (IN)
  YESTERDAY        T             3.80 1898   0.14  -0.14     0.00
  MONTH TO DATE    3.49                      3.30   0.19     4.65
  SINCE MAR 1      3.49                      3.30   0.19     4.65
  SINCE JAN 1      8.31                      8.87  -0.56     6.80

SNOWFALL (IN)
  YESTERDAY        0.0                                       0.0
  MONTH TO DATE    0.0                                       0.0
  SINCE MAR 1      0.0                                       0.0
  SINCE JUL 1      2.0                                        T

DEGREE DAYS
 HEATING
  YESTERDAY        7                        10     -3       17
  MONTH TO DATE  238                       351   -113      241
  SINCE MAR 1    238                       351   -113      241
  SINCE JUL 1   2147                      3024   -877     2310

 COOLING
  YESTERDAY        0                         1     -1        0
  MONTH TO DATE   31                         5     26        6
  SINCE MAR 1     31                         5     26        6
  SINCE JAN 1     47                         6     41        7
..................................................................


WIND (MPH)
  HIGHEST WIND SPEED    23   HIGHEST WIND DIRECTION     E (110)
  HIGHEST GUST SPEED    33   HIGHEST GUST DIRECTION    SE (120)
  AVERAGE WIND SPEED     8.1


SKY COVER
  POSSIBLE SUNSHINE  MM
  AVERAGE SKY COVER 0.6


WEATHER CONDITIONS
 THE FOLLOWING WEATHER WAS RECORDED YESTERDAY.
  THUNDERSTORM


RELATIVE HUMIDITY (PERCENT)
 HIGHEST    93           300 AM
 LOWEST     63           400 PM
 AVERAGE    78

..........................................................


THE FORT SMITH ARKANSAS CLIMATE NORMALS FOR TODAY
                         NORMAL    RECORD    YEAR
 MAXIMUM TEMPERATURE (F)   69        89      1963
 MINIMUM TEMPERATURE (F)   44        25      1931


SUNRISE AND SUNSET
MARCH 28 2017.........SUNRISE   709 AM CDT   SUNSET   736 PM CDT
MARCH 29 2017.........SUNRISE   708 AM CDT   SUNSET   737 PM CDT


-  INDICATES NEGATIVE NUMBERS.
R  INDICATES RECORD WAS SET OR TIED.
MM INDICATES DATA IS MISSING.
T  INDICATES TRACE AMOUNT.




$$

&&
...........................................................

THE ARKANSAS RIVER AT VAN BUREN

                   OBSERVED      24 HOUR     24 HOUR
                    VALUE        CHANGE      FORECAST

 STAGE (FEET)
  THIS MORNING       19.3         -0.2

MEAN FLOW (CFS)
  TODAY                                        -99
...........................................................
ALL DATA MEASURED AT THE FORT SMITH REGIONAL AIRPORT
