000
CDUS44 KTSA 232135
CLIFSM

CLIMATE REPORT
NATIONAL WEATHER SERVICE TULSA OK
418 PM CDT TUE SEP 23 2014


...................................

...THE FORT SMITH ARKANSAS CLIMATE SUMMARY FOR SEPTEMBER 23 2014...
VALID TODAY AS OF 0400 PM LOCAL TIME.

CLIMATE NORMAL PERIOD 1981 TO 2010
CLIMATE RECORD PERIOD 1882 TO 2014


WEATHER ITEM   OBSERVED TIME   RECORD YEAR NORMAL DEPARTURE LAST
                VALUE   (LST)  VALUE       VALUE  FROM      YEAR
                                                  NORMAL
..................................................................
TEMPERATURE (F)
 TODAY
  MAXIMUM         78    244 PM  97    2000  82     -4       84
  MINIMUM         54    508 AM  40    1995  59     -5       56
                                      1883
  AVERAGE         66                        71     -5       70

PRECIPITATION (IN)
  TODAY            0.00          2.52 1988   0.14  -0.14     0.00
  MONTH TO DATE    6.90                      3.05   3.85     0.93
  SINCE SEP 1      6.90                      3.05   3.85     0.93
  SINCE JAN 1     30.35                     32.41  -2.06    35.80

DEGREE DAYS
 HEATING
  TODAY            0                         1     -1        0
  MONTH TO DATE    4                         6     -2        0
  SINCE SEP 1      4                         6     -2        0
  SINCE JUL 1      4                         6     -2        0

 COOLING
  TODAY            1                         7     -6        5
  MONTH TO DATE  248                       241      7      347
  SINCE SEP 1    248                       241      7      347
  SINCE JAN 1   1911                      1936    -25     2150
..................................................................


WIND (MPH)
  HIGHEST WIND SPEED    13   HIGHEST WIND DIRECTION     E (80)
  HIGHEST GUST SPEED    18   HIGHEST GUST DIRECTION     E (70)
  AVERAGE WIND SPEED     4.9


SKY COVER
  POSSIBLE SUNSHINE  MM
  AVERAGE SKY COVER 0.0


WEATHER CONDITIONS
 THE FOLLOWING WEATHER WAS RECORDED TODAY.
  NO SIGNIFICANT WEATHER WAS OBSERVED.


RELATIVE HUMIDITY (PERCENT)
 HIGHEST    93           600 AM
 LOWEST     33           300 PM
 AVERAGE    63

..........................................................


THE FORT SMITH ARKANSAS CLIMATE NORMALS FOR TOMORROW
                         NORMAL    RECORD    YEAR
 MAXIMUM TEMPERATURE (F)   82        97      1920
 MINIMUM TEMPERATURE (F)   59        36      1989


SUNRISE AND SUNSET
SEPTEMBER 23 2014.....SUNRISE   706 AM CDT   SUNSET   713 PM CDT
SEPTEMBER 24 2014.....SUNRISE   707 AM CDT   SUNSET   711 PM CDT


-  INDICATES NEGATIVE NUMBERS.
R  INDICATES RECORD WAS SET OR TIED.
MM INDICATES DATA IS MISSING.
T  INDICATES TRACE AMOUNT.




$$

&&
...........................................................

THE ARKANSAS RIVER AT VAN BUREN

                   OBSERVED      24 HOUR     24 HOUR
                    VALUE        CHANGE      FORECAST

 STAGE (FEET)
  THIS AFTERNOON     19.6         +0.1

MEAN FLOW (CFS)
  TODAY                                        4400
...........................................................
ALL DATA MEASURED AT THE FORT SMITH REGIONAL AIRPORT
