000
CDUS44 KTSA 260945 RRA
CLIFSM

CLIMATE REPORT
NATIONAL WEATHER SERVICE TULSA OK
445 AM CDT FRI MAY 26 2017

...................................

...THE FORT SMITH ARKANSAS CLIMATE SUMMARY FOR MAY 25 2017...

CLIMATE NORMAL PERIOD 1981 TO 2010
CLIMATE RECORD PERIOD 1882 TO 2017


WEATHER ITEM   OBSERVED TIME   RECORD YEAR NORMAL DEPARTURE LAST
                VALUE   (LST)  VALUE       VALUE  FROM      YEAR
                                                  NORMAL
..................................................................
TEMPERATURE (F)
 YESTERDAY
  MAXIMUM         85    500 PM  95    1964  83      2       87
  MINIMUM         49    459 AM  47    2001  62    -13       66
                                      1979
  AVERAGE         67                        72     -5       77

PRECIPITATION (IN)
  YESTERDAY        0.00          2.22 1994   0.16  -0.16     0.26
  MONTH TO DATE    6.35                      4.47   1.88     3.65
  SINCE MAR 1     17.16                     12.62   4.54    15.01
  SINCE JAN 1     21.98                     18.19   3.79    17.16

DEGREE DAYS
 COOLING
  YESTERDAY        2                         8     -6       12
  MONTH TO DATE  112                       127    -15       80
  SINCE MAR 1    232                       192     40      128
  SINCE JAN 1    248                       193     55      129
..................................................................


WIND (MPH)
  HIGHEST WIND SPEED    14   HIGHEST WIND DIRECTION    SE (150)
  HIGHEST GUST SPEED    19   HIGHEST GUST DIRECTION    SE (150)
  AVERAGE WIND SPEED     5.9


SKY COVER
  POSSIBLE SUNSHINE  MM
  AVERAGE SKY COVER 0.0


WEATHER CONDITIONS
 THE FOLLOWING WEATHER WAS RECORDED YESTERDAY.
  NO SIGNIFICANT WEATHER WAS OBSERVED.


RELATIVE HUMIDITY (PERCENT)
 HIGHEST    93           500 AM
 LOWEST     32           300 PM
 AVERAGE    63

..........................................................


THE FORT SMITH ARKANSAS CLIMATE NORMALS FOR TODAY
                         NORMAL    RECORD    YEAR
 MAXIMUM TEMPERATURE (F)   83        95      2012
                                             1964
 MINIMUM TEMPERATURE (F)   62        44      1988


SUNRISE AND SUNSET
MAY 26 2017...........SUNRISE   606 AM CDT   SUNSET   823 PM CDT
MAY 27 2017...........SUNRISE   606 AM CDT   SUNSET   824 PM CDT


-  INDICATES NEGATIVE NUMBERS.
R  INDICATES RECORD WAS SET OR TIED.
MM INDICATES DATA IS MISSING.
T  INDICATES TRACE AMOUNT.




$$

&&
...........................................................

THE ARKANSAS RIVER AT VAN BUREN

                   OBSERVED      24 HOUR     24 HOUR
                    VALUE        CHANGE      FORECAST

 STAGE (FEET)
  THIS MORNING       21.3         +0.5

MEAN FLOW (CFS)
  TODAY                                        -99
...........................................................
ALL DATA MEASURED AT THE FORT SMITH REGIONAL AIRPORT
