000
CDUS44 KTSA 270927
CLIFSM

CLIMATE REPORT
NATIONAL WEATHER SERVICE TULSA OK
302 AM CST TUE JAN 27 2015


...................................

...THE FORT SMITH ARKANSAS CLIMATE SUMMARY FOR JANUARY 26 2015...

CLIMATE NORMAL PERIOD 1981 TO 2010
CLIMATE RECORD PERIOD 1882 TO 2015


WEATHER ITEM   OBSERVED TIME   RECORD YEAR NORMAL DEPARTURE LAST
                VALUE   (LST)  VALUE       VALUE  FROM      YEAR
                                                  NORMAL
..................................................................
TEMPERATURE (F)
 YESTERDAY
  MAXIMUM         62    449 PM  80    1952  51     11       73
                                      1890
  MINIMUM         31    713 AM   3    1904  29      2       27
  AVERAGE         47                        40      7       50

PRECIPITATION (IN)
  YESTERDAY        0.00          2.50 1916   0.09  -0.09     0.00
  MONTH TO DATE    2.16                      2.33  -0.17     0.79
  SINCE DEC 1      4.47                      5.62  -1.15     4.89
  SINCE JAN 1      2.16                      2.33  -0.17     0.79

SNOWFALL (IN)
  YESTERDAY        0.0                                       0.0
  MONTH TO DATE    T                                          T
  SINCE DEC 1      T                                         5.0
  SINCE JUL 1      T                                         5.0

DEGREE DAYS
 HEATING
  YESTERDAY       18                        25     -7       15
  MONTH TO DATE  695                       670     25      704
  SINCE DEC 1   1354                      1404    -50     1501
  SINCE JUL 1   1973                      1969      4     2091
..................................................................


WIND (MPH)
  HIGHEST WIND SPEED    16   HIGHEST WIND DIRECTION     W (280)
  HIGHEST GUST SPEED    19   HIGHEST GUST DIRECTION     W (280)
  AVERAGE WIND SPEED     5.9


SKY COVER
  POSSIBLE SUNSHINE  MM
  AVERAGE SKY COVER 0.2


WEATHER CONDITIONS
 THE FOLLOWING WEATHER WAS RECORDED YESTERDAY.
  NO SIGNIFICANT WEATHER WAS OBSERVED.


RELATIVE HUMIDITY (PERCENT)
 HIGHEST    92           700 AM
 LOWEST     34           400 PM
 AVERAGE    63

..........................................................


THE FORT SMITH ARKANSAS CLIMATE NORMALS FOR TODAY
                         NORMAL    RECORD    YEAR
 MAXIMUM TEMPERATURE (F)   51        78      1914
                                             1911
 MINIMUM TEMPERATURE (F)   29         6      1963


SUNRISE AND SUNSET
JANUARY 27 2015.......SUNRISE   720 AM CST   SUNSET   540 PM CST
JANUARY 28 2015.......SUNRISE   720 AM CST   SUNSET   541 PM CST


-  INDICATES NEGATIVE NUMBERS.
R  INDICATES RECORD WAS SET OR TIED.
MM INDICATES DATA IS MISSING.
T  INDICATES TRACE AMOUNT.




$$

&&
...........................................................

THE ARKANSAS RIVER AT VAN BUREN

                   OBSERVED      24 HOUR     24 HOUR
                    VALUE        CHANGE      FORECAST

 STAGE (FEET)
  THIS MORNING       19.4         -0.4

MEAN FLOW (CFS)
  TODAY                                        6100
...........................................................
ALL DATA MEASURED AT THE FORT SMITH REGIONAL AIRPORT
