000
CDUS42 KFFC 250818
CLIFTY


CLIMATE REPORT
NATIONAL WEATHER SERVICE PEACHTREE CITY GA
418 AM EDT TUE JUL 25 2017


...................................

...THE FULTON COUNTY AIRPORT CLIMATE SUMMARY FOR JULY 24 2017...

CLIMATE NORMAL PERIOD 1981 TO 2010
CLIMATE RECORD PERIOD 9999 TO 9999


WEATHER ITEM   OBSERVED TIME   RECORD YEAR NORMAL DEPARTURE LAST
                VALUE   (LST)  VALUE       VALUE  FROM      YEAR
                                                  NORMAL
..................................................................
TEMPERATURE (F)
 YESTERDAY
  MAXIMUM         90    149 PM  MM      MM  90      0       96
  MINIMUM         75   1159 PM  MM      MM  71      4       72
  AVERAGE         83                        80      3       84

PRECIPITATION (IN)
  YESTERDAY        0.36         MM      MM   0.13   0.23      T
  MONTH TO DATE    3.35                      4.28  -0.93     1.64
  SINCE JUN 1      9.83                      8.41   1.42     4.03
  SINCE JAN 1     32.06                     29.90   2.16    20.84

DEGREE DAYS
 COOLING
  YESTERDAY       18                        15      3       19
  MONTH TO DATE  384                       354     30      426
  SINCE JUN 1    733                       704     29      865
  SINCE JAN 1   1062                       904    158     1097
..................................................................


WIND (MPH)
  RESULTANT WIND SPEED   3   RESULTANT WIND DIRECTION  SW (240)
  HIGHEST WIND SPEED    18   HIGHEST WIND DIRECTION    NE (60)
  HIGHEST GUST SPEED    25   HIGHEST GUST DIRECTION    NE (60)
  AVERAGE WIND SPEED     5.0


SKY COVER
  AVERAGE SKY COVER 0.4


WEATHER CONDITIONS
 THE FOLLOWING WEATHER WAS RECORDED YESTERDAY.
  THUNDERSTORM
  HEAVY RAIN
  LIGHT RAIN
  FOG


RELATIVE HUMIDITY (PERCENT)
 HIGHEST    94          1200 AM
 LOWEST     56           200 PM
 AVERAGE    75

..........................................................


THE FULTON COUNTY AIRPORT CLIMATE NORMALS FOR TODAY
                         NORMAL    RECORD    YEAR
 MAXIMUM TEMPERATURE (F)   90        MM        MM
 MINIMUM TEMPERATURE (F)   71        MM        MM


SUNRISE AND SUNSET
JULY 25 2017..........SUNRISE   645 AM EDT   SUNSET   844 PM EDT
JULY 26 2017..........SUNRISE   646 AM EDT   SUNSET   843 PM EDT


-  INDICATES NEGATIVE NUMBERS.
R  INDICATES RECORD WAS SET OR TIED.
MM INDICATES DATA IS MISSING.
T  INDICATES TRACE AMOUNT.




$$
