000
CDUS46 KSGX 240020
CLIFUL


CLIMATE REPORT
NATIONAL WEATHER SERVICE SAN DIEGO, CA
520 PM PDT THU MAR 23 2017


...................................

...THE FULLERTON AIRPORT CA CLIMATE SUMMARY FOR MARCH 23 2017...
VALID TODAY AS OF 0500 PM LOCAL TIME.

CLIMATE NORMAL PERIOD 1981 TO 2010
CLIMATE RECORD PERIOD 1998 TO 2017


WEATHER ITEM   OBSERVED TIME   RECORD YEAR NORMAL DEPARTURE LAST
                VALUE   (LST)  VALUE       VALUE  FROM      YEAR
                                                  NORMAL
..................................................................
TEMPERATURE (F)
 TODAY
  MAXIMUM         71    103 PM  92    2008  70      1       82
  MINIMUM         50    601 AM  41    2009  50      0       49
  AVERAGE         61                        60      1       66

PRECIPITATION (IN)
  TODAY            0.00          0.50 2011   0.03  -0.03     0.00
  MONTH TO DATE    0.26                      1.88  -1.62     0.88
  SINCE OCT 1     16.34                     12.06   4.28     5.06
  SINCE JAN 1     10.43                      8.16   2.27     4.01

DEGREE DAYS
 HEATING
  TODAY            4                         5     -1        0
  MONTH TO DATE   45                       130    -85       40
  SINCE MAR 1     45                       130    -85       40
  SINCE JUL 1    742                      1052   -310      719

 COOLING
  TODAY            0                         0      0        1
  MONTH TO DATE   34                         8     26       19
  SINCE MAR 1     34                         8     26       19
  SINCE JAN 1     37                        17     20       91
..................................................................


WIND (MPH)
  RESULTANT WIND SPEED   2   RESULTANT WIND DIRECTION   S (190)
  HIGHEST WIND SPEED    15   HIGHEST WIND DIRECTION    SW (210)
  HIGHEST GUST SPEED    23   HIGHEST GUST DIRECTION     S (190)
  AVERAGE WIND SPEED     3.9


SKY COVER
  POSSIBLE SUNSHINE  MM
  AVERAGE SKY COVER 0.0


WEATHER CONDITIONS
 THE FOLLOWING WEATHER WAS RECORDED TODAY.
  NO SIGNIFICANT WEATHER WAS OBSERVED.


RELATIVE HUMIDITY (PERCENT)
 HIGHEST    89           300 AM
 LOWEST     35          1200 PM
 AVERAGE    62

..........................................................


THE FULLERTON AIRPORT CA CLIMATE NORMALS FOR TOMORROW
                         NORMAL    RECORD    YEAR
 MAXIMUM TEMPERATURE (F)   70        87      2008
 MINIMUM TEMPERATURE (F)   50        42      2011


SUNRISE AND SUNSET
MARCH 23 2017.........SUNRISE   651 AM PDT   SUNSET   706 PM PDT
MARCH 24 2017.........SUNRISE   650 AM PDT   SUNSET   707 PM PDT


-  INDICATES NEGATIVE NUMBERS.
R  INDICATES RECORD WAS SET OR TIED.
MM INDICATES DATA IS MISSING.
T  INDICATES TRACE AMOUNT.




$$
