960
CDUS46 KSGX 210129
CLIFUL


CLIMATE REPORT
NATIONAL WEATHER SERVICE SAN DIEGO, CA
529 PM PST MON FEB 20 2017


...................................

...THE FULLERTON AIRPORT CA CLIMATE SUMMARY FOR FEBRUARY 20 2017...
VALID TODAY AS OF 0500 PM LOCAL TIME.

CLIMATE NORMAL PERIOD 1981 TO 2010
CLIMATE RECORD PERIOD 1998 TO 2017


WEATHER ITEM   OBSERVED TIME   RECORD YEAR NORMAL DEPARTURE LAST
                VALUE   (LST)  VALUE       VALUE  FROM      YEAR
                                                  NORMAL
..................................................................
TEMPERATURE (F)
 TODAY
  MAXIMUM         65    328 PM  84    2014  68     -3       73
  MINIMUM         54    737 AM  38    2006  48      6       49
  AVERAGE         60                        58      2       61

PRECIPITATION (IN)
  TODAY            T             0.48 2005   0.14  -0.14     0.00
  MONTH TO DATE    2.89                      2.34   0.55     0.47
  SINCE OCT 1     15.93                      9.27   6.66     4.18
  SINCE JAN 1     10.02                      5.37   4.65     3.13

DEGREE DAYS
 HEATING
  TODAY            5                         7     -2        4
  MONTH TO DATE   95                       152    -57       64
  SINCE DEC 1    557                       705   -148      570
  SINCE JUL 1    621                       869   -248      675

 COOLING
  TODAY            0                         0      0        0
  MONTH TO DATE    3                         0      3       53
  SINCE DEC 1      3                         5     -2       54
  SINCE JAN 1      3                         4     -1       53
..................................................................


WIND (MPH)
  RESULTANT WIND SPEED   4   RESULTANT WIND DIRECTION   E (110)
  HIGHEST WIND SPEED     9   HIGHEST WIND DIRECTION    SW (230)
  HIGHEST GUST SPEED    13   HIGHEST GUST DIRECTION     W (250)
  AVERAGE WIND SPEED     4.4


SKY COVER
  POSSIBLE SUNSHINE  MM
  AVERAGE SKY COVER 0.9


WEATHER CONDITIONS
 THE FOLLOWING WEATHER WAS RECORDED TODAY.
  LIGHT RAIN
  FOG


RELATIVE HUMIDITY (PERCENT)
 HIGHEST    93           600 AM
 LOWEST     67          1200 PM
 AVERAGE    80

..........................................................


THE FULLERTON AIRPORT CA CLIMATE NORMALS FOR TOMORROW
                         NORMAL    RECORD    YEAR
 MAXIMUM TEMPERATURE (F)   68        90      2002
 MINIMUM TEMPERATURE (F)   49        40      2011


SUNRISE AND SUNSET
FEBRUARY 20 2017......SUNRISE   631 AM PST   SUNSET   541 PM PST
FEBRUARY 21 2017......SUNRISE   629 AM PST   SUNSET   542 PM PST


-  INDICATES NEGATIVE NUMBERS.
R  INDICATES RECORD WAS SET OR TIED.
MM INDICATES DATA IS MISSING.
T  INDICATES TRACE AMOUNT.




$$
