000
CDUS46 KSGX 240017
CLIFUL


CLIMATE REPORT
NATIONAL WEATHER SERVICE SAN DIEGO, CA
517 PM PDT WED AUG 23 2017


...................................

...THE FULLERTON AIRPORT CA CLIMATE SUMMARY FOR AUGUST 23 2017...
VALID TODAY AS OF 0500 PM LOCAL TIME.

CLIMATE NORMAL PERIOD 1981 TO 2010
CLIMATE RECORD PERIOD 1998 TO 2017


WEATHER ITEM   OBSERVED TIME   RECORD YEAR NORMAL DEPARTURE LAST
                VALUE   (LST)  VALUE       VALUE  FROM      YEAR
                                                  NORMAL
..................................................................
TEMPERATURE (F)
 TODAY
  MAXIMUM         80    120 PM  94    2010  86     -6       85
  MINIMUM         67    303 AM  59    2002  65      2       66
  AVERAGE         74                        76     -2       76

PRECIPITATION (IN)
  TODAY            0.00          0.00   MM   0.00   0.00     0.00
  MONTH TO DATE    T                         0.03  -0.03     0.00
  SINCE OCT 1     16.92                     13.62   3.30     5.26
  SINCE JAN 1     11.01                      9.72   1.29     4.21

DEGREE DAYS
 HEATING
  TODAY            0                         0      0        0
  MONTH TO DATE    0                         0      0        0
  SINCE JUN 1      0                         2     -2        0
  SINCE JUL 1      0                         0      0        0

 COOLING
  TODAY            9                        11     -2       11
  MONTH TO DATE  273                       236     37      285
  SINCE JUN 1    871                       655    216      948
  SINCE JAN 1   1110                       778    332     1184
..................................................................


WIND (MPH)
  RESULTANT WIND SPEED   2   RESULTANT WIND DIRECTION   S (170)
  HIGHEST WIND SPEED    12   HIGHEST WIND DIRECTION    SW (210)
  HIGHEST GUST SPEED    17   HIGHEST GUST DIRECTION    SW (220)
  AVERAGE WIND SPEED     3.5


SKY COVER
  POSSIBLE SUNSHINE  MM
  AVERAGE SKY COVER 0.5


WEATHER CONDITIONS
 THE FOLLOWING WEATHER WAS RECORDED TODAY.
  HAZE


RELATIVE HUMIDITY (PERCENT)
 HIGHEST    87           200 AM
 LOWEST     58          1200 PM
 AVERAGE    73

..........................................................


THE FULLERTON AIRPORT CA CLIMATE NORMALS FOR TOMORROW
                         NORMAL    RECORD    YEAR
 MAXIMUM TEMPERATURE (F)   86        97      2010
 MINIMUM TEMPERATURE (F)   65        57      2002


SUNRISE AND SUNSET
AUGUST 23 2017........SUNRISE   620 AM PDT   SUNSET   729 PM PDT
AUGUST 24 2017........SUNRISE   620 AM PDT   SUNSET   727 PM PDT


-  INDICATES NEGATIVE NUMBERS.
R  INDICATES RECORD WAS SET OR TIED.
MM INDICATES DATA IS MISSING.
T  INDICATES TRACE AMOUNT.




$$
