000
CDUS46 KSGX 230018
CLIFUL


CLIMATE REPORT
NATIONAL WEATHER SERVICE SAN DIEGO, CA
518 PM PDT SUN OCT 22 2017


...................................

...THE FULLERTON AIRPORT CA CLIMATE SUMMARY FOR OCTOBER 22 2017...
VALID TODAY AS OF 0500 PM LOCAL TIME.

CLIMATE NORMAL PERIOD 1981 TO 2010
CLIMATE RECORD PERIOD 1998 TO 2017


WEATHER ITEM   OBSERVED TIME   RECORD YEAR NORMAL DEPARTURE LAST
                VALUE   (LST)  VALUE       VALUE  FROM      YEAR
                                                  NORMAL
..................................................................
TEMPERATURE (F)
 TODAY
  MAXIMUM         96    333 PM  99    2008  78     18       85
  MINIMUM         56    458 AM  53    2004  56      0       56
  AVERAGE         76                        67      9       71

PRECIPITATION (IN)
  TODAY            0.00          T    2010   0.03  -0.03     0.00
  MONTH TO DATE    T                         0.46  -0.46     0.27
  SINCE OCT 1      T                         0.46  -0.46     0.27
  SINCE JAN 1     11.18                     10.44   0.74     4.48

DEGREE DAYS
 HEATING
  TODAY            0                         1     -1        0
  MONTH TO DATE    0                         7     -7        0
  SINCE SEP 1      0                         8     -8        0
  SINCE JUL 1      0                         8     -8        0

 COOLING
  TODAY           11                         3      8        6
  MONTH TO DATE  169                        92     77      152
  SINCE SEP 1    471                       347    124      474
  SINCE JAN 1   1701                      1210    491     1749
..................................................................


WIND (MPH)
  RESULTANT WIND SPEED   2   RESULTANT WIND DIRECTION  NW (310)
  HIGHEST WIND SPEED     8   HIGHEST WIND DIRECTION     W (290)
  HIGHEST GUST SPEED    12   HIGHEST GUST DIRECTION     W (290)
  AVERAGE WIND SPEED     2.4


SKY COVER
  POSSIBLE SUNSHINE  MM
  AVERAGE SKY COVER 0.0


WEATHER CONDITIONS
 THE FOLLOWING WEATHER WAS RECORDED TODAY.
  NO SIGNIFICANT WEATHER WAS OBSERVED.


RELATIVE HUMIDITY (PERCENT)
 HIGHEST    67           100 AM
 LOWEST      9           300 PM
 AVERAGE    38

..........................................................


THE FULLERTON AIRPORT CA CLIMATE NORMALS FOR TOMORROW
                         NORMAL    RECORD    YEAR
 MAXIMUM TEMPERATURE (F)   78        99      2007
 MINIMUM TEMPERATURE (F)   56        51      2004


SUNRISE AND SUNSET
OCTOBER 22 2017.......SUNRISE   703 AM PDT   SUNSET   609 PM PDT
OCTOBER 23 2017.......SUNRISE   704 AM PDT   SUNSET   608 PM PDT


-  INDICATES NEGATIVE NUMBERS.
R  INDICATES RECORD WAS SET OR TIED.
MM INDICATES DATA IS MISSING.
T  INDICATES TRACE AMOUNT.




$$
