000
CDUS46 KSGX 191237
CLIFUL


CLIMATE REPORT
NATIONAL WEATHER SERVICE SAN DIEGO, CA
435 AM PST FRI JAN 19 2018


...................................

...THE FULLERTON AIRPORT CA CLIMATE SUMMARY FOR JANUARY 18 2018...

CLIMATE NORMAL PERIOD 1981 TO 2010
CLIMATE RECORD PERIOD 1998 TO 2018


WEATHER ITEM   OBSERVED TIME   RECORD YEAR NORMAL DEPARTURE LAST
                VALUE   (LST)  VALUE       VALUE  FROM      YEAR
                                                  NORMAL
..................................................................
TEMPERATURE (F)
 YESTERDAY
  MAXIMUM         75   1237 PM  84    2014  68      7       62
  MINIMUM         50    624 AM  35    2007  45      5       47
  AVERAGE         63                        56      7       55

PRECIPITATION (IN)
  YESTERDAY        0.00          1.06 2010   0.10  -0.10     0.04
  MONTH TO DATE    1.13                      1.93  -0.80     2.37
  SINCE OCT 1      1.21                      5.83  -4.62     8.28
  SINCE JAN 1      1.13                      1.93  -0.80     2.37

DEGREE DAYS
 HEATING
  YESTERDAY        2                         9     -7       10
  MONTH TO DATE   45                       162   -117      140
  SINCE DEC 1    185                       438   -253      346
  SINCE JUL 1    207                       602   -395      410

 COOLING
  YESTERDAY        0                         0      0        0
  MONTH TO DATE   11                         0     11        0
  SINCE DEC 1     22                         1     21        0
  SINCE JAN 1     11                         0     11        0
..................................................................


WIND (MPH)
  RESULTANT WIND SPEED   2   RESULTANT WIND DIRECTION  SE (130)
  HIGHEST WIND SPEED     9   HIGHEST WIND DIRECTION    SW (220)
  HIGHEST GUST SPEED    12   HIGHEST GUST DIRECTION    SW (230)
  AVERAGE WIND SPEED     3.1


SKY COVER
  POSSIBLE SUNSHINE  MM
  AVERAGE SKY COVER 0.1


WEATHER CONDITIONS
 THE FOLLOWING WEATHER WAS RECORDED YESTERDAY.
  FOG
  HAZE


RELATIVE HUMIDITY (PERCENT)
 HIGHEST    97           900 PM
 LOWEST     36          1000 AM
 AVERAGE    67

..........................................................


THE FULLERTON AIRPORT CA CLIMATE NORMALS FOR TODAY
                         NORMAL    RECORD    YEAR
 MAXIMUM TEMPERATURE (F)   68        84      2005
 MINIMUM TEMPERATURE (F)   45        39      2007


SUNRISE AND SUNSET
JANUARY 19 2018.......SUNRISE   656 AM PST   SUNSET   510 PM PST
JANUARY 20 2018.......SUNRISE   655 AM PST   SUNSET   511 PM PST


-  INDICATES NEGATIVE NUMBERS.
R  INDICATES RECORD WAS SET OR TIED.
MM INDICATES DATA IS MISSING.
T  INDICATES TRACE AMOUNT.




$$
