000
CDUS41 KCAR 260527
CLIFVE


CLIMATE REPORT
NATIONAL WEATHER SERVICE CARIBOU, ME
126 AM EDT WED APR 26 2017


...................................

...THE FRENCHVILLE ME CLIMATE SUMMARY FOR APRIL 25 2017...

CLIMATE NORMAL PERIOD 1981 TO 2010
CLIMATE RECORD PERIOD 9999 TO 9999


WEATHER ITEM   OBSERVED TIME   RECORD YEAR NORMAL DEPARTURE LAST
                VALUE   (LST)  VALUE       VALUE  FROM      YEAR
                                                  NORMAL
..................................................................
TEMPERATURE (F)
 YESTERDAY
  MAXIMUM         49    531 PM              51     -2
  MINIMUM         21    445 AM              33    -12
  AVERAGE         35                        42     -7

PRECIPITATION (IN)
  YESTERDAY        0.08         MM      MM   0.09  -0.01     0.00
  MONTH TO DATE    1.91                      2.35  -0.44     1.32
  SINCE MAR 1      3.48                      3.83  -0.35     3.79
  SINCE JAN 1      6.10                      6.40  -0.30     7.27

SNOWFALL (IN)
  YESTERDAY       MM            MM      MM  MM     MM       MM
  MONTH TO DATE   MM                        MM     MM       MM
  SINCE MAR 1     MM                        MM     MM       MM
  SINCE JUL 1     MM                        MM     MM       MM
  SNOW DEPTH      MM

DEGREE DAYS
 HEATING
  YESTERDAY       30                                7
  MONTH TO DATE  689                              -43
  SINCE JUL 1   8299                             -724

 COOLING
  YESTERDAY        0                                0
  MONTH TO DATE    0                                0
  SINCE JAN 1      0                                0
..................................................................


WIND (MPH)
  HIGHEST WIND SPEED    14   HIGHEST WIND DIRECTION     S (160)
  HIGHEST GUST SPEED    19   HIGHEST GUST DIRECTION     S (160)
  AVERAGE WIND SPEED     8.0




..........................................................


THE FRENCHVILLE ME CLIMATE NORMALS FOR TODAY
                         NORMAL
 MAXIMUM TEMPERATURE (F)   51
 MINIMUM TEMPERATURE (F)   34


SUNRISE AND SUNSET
APRIL 26 2017.........SUNRISE   525 AM EDT   SUNSET   738 PM EDT
APRIL 27 2017.........SUNRISE   523 AM EDT   SUNSET   739 PM EDT


-  INDICATES NEGATIVE NUMBERS.
R  INDICATES RECORD WAS SET OR TIED.
MM INDICATES DATA IS MISSING.
T  INDICATES TRACE AMOUNT.




$$
