000
CDUS41 KCAR 280546
CLIFVE


CLIMATE REPORT
NATIONAL WEATHER SERVICE CARIBOU, ME
145 AM EDT THU AUG 28 2014


...................................

...THE FRENCHVILLE ME CLIMATE SUMMARY FOR AUGUST 27 2014...

CLIMATE NORMAL PERIOD 1981 TO 2010
CLIMATE RECORD PERIOD 9999 TO 9999


WEATHER ITEM   OBSERVED TIME   RECORD YEAR NORMAL DEPARTURE LAST
                VALUE   (LST)  VALUE       VALUE  FROM      YEAR
                                                  NORMAL
..................................................................
TEMPERATURE (F)
 YESTERDAY
  MAXIMUM         73   1122 AM              70      3
  MINIMUM         57   1159 PM              51      6
  AVERAGE         65                        60      5

PRECIPITATION (IN)
  YESTERDAY        0.03         MM      MM   0.14  -0.11     0.00
  MONTH TO DATE    1.81                      3.41  -1.60     6.77
  SINCE JUN 1     12.27                     11.57   0.70    14.53
  SINCE JAN 1     22.64                     21.47   1.17    24.42

SNOWFALL (IN)
  YESTERDAY       MM            MM      MM  MM     MM       MM
  MONTH TO DATE   MM                        MM     MM       MM
  SINCE JUN 1     MM                        MM     MM       MM
  SINCE JUL 1     MM                        MM     MM       MM
  SNOW DEPTH      MM

DEGREE DAYS
 HEATING
  YESTERDAY        0                               -6
  MONTH TO DATE   57                              -39
  SINCE JUL 1    107                              -59

 COOLING
  YESTERDAY        0                               -1
  MONTH TO DATE   30                              -11
  SINCE JAN 1    130                                7
..................................................................


WIND (MPH)
  HIGHEST WIND SPEED    18   HIGHEST WIND DIRECTION    NW (320)
  HIGHEST GUST SPEED    23   HIGHEST GUST DIRECTION    NW (320)
  AVERAGE WIND SPEED     9.3




..........................................................


THE FRENCHVILLE ME CLIMATE NORMALS FOR TODAY
                         NORMAL
 MAXIMUM TEMPERATURE (F)   70
 MINIMUM TEMPERATURE (F)   51


SUNRISE AND SUNSET
AUGUST 28 2014........SUNRISE   547 AM EDT   SUNSET   721 PM EDT
AUGUST 29 2014........SUNRISE   548 AM EDT   SUNSET   719 PM EDT


-  INDICATES NEGATIVE NUMBERS.
R  INDICATES RECORD WAS SET OR TIED.
MM INDICATES DATA IS MISSING.
T  INDICATES TRACE AMOUNT.




$$
