000
CDUS41 KCAR 202026
CLIFVE


CLIMATE REPORT
NATIONAL WEATHER SERVICE CARIBOU, ME
426 PM EDT THU JUL 20 2017


...................................

...THE FRENCHVILLE ME CLIMATE SUMMARY FOR JULY 20 2017...
VALID TODAY AS OF 0400 PM LOCAL TIME.

CLIMATE NORMAL PERIOD 1981 TO 2010
CLIMATE RECORD PERIOD 9999 TO 9999


WEATHER ITEM   OBSERVED TIME   RECORD YEAR NORMAL DEPARTURE LAST
                VALUE   (LST)  VALUE       VALUE  FROM      YEAR
                                                  NORMAL
..................................................................
TEMPERATURE (F)
 TODAY
  MAXIMUM         78    254 PM              75      3
  MINIMUM         59    448 AM              56      3
  AVERAGE         69                        65      4

PRECIPITATION (IN)
  TODAY            T            MM      MM   0.13  -0.13     0.00
  MONTH TO DATE    1.58                      2.99  -1.41     3.97
  SINCE JUN 1      7.42                      6.84   0.58     8.72
  SINCE JAN 1     19.11                     16.74   2.37    18.81

SNOWFALL (IN)
  TODAY           MM            MM      MM  MM     MM       MM
  MONTH TO DATE   MM                        MM     MM       MM
  SINCE JUN 1     MM                        MM     MM       MM
  SINCE JUL 1     MM                        MM     MM       MM
  SNOW DEPTH      MM

DEGREE DAYS
 HEATING
  TODAY            0                               -2
  MONTH TO DATE   28                              -19
  SINCE JUL 1     28                              -19

 COOLING
  TODAY            4                                2
  MONTH TO DATE   35                               -4
  SINCE JAN 1     63                               -4
..................................................................


WIND (MPH)
  HIGHEST WIND SPEED    13   HIGHEST WIND DIRECTION     W (250)
  HIGHEST GUST SPEED    16   HIGHEST GUST DIRECTION    NW (300)
  AVERAGE WIND SPEED     6.5




..........................................................


THE FRENCHVILLE ME CLIMATE NORMALS FOR TOMORROW
                         NORMAL
 MAXIMUM TEMPERATURE (F)   75
 MINIMUM TEMPERATURE (F)   56


SUNRISE AND SUNSET
JULY 20 2017..........SUNRISE   458 AM EDT   SUNSET   821 PM EDT
JULY 21 2017..........SUNRISE   459 AM EDT   SUNSET   820 PM EDT


-  INDICATES NEGATIVE NUMBERS.
R  INDICATES RECORD WAS SET OR TIED.
MM INDICATES DATA IS MISSING.
T  INDICATES TRACE AMOUNT.




$$
