000
CDUS43 KIWX 272022
CLIFWA


CLIMATE REPORT
NATIONAL WEATHER SERVICE NORTHERN INDIANA
422 PM EDT WED AUG 27 2014


...................................

...THE FORT WAYNE CLIMATE SUMMARY FOR AUGUST 27 2014...
VALID TODAY AS OF 0400 PM LOCAL TIME.

CLIMATE NORMAL PERIOD 1981 TO 2010
CLIMATE RECORD PERIOD 1897 TO 2014


WEATHER ITEM   OBSERVED TIME   RECORD YEAR NORMAL DEPARTURE LAST
                VALUE   (LST)  VALUE       VALUE  FROM      YEAR
                                                  NORMAL
..................................................................
TEMPERATURE (F)
 TODAY
  MAXIMUM         83    237 PM  96    1948  82      1       89
  MINIMUM         68   1235 AM  45    1910  59      9       70
  AVERAGE         76                        70      6       80

PRECIPITATION (IN)
  TODAY            0.09          1.85 1903   0.11  -0.02     0.00
  MONTH TO DATE    6.00                      3.19   2.81     5.07
  SINCE JUN 1     13.81                     11.59   2.22    14.66
  SINCE JAN 1     30.35                     26.39   3.96    32.33

DEGREE DAYS
 HEATING
  TODAY            0                         0      0        0
  MONTH TO DATE   10                         0     10       10
  SINCE JUN 1     38                        32      6       39
  SINCE JUL 1     24                         3     21       20

 COOLING
  TODAY           11                         6      5       15
  MONTH TO DATE  183                       188     -5      146
  SINCE JUN 1    563                       637    -74      574
  SINCE JAN 1    644                       694    -50      679
..................................................................


WIND (MPH)
  HIGHEST WIND SPEED     9   HIGHEST WIND DIRECTION     N (340)
  HIGHEST GUST SPEED    13   HIGHEST GUST DIRECTION     W (270)
  AVERAGE WIND SPEED     3.6


SKY COVER
  POSSIBLE SUNSHINE  MM
  AVERAGE SKY COVER 0.8


WEATHER CONDITIONS
 THE FOLLOWING WEATHER WAS RECORDED TODAY.
  FOG
  HAZE


RELATIVE HUMIDITY (PERCENT)
 HIGHEST   100           200 AM
 LOWEST     51           200 PM
 AVERAGE    76

..........................................................


THE FORT WAYNE CLIMATE NORMALS FOR TOMORROW
                         NORMAL    RECORD    YEAR
 MAXIMUM TEMPERATURE (F)   81        95      1953
                                             1948
                                             1909
 MINIMUM TEMPERATURE (F)   59        42      1986


SUNRISE AND SUNSET
AUGUST 27 2014........SUNRISE   702 AM EDT   SUNSET   821 PM EDT
AUGUST 28 2014........SUNRISE   703 AM EDT   SUNSET   820 PM EDT


-  INDICATES NEGATIVE NUMBERS.
R  INDICATES RECORD WAS SET OR TIED.
MM INDICATES DATA IS MISSING.
T  INDICATES TRACE AMOUNT.




$$
