000
CDUS43 KIWX 060525
CLIFWA


CLIMATE REPORT
NATIONAL WEATHER SERVICE NORTHERN INDIANA
1225 AM EST FRI MAR 6 2015


...................................

...THE FORT WAYNE CLIMATE SUMMARY FOR MARCH 5 2015...

CLIMATE NORMAL PERIOD 1981 TO 2010
CLIMATE RECORD PERIOD 1897 TO 2015


WEATHER ITEM   OBSERVED TIME   RECORD YEAR NORMAL DEPARTURE LAST
                VALUE   (LST)  VALUE       VALUE  FROM      YEAR
                                                  NORMAL
..................................................................
TEMPERATURE (F)
 YESTERDAY
  MAXIMUM         20    350 PM  80    1983  43    -23       22
  MINIMUM          4   1156 PM  -5    1978  25    -21        4
  AVERAGE         12                        34    -22       13

PRECIPITATION (IN)
  YESTERDAY        0.00          1.45 1899   0.08  -0.08     0.04
  MONTH TO DATE    0.44                      0.39   0.05     0.37
  SINCE MAR 1      0.44                      0.39   0.05     0.37
  SINCE JAN 1      4.21                      4.69  -0.48     6.61

SNOWFALL (IN)
  YESTERDAY        0.0           9.0  2013   0.1   -0.1      0.9
  MONTH TO DATE    3.6                       0.9    2.7      5.1
  SINCE MAR 1      3.6                       0.9    2.7      5.1
  SINCE JUL 1     40.1                      29.3   10.8     66.9
  SNOW DEPTH       4

DEGREE DAYS
 HEATING
  YESTERDAY       53                        31     22       52
  MONTH TO DATE  219                       158     61      250
  SINCE MAR 1    219                       158     61      250
  SINCE JUL 1   5368                      4756    612     5503

 COOLING
  YESTERDAY        0                         0      0        0
  MONTH TO DATE    0                         0      0        0
  SINCE MAR 1      0                         0      0        0
  SINCE JAN 1      0                         0      0        0
..................................................................


WIND (MPH)
  HIGHEST WIND SPEED    15   HIGHEST WIND DIRECTION     W (280)
  HIGHEST GUST SPEED    21   HIGHEST GUST DIRECTION    NW (300)
  AVERAGE WIND SPEED     7.3


SKY COVER
  AVERAGE SKY COVER 0.6


WEATHER CONDITIONS
 THE FOLLOWING WEATHER WAS RECORDED YESTERDAY.
  NO SIGNIFICANT WEATHER WAS OBSERVED.


RELATIVE HUMIDITY (PERCENT)
 HIGHEST    83          1100 PM
 LOWEST     49          1100 AM
 AVERAGE    66

..........................................................


THE FORT WAYNE CLIMATE NORMALS FOR TODAY
                         NORMAL    RECORD    YEAR
 MAXIMUM TEMPERATURE (F)   44        72      1983
 MINIMUM TEMPERATURE (F)   26        -4      1960


SUNRISE AND SUNSET
MARCH  6 2015.........SUNRISE   708 AM EST   SUNSET   637 PM EST
MARCH  7 2015.........SUNRISE   706 AM EST   SUNSET   638 PM EST


-  INDICATES NEGATIVE NUMBERS.
R  INDICATES RECORD WAS SET OR TIED.
MM INDICATES DATA IS MISSING.
T  INDICATES TRACE AMOUNT.




$$
