000
CDUS43 KIWX 280535
CLIFWA


CLIMATE REPORT
NATIONAL WEATHER SERVICE NORTHERN INDIANA
131 AM EDT THU MAY 28 2015


...................................

...THE FORT WAYNE CLIMATE SUMMARY FOR MAY 27 2015...

CLIMATE NORMAL PERIOD 1981 TO 2010
CLIMATE RECORD PERIOD 1897 TO 2015


WEATHER ITEM   OBSERVED TIME   RECORD YEAR NORMAL DEPARTURE LAST
                VALUE   (LST)  VALUE       VALUE  FROM      YEAR
                                                  NORMAL
..................................................................
TEMPERATURE (F)
 YESTERDAY
  MAXIMUM         79   1247 PM  99    1911  75      4       88
  MINIMUM         60   1159 PM  31    1961  53      7       66
  AVERAGE         70                        64      6       77

PRECIPITATION (IN)
  YESTERDAY        0.31          1.72 2013   0.16   0.15     0.29
  MONTH TO DATE    3.16                      3.60  -0.44     4.57
  SINCE MAR 1      8.51                      9.83  -1.32    10.46
  SINCE JAN 1     12.28                     14.13  -1.85    16.70

SNOWFALL (IN)
  YESTERDAY        0.0           0.0  2002   0.0    0.0      0.0
                                      2001
  MONTH TO DATE    0.0                       0.0    0.0      0.0
  SINCE MAR 1      8.6                       5.1    3.5     14.3
  SINCE JUL 1     45.1                      33.5   11.6     76.1
  SNOW DEPTH       0

DEGREE DAYS
 HEATING
  YESTERDAY        0                         4     -4        0
  MONTH TO DATE  103                       179    -76      182
  SINCE MAR 1   1492                      1463     29     1698
  SINCE JUL 1   6641                      6061    580     6951

 COOLING
  YESTERDAY        5                         3      2       12
  MONTH TO DATE   80                        37     43       58
  SINCE MAR 1     80                        45     35       59
  SINCE JAN 1     80                        45     35       59
..................................................................


WIND (MPH)
  HIGHEST WIND SPEED    28   HIGHEST WIND DIRECTION     S (190)
  HIGHEST GUST SPEED    36   HIGHEST GUST DIRECTION     S (190)
  AVERAGE WIND SPEED    11.1


SKY COVER
  AVERAGE SKY COVER 0.6


WEATHER CONDITIONS
 THE FOLLOWING WEATHER WAS RECORDED YESTERDAY.
  THUNDERSTORM
  HEAVY RAIN
  LIGHT RAIN
  FOG


RELATIVE HUMIDITY (PERCENT)
 HIGHEST    93           400 AM
 LOWEST     69          1000 AM
 AVERAGE    81

..........................................................


THE FORT WAYNE CLIMATE NORMALS FOR TODAY
                         NORMAL    RECORD    YEAR
 MAXIMUM TEMPERATURE (F)   75        98      1911
 MINIMUM TEMPERATURE (F)   53        33      1902


SUNRISE AND SUNSET
MAY 28 2015...........SUNRISE   613 AM EDT   SUNSET   903 PM EDT
MAY 29 2015...........SUNRISE   613 AM EDT   SUNSET   904 PM EDT


-  INDICATES NEGATIVE NUMBERS.
R  INDICATES RECORD WAS SET OR TIED.
MM INDICATES DATA IS MISSING.
T  INDICATES TRACE AMOUNT.




$$
