000
CDUS43 KIWX 280522
CLIFWA


CLIMATE REPORT
NATIONAL WEATHER SERVICE NORTHERN INDIANA
122 AM EDT FRI AUG 28 2015


...................................

...THE FORT WAYNE CLIMATE SUMMARY FOR AUGUST 27 2015...

CLIMATE NORMAL PERIOD 1981 TO 2010
CLIMATE RECORD PERIOD 1897 TO 2015


WEATHER ITEM   OBSERVED TIME   RECORD YEAR NORMAL DEPARTURE LAST
                VALUE   (LST)  VALUE       VALUE  FROM      YEAR
                                                  NORMAL
..................................................................
TEMPERATURE (F)
 YESTERDAY
  MAXIMUM         75    328 PM  96    1948  82     -7       83
  MINIMUM         50    633 AM  45    1910  59     -9       65
  AVERAGE         63                        70     -7       74

PRECIPITATION (IN)
  YESTERDAY        0.00          1.85 1903   0.11  -0.11     0.09
  MONTH TO DATE    3.55                      3.19   0.36     6.00
  SINCE JUN 1     21.50                     11.59   9.91    13.81
  SINCE JAN 1     35.63                     26.39   9.24    30.51

SNOWFALL (IN)
  YESTERDAY        0.0           0.0  2002   0.0    0.0      0.0
                                      2001
  MONTH TO DATE    0.0                       0.0    0.0      0.0
  SINCE JUN 1      0.0                       0.0    0.0       T
  SINCE JUL 1      0.0                       0.0    0.0       T
  SNOW DEPTH       0

DEGREE DAYS
 HEATING
  YESTERDAY        2                         0      2        0
  MONTH TO DATE    9                         0      9       10
  SINCE JUN 1     37                        32      5       38
  SINCE JUL 1      9                         3      6       24

 COOLING
  YESTERDAY        0                         6     -6        9
  MONTH TO DATE  157                       188    -31      181
  SINCE JUN 1    550                       637    -87      561
  SINCE JAN 1    646                       694    -48      642
..................................................................


WIND (MPH)
  HIGHEST WIND SPEED     8   HIGHEST WIND DIRECTION    NE (60)
  HIGHEST GUST SPEED    10   HIGHEST GUST DIRECTION     E (70)
  AVERAGE WIND SPEED     2.3


SKY COVER
  AVERAGE SKY COVER 0.4


WEATHER CONDITIONS
 THE FOLLOWING WEATHER WAS RECORDED YESTERDAY.
  FOG


RELATIVE HUMIDITY (PERCENT)
 HIGHEST    96           400 AM
 LOWEST     53           500 PM
 AVERAGE    75

..........................................................


THE FORT WAYNE CLIMATE NORMALS FOR TODAY
                         NORMAL    RECORD    YEAR
 MAXIMUM TEMPERATURE (F)   81        95      1953
                                             1948
                                             1909
 MINIMUM TEMPERATURE (F)   59        42      1986


SUNRISE AND SUNSET
AUGUST 28 2015........SUNRISE   703 AM EDT   SUNSET   820 PM EDT
AUGUST 29 2015........SUNRISE   704 AM EDT   SUNSET   819 PM EDT


-  INDICATES NEGATIVE NUMBERS.
R  INDICATES RECORD WAS SET OR TIED.
MM INDICATES DATA IS MISSING.
T  INDICATES TRACE AMOUNT.




$$
