000
CDUS43 KIWX 022022
CLIFWA


CLIMATE REPORT
NATIONAL WEATHER SERVICE NORTHERN INDIANA
420 PM EDT THU JUL 2 2015


...................................

...THE FORT WAYNE CLIMATE SUMMARY FOR JULY 2 2015...
VALID TODAY AS OF 0400 PM LOCAL TIME.

CLIMATE NORMAL PERIOD 1981 TO 2010
CLIMATE RECORD PERIOD 1897 TO 2015


WEATHER ITEM   OBSERVED TIME   RECORD YEAR NORMAL DEPARTURE LAST
                VALUE   (LST)  VALUE       VALUE  FROM      YEAR
                                                  NORMAL
..................................................................
TEMPERATURE (F)
 TODAY
  MAXIMUM         77    236 PM 100    1955  85     -8       79
  MINIMUM         58    427 AM  38    1904  63     -5       64
  AVERAGE         68                        74     -6       72

PRECIPITATION (IN)
  TODAY            0.00          1.98 1933   0.12  -0.12     0.00
  MONTH TO DATE    0.00                      0.25  -0.25     0.55
  SINCE JUN 1     11.98                      4.41   7.57     6.36
  SINCE JAN 1     26.11                     19.21   6.90    23.06

DEGREE DAYS
 HEATING
  TODAY            0                         0      0        0
  MONTH TO DATE    0                         0      0        0
  SINCE JUN 1     28                        29     -1       14
  SINCE JUL 1      0                         0      0        0

 COOLING
  TODAY            3                         9     -6        7
  MONTH TO DATE    5                        18    -13       17
  SINCE JUN 1    181                       200    -19      247
  SINCE JAN 1    277                       257     20      328
..................................................................


WIND (MPH)
  HIGHEST WIND SPEED    18   HIGHEST WIND DIRECTION    NE (50)
  HIGHEST GUST SPEED    22   HIGHEST GUST DIRECTION    NE (40)
  AVERAGE WIND SPEED     8.9


SKY COVER
  POSSIBLE SUNSHINE  MM
  AVERAGE SKY COVER 0.8


WEATHER CONDITIONS
 THE FOLLOWING WEATHER WAS RECORDED TODAY.
  NO SIGNIFICANT WEATHER WAS OBSERVED.


RELATIVE HUMIDITY (PERCENT)
 HIGHEST    87          1200 AM
 LOWEST     54           200 PM
 AVERAGE    71

..........................................................


THE FORT WAYNE CLIMATE NORMALS FOR TOMORROW
                         NORMAL    RECORD    YEAR
 MAXIMUM TEMPERATURE (F)   85        99      1955
                                             1911
 MINIMUM TEMPERATURE (F)   63        40      1904


SUNRISE AND SUNSET
JULY  2 2015..........SUNRISE   613 AM EDT   SUNSET   917 PM EDT
JULY  3 2015..........SUNRISE   613 AM EDT   SUNSET   916 PM EDT


-  INDICATES NEGATIVE NUMBERS.
R  INDICATES RECORD WAS SET OR TIED.
MM INDICATES DATA IS MISSING.
T  INDICATES TRACE AMOUNT.




$$
