000
CDUS43 KIWX 300026
CLIFWA


CLIMATE REPORT
NATIONAL WEATHER SERVICE NORTHERN INDIANA
826 PM EDT SUN MAR 29 2015


...................................

...THE FORT WAYNE CLIMATE SUMMARY FOR MARCH 29 2015...
VALID AS OF 0800 PM LOCAL TIME.

CLIMATE NORMAL PERIOD 1981 TO 2010
CLIMATE RECORD PERIOD 1897 TO 2015


WEATHER ITEM   OBSERVED TIME   RECORD YEAR NORMAL DEPARTURE LAST
                VALUE   (LST)  VALUE       VALUE  FROM      YEAR
                                                  NORMAL
..................................................................
TEMPERATURE (F)
 TODAY
  MAXIMUM         45    210 PM  80    1910  54     -9       40
  MINIMUM         22    402 AM  13    1923  33    -11       29
  AVERAGE         34                        43     -9       35

PRECIPITATION (IN)
  TODAY            T             0.97 1924   0.10  -0.10     0.26
  MONTH TO DATE    2.07                      2.49  -0.42     1.90
  SINCE MAR 1      2.07                      2.49  -0.42     1.90
  SINCE JAN 1      5.84                      6.79  -0.95     8.14

SNOWFALL (IN)
  TODAY            T             1.0  2014   0.1   -0.1      1.0
  MONTH TO DATE    8.6                       4.0    4.6     13.2
  SINCE MAR 1      8.6                       4.0    4.6     13.2
  SINCE JUL 1     45.1                      32.4   12.7     75.0
  SNOW DEPTH       0

DEGREE DAYS
 HEATING
  TODAY           31                        22      9       30
  MONTH TO DATE  923                       785    138     1024
  SINCE MAR 1    923                       785    138     1024
  SINCE JUL 1   6072                      5383    689     6277

 COOLING
  TODAY            0                         0      0        0
  MONTH TO DATE    0                         0      0        0
  SINCE MAR 1      0                         0      0        0
  SINCE JAN 1      0                         0      0        0
..................................................................


WIND (MPH)
  RESULTANT WIND SPEED  14   RESULTANT WIND DIRECTION   S (190)
  HIGHEST WIND SPEED    29   HIGHEST WIND DIRECTION     S (190)
  HIGHEST GUST SPEED    36   HIGHEST GUST DIRECTION     S (190)
  AVERAGE WIND SPEED    13.7


SKY COVER
  POSSIBLE SUNSHINE  MM
  AVERAGE SKY COVER 0.6


WEATHER CONDITIONS
 THE FOLLOWING WEATHER WAS RECORDED TODAY.
  RAIN
  LIGHT RAIN
  SLEET


RELATIVE HUMIDITY (PERCENT)
 HIGHEST    77           300 AM
 LOWEST     40           200 PM
 AVERAGE    59

..........................................................


THE FORT WAYNE CLIMATE NORMALS FOR TOMORROW
                         NORMAL    RECORD    YEAR
 MAXIMUM TEMPERATURE (F)   54        79      1986
 MINIMUM TEMPERATURE (F)   33        15      1923


SUNRISE AND SUNSET
MARCH 29 2015.........SUNRISE   730 AM EDT   SUNSET   802 PM EDT
MARCH 30 2015.........SUNRISE   728 AM EDT   SUNSET   803 PM EDT


-  INDICATES NEGATIVE NUMBERS.
R  INDICATES RECORD WAS SET OR TIED.
MM INDICATES DATA IS MISSING.
T  INDICATES TRACE AMOUNT.




$$
