000
CDUS43 KIWX 060536
CLIFWA


CLIMATE REPORT
NATIONAL WEATHER SERVICE NORTHERN INDIANA
135 AM EDT FRI MAY 6 2016


...................................

...THE FORT WAYNE CLIMATE SUMMARY FOR MAY 5 2016...

CLIMATE NORMAL PERIOD 1981 TO 2010
CLIMATE RECORD PERIOD 1897 TO 2016


WEATHER ITEM   OBSERVED TIME   RECORD YEAR NORMAL DEPARTURE LAST
                VALUE   (LST)  VALUE       VALUE  FROM      YEAR
                                                  NORMAL
..................................................................
TEMPERATURE (F)
 YESTERDAY
  MAXIMUM         67    348 PM  89    1952  68     -1       80
  MINIMUM         39    408 AM  29    1973  45     -6       54
  AVERAGE         53                        57     -4       67

PRECIPITATION (IN)
  YESTERDAY        T             1.82 2003   0.12  -0.12     0.27
  MONTH TO DATE    0.38                      0.56  -0.18     0.35
  SINCE MAR 1      7.39                      6.79   0.60     5.70
  SINCE JAN 1     10.44                     11.09  -0.65     9.47

SNOWFALL (IN)
  YESTERDAY        0.0           T    1952   0.0    0.0      0.0
  MONTH TO DATE    0.0                       0.0    0.0      0.0
  SINCE MAR 1      3.9                       5.1   -1.2      8.6
  SINCE JUL 1     20.1                      33.5  -13.4     45.1
  SNOW DEPTH       0

DEGREE DAYS
 HEATING
  YESTERDAY       12                         9      3        0
  MONTH TO DATE   63                        47     16       16
  SINCE MAR 1   1154                      1331   -177     1405
  SINCE JUL 1   4981                      5929   -948     6554

 COOLING
  YESTERDAY        0                         1     -1        2
  MONTH TO DATE    0                         1     -1        2
  SINCE MAR 1      0                         9     -9        2
  SINCE JAN 1      0                         9     -9        2
..................................................................


WIND (MPH)
  HIGHEST WIND SPEED    18   HIGHEST WIND DIRECTION     N (360)
  HIGHEST GUST SPEED    25   HIGHEST GUST DIRECTION     N (360)
  AVERAGE WIND SPEED    11.1


SKY COVER
  AVERAGE SKY COVER 0.7


WEATHER CONDITIONS
 THE FOLLOWING WEATHER WAS RECORDED YESTERDAY.
  LIGHT RAIN
  FOG


RELATIVE HUMIDITY (PERCENT)
 HIGHEST    92          1200 AM
 LOWEST     44           400 PM
 AVERAGE    68

..........................................................


THE FORT WAYNE CLIMATE NORMALS FOR TODAY
                         NORMAL    RECORD    YEAR
 MAXIMUM TEMPERATURE (F)   69        88      1959
                                             1949
 MINIMUM TEMPERATURE (F)   46        30      1968


SUNRISE AND SUNSET
MAY  6 2016...........SUNRISE   632 AM EDT   SUNSET   843 PM EDT
MAY  7 2016...........SUNRISE   631 AM EDT   SUNSET   844 PM EDT


-  INDICATES NEGATIVE NUMBERS.
R  INDICATES RECORD WAS SET OR TIED.
MM INDICATES DATA IS MISSING.
T  INDICATES TRACE AMOUNT.




$$
