000
CDUS44 KTSA 281515
CLIFYV

CLIMATE REPORT
NATIONAL WEATHER SERVICE TULSA OK
915 AM CST TUE FEB 28 2017


...................................

...THE FAYETTEVILLE ARKANSAS CLIMATE SUMMARY FOR FEBRUARY 28 2017...
VALID AS OF 0900 AM LOCAL TIME.

CLIMATE NORMAL PERIOD 1981 TO 2010
CLIMATE RECORD PERIOD 1905 TO 2017


WEATHER ITEM   OBSERVED RECORD YEAR NORMAL DEPARTURE LAST
                VALUE   VALUE       VALUE  FROM      YEAR
                                           NORMAL
...........................................................
TEMPERATURE (F)
 TODAY
  MAXIMUM         64     76    1980  55
                               1955
  MINIMUM         57      8    1962  32
  AVERAGE         61

PRECIPITATION (IN)
  TODAY            0.00   1.36 1987   0.11  -0.11     0.00
  MONTH TO DATE    1.11               2.81  -1.70     0.64
  SINCE DEC 1      5.33               8.89  -3.56    12.10
  SINCE JAN 1      3.50               5.65  -2.15     1.15

SNOWFALL (IN)
  TODAY            0.0                                0.0
  MONTH TO DATE    0.0                                 T
  SINCE DEC 1      0.8                                 T
  SINCE JUL 1      0.8                                 T

DEGREE DAYS
 HEATING
  TODAY            4
...........................................................


WIND (MPH)
  RESULTANT WIND SPEED  16   RESULTANT WIND DIRECTION   S (180)
  HIGHEST WIND SPEED    23   HIGHEST WIND DIRECTION     S (190)
  HIGHEST GUST SPEED    29   HIGHEST GUST DIRECTION     S (190)


SKY COVER
  POSSIBLE SUNSHINE  MM
  AVERAGE SKY COVER 1.0


WEATHER CONDITIONS
 THE FOLLOWING WEATHER WAS RECORDED TODAY.
  FOG


RELATIVE HUMIDITY (PERCENT)
 HIGHEST   100
 LOWEST     93
 AVERAGE    97

..........................................................


THE FAYETTEVILLE ARKANSAS CLIMATE NORMALS FOR TOMORROW
                         NORMAL    RECORD    YEAR
 MAXIMUM TEMPERATURE (F)   55        83      2006
 MINIMUM TEMPERATURE (F)   32        12      1980
                                             1962


SUNRISE AND SUNSET
FEBRUARY 28 2017......SUNRISE   648 AM CST   SUNSET   611 PM CST
MARCH  1 2017.........SUNRISE   646 AM CST   SUNSET   612 PM CST


-  INDICATES NEGATIVE NUMBERS.
R  INDICATES RECORD WAS SET OR TIED.
MM INDICATES DATA IS MISSING.
T  INDICATES TRACE AMOUNT.




$$
