000
CDUS44 KTSA 270801
CLIFYV

CLIMATE REPORT
NATIONAL WEATHER SERVICE TULSA OK
147 AM CDT WED MAY 27 2015


...................................

...THE FAYETTEVILLE ARKANSAS CLIMATE SUMMARY FOR MAY 26 2015...

CLIMATE NORMAL PERIOD 1981 TO 2010
CLIMATE RECORD PERIOD 1905 TO 2015


WEATHER ITEM   OBSERVED TIME   RECORD YEAR NORMAL DEPARTURE LAST
                VALUE   (LST)  VALUE       VALUE  FROM      YEAR
                                                  NORMAL
..................................................................
TEMPERATURE (F)
 YESTERDAY
  MAXIMUM         78    426 PM  90    2012  78      0       77
                                      1953
  MINIMUM         59    417 AM  38    1988  57      2       63
  AVERAGE         69                        68      1       70

PRECIPITATION (IN)
  YESTERDAY        0.00                      0.19  -0.19      T
  MONTH TO DATE   12.00                      5.13   6.87     2.84
  SINCE MAR 1     19.39                     13.65   5.74    11.45
  SINCE JAN 1     22.45                     19.30   3.15    13.93

DEGREE DAYS
 COOLING
  YESTERDAY        4                         4      0        5
  MONTH TO DATE   57                        62     -5      111
  SINCE MAR 1     80                        90    -10      123
  SINCE JAN 1     80                        90    -10      123
..................................................................


WIND (MPH)
  HIGHEST WIND SPEED    16   HIGHEST WIND DIRECTION     S (190)
  HIGHEST GUST SPEED    24   HIGHEST GUST DIRECTION     N (10)
  AVERAGE WIND SPEED     8.0


SKY COVER
  POSSIBLE SUNSHINE  MM
  AVERAGE SKY COVER 0.5


WEATHER CONDITIONS
 THE FOLLOWING WEATHER WAS RECORDED YESTERDAY.
  NO SIGNIFICANT WEATHER WAS OBSERVED.


RELATIVE HUMIDITY (PERCENT)
 HIGHEST   100           900 PM
 LOWEST     58           400 PM
 AVERAGE    79

..........................................................


THE FAYETTEVILLE ARKANSAS CLIMATE NORMALS FOR TODAY
                         NORMAL    RECORD    YEAR
 MAXIMUM TEMPERATURE (F)   79        91      2012
 MINIMUM TEMPERATURE (F)   57        37      1961


SUNRISE AND SUNSET
MAY 27 2015...........SUNRISE   603 AM CDT   SUNSET   825 PM CDT
MAY 28 2015...........SUNRISE   603 AM CDT   SUNSET   825 PM CDT


-  INDICATES NEGATIVE NUMBERS.
R  INDICATES RECORD WAS SET OR TIED.
MM INDICATES DATA IS MISSING.
T  INDICATES TRACE AMOUNT.




$$
