000
CDUS44 KTSA 052118 RRA
CLIFYV

ZCZC OKCCLIFYV



CLIMATE REPORT
NATIONAL WEATHER SERVICE TULSA OK
418 PM CDT SUN JUL 5 2015


...................................

...THE FAYETTEVILLE ARKANSAS CLIMATE SUMMARY FOR JULY 5 2015...
VALID TODAY AS OF 0400 PM LOCAL TIME.

CLIMATE NORMAL PERIOD 1981 TO 2010
CLIMATE RECORD PERIOD 1905 TO 2015


WEATHER ITEM   OBSERVED TIME   RECORD YEAR NORMAL DEPARTURE LAST
                VALUE   (LST)  VALUE       VALUE  FROM      YEAR
                                                  NORMAL
..................................................................
TEMPERATURE (F)
 TODAY
  MAXIMUM         87    259 PM 100    2012  88     -1       84
                                      1954
  MINIMUM         66    543 AM  50    1972  66      0       59
  AVERAGE         77                        77      0       72

PRECIPITATION (IN)
  TODAY            0.00                      0.13  -0.13     0.00
  MONTH TO DATE    0.44                      0.69  -0.25      T
  SINCE JUN 1      7.21                      5.67   1.54     4.10
  SINCE JAN 1     30.67                     25.88   4.79    18.62

DEGREE DAYS
 COOLING
  TODAY           12                        12      0        7
  MONTH TO DATE   58                        58      0       32
  SINCE JUN 1    376                       303     73      294
  SINCE JAN 1    473                       416     57      442
..................................................................


WIND (MPH)
  HIGHEST WIND SPEED    14   HIGHEST WIND DIRECTION     S (180)
  HIGHEST GUST SPEED    17   HIGHEST GUST DIRECTION    SW (220)
  AVERAGE WIND SPEED     4.7


SKY COVER
  POSSIBLE SUNSHINE  MM
  AVERAGE SKY COVER 0.2


WEATHER CONDITIONS
 THE FOLLOWING WEATHER WAS RECORDED TODAY.
  FOG


RELATIVE HUMIDITY (PERCENT)
 HIGHEST   100          1200 AM
 LOWEST     70          1200 PM
 AVERAGE    85

..........................................................


THE FAYETTEVILLE ARKANSAS CLIMATE NORMALS FOR TOMORROW
                         NORMAL    RECORD    YEAR
 MAXIMUM TEMPERATURE (F)   88       101      2012
 MINIMUM TEMPERATURE (F)   66        45      1972


SUNRISE AND SUNSET
JULY  5 2015..........SUNRISE   605 AM CDT   SUNSET   837 PM CDT
JULY  6 2015..........SUNRISE   606 AM CDT   SUNSET   837 PM CDT


-  INDICATES NEGATIVE NUMBERS.
R  INDICATES RECORD WAS SET OR TIED.
MM INDICATES DATA IS MISSING.
T  INDICATES TRACE AMOUNT.




$$
