000
CDUS44 KTSA 252222
CLIFYV

CLIMATE REPORT
NATIONAL WEATHER SERVICE TULSA OK
421 PM CST SUN FEB 25 2018


...................................

...THE FAYETTEVILLE ARKANSAS CLIMATE SUMMARY FOR FEBRUARY 25 2018...
VALID TODAY AS OF 0400 PM LOCAL TIME.

CLIMATE NORMAL PERIOD 1981 TO 2010
CLIMATE RECORD PERIOD 1905 TO 2018


WEATHER ITEM   OBSERVED TIME   RECORD YEAR NORMAL DEPARTURE LAST
                VALUE   (LST)  VALUE       VALUE  FROM      YEAR
                                                  NORMAL
..................................................................
TEMPERATURE (F)
 TODAY
  MAXIMUM         59    254 PM  73    1999  54      5       46
                                      1950
  MINIMUM         27    643 AM   4    1965  31     -4       21
  AVERAGE         43                        42      1       34

PRECIPITATION (IN)
  TODAY            0.00                      0.11  -0.11     0.00
  MONTH TO DATE    7.12                      2.48   4.64     1.10
  SINCE DEC 1     10.74                      8.56   2.18     5.32
  SINCE JAN 1      8.83                      5.32   3.51     3.49

SNOWFALL (IN)
  TODAY            0.0                                       0.0
  MONTH TO DATE    T                                         0.0
  SINCE DEC 1      0.4                                       0.8
  SINCE JUL 1      0.4                                       0.8

DEGREE DAYS
 HEATING
  TODAY           22                        23     -1       31
  MONTH TO DATE  593                       643    -50      402
  SINCE DEC 1   2389                      2408    -19     1999
  SINCE JUL 1   3089                      3237   -148     2526
..................................................................


WIND (MPH)
  HIGHEST WIND SPEED    17   HIGHEST WIND DIRECTION     S (170)
  HIGHEST GUST SPEED    24   HIGHEST GUST DIRECTION     S (180)
  AVERAGE WIND SPEED     2.6


SKY COVER
  POSSIBLE SUNSHINE  MM
  AVERAGE SKY COVER 0.4


WEATHER CONDITIONS
 THE FOLLOWING WEATHER WAS RECORDED TODAY.
  FOG
  FOG W/VISIBILITY <= 1/4 MILE


RELATIVE HUMIDITY (PERCENT)
 HIGHEST   100          1200 AM
 LOWEST     24           300 PM
 AVERAGE    62

..........................................................


THE FAYETTEVILLE ARKANSAS CLIMATE NORMALS FOR TOMORROW
                         NORMAL    RECORD    YEAR
 MAXIMUM TEMPERATURE (F)   54        74      1976
 MINIMUM TEMPERATURE (F)   31         6      1960


SUNRISE AND SUNSET
FEBRUARY 25 2018......SUNRISE   652 AM CST   SUNSET   608 PM CST
FEBRUARY 26 2018......SUNRISE   651 AM CST   SUNSET   609 PM CST


-  INDICATES NEGATIVE NUMBERS.
R  INDICATES RECORD WAS SET OR TIED.
MM INDICATES DATA IS MISSING.
T  INDICATES TRACE AMOUNT.




$$
