000
CDUS44 KTSA 010811
CLIFYV

CLIMATE REPORT
NATIONAL WEATHER SERVICE TULSA OK
302 AM CDT WED OCT 1 2014


...................................

...THE FAYETTEVILLE ARKANSAS CLIMATE SUMMARY FOR SEPTEMBER 30 2014...

CLIMATE NORMAL PERIOD 1981 TO 2010
CLIMATE RECORD PERIOD 1905 TO 2014


WEATHER ITEM   OBSERVED TIME   RECORD YEAR NORMAL DEPARTURE LAST
                VALUE   (LST)  VALUE       VALUE  FROM      YEAR
                                                  NORMAL
..................................................................
TEMPERATURE (F)
 YESTERDAY
  MAXIMUM         82    131 PM  92    1953  75      7       80
  MINIMUM         52    635 AM  32    1984  51      1       55
  AVERAGE         67                        63      4       68

PRECIPITATION (IN)
  YESTERDAY        0.00                      0.16  -0.16     0.01
  MONTH TO DATE    3.58                      4.82  -1.24     3.67
  SINCE SEP 1      3.58                      4.82  -1.24     3.67
  SINCE JAN 1     26.71                     36.71 -10.00    34.74

DEGREE DAYS
 HEATING
  YESTERDAY        0                         5     -5        0
  MONTH TO DATE   26                        49    -23       12
  SINCE SEP 1     26                        51    -25       12
  SINCE JUL 1     30                        52    -22       12

 COOLING
  YESTERDAY        2                         2      0        3
  MONTH TO DATE  160                       158      2      217
  SINCE SEP 1    160                       158      2      217
  SINCE JAN 1   1195                      1283    -88     1346
..................................................................


WIND (MPH)
  HIGHEST WIND SPEED    16   HIGHEST WIND DIRECTION     S (200)
  HIGHEST GUST SPEED    22   HIGHEST GUST DIRECTION    SW (210)
  AVERAGE WIND SPEED     4.1


SKY COVER
  POSSIBLE SUNSHINE  MM
  AVERAGE SKY COVER 0.0


WEATHER CONDITIONS
 THE FOLLOWING WEATHER WAS RECORDED YESTERDAY.
  FOG


RELATIVE HUMIDITY (PERCENT)
 HIGHEST   100          1200 AM
 LOWEST     46           100 PM
 AVERAGE    73

..........................................................


THE FAYETTEVILLE ARKANSAS CLIMATE NORMALS FOR TODAY
                         NORMAL    RECORD    YEAR
 MAXIMUM TEMPERATURE (F)   74        96      1953
 MINIMUM TEMPERATURE (F)   50        31      1984


SUNRISE AND SUNSET
OCTOBER  1 2014.......SUNRISE   712 AM CDT   SUNSET   700 PM CDT
OCTOBER  2 2014.......SUNRISE   713 AM CDT   SUNSET   659 PM CDT


-  INDICATES NEGATIVE NUMBERS.
R  INDICATES RECORD WAS SET OR TIED.
MM INDICATES DATA IS MISSING.
T  INDICATES TRACE AMOUNT.




$$
