000
CDUS44 KTSA 072237
CLIFYV

CLIMATE REPORT
NATIONAL WEATHER SERVICE TULSA OK
418 PM CST WED DEC 7 2016


...................................

...THE FAYETTEVILLE ARKANSAS CLIMATE SUMMARY FOR DECEMBER 7 2016...
VALID TODAY AS OF 0400 PM LOCAL TIME.

CLIMATE NORMAL PERIOD 1981 TO 2010
CLIMATE RECORD PERIOD 1905 TO 2016


WEATHER ITEM   OBSERVED TIME   RECORD YEAR NORMAL DEPARTURE LAST
                VALUE   (LST)  VALUE       VALUE  FROM      YEAR
                                                  NORMAL
..................................................................
TEMPERATURE (F)
 TODAY
  MAXIMUM         35    105 PM  76    1966  50    -15       62
  MINIMUM         23    450 AM  -7    1950  29     -6       25
  AVERAGE         29                        39    -10       44

PRECIPITATION (IN)
  TODAY            T                         0.11  -0.11     0.00
  MONTH TO DATE    0.40                      0.83  -0.43     0.00
  SINCE DEC 1      0.40                      0.83  -0.43     0.00
  SINCE JAN 1     31.94                     46.10 -14.16    54.76

SNOWFALL (IN)
  TODAY            T                                         0.0
  MONTH TO DATE    0.0                                       0.0
  SINCE DEC 1      0.0                                       0.0
  SINCE JUL 1      0.0                                        T

DEGREE DAYS
 HEATING
  TODAY           36                        26     10       21
  MONTH TO DATE  182                       175      7      168
  SINCE DEC 1    182                       175      7      168
  SINCE JUL 1    709                      1004   -295      810
..................................................................


WIND (MPH)
  HIGHEST WIND SPEED    15   HIGHEST WIND DIRECTION     E (80)
  HIGHEST GUST SPEED    19   HIGHEST GUST DIRECTION     E (80)
  AVERAGE WIND SPEED     5.0


SKY COVER
  POSSIBLE SUNSHINE  MM
  AVERAGE SKY COVER 0.7


WEATHER CONDITIONS
 THE FOLLOWING WEATHER WAS RECORDED TODAY.
  FOG


RELATIVE HUMIDITY (PERCENT)
 HIGHEST    92           400 AM
 LOWEST     51          1000 AM
 AVERAGE    72

..........................................................


THE FAYETTEVILLE ARKANSAS CLIMATE NORMALS FOR TOMORROW
                         NORMAL    RECORD    YEAR
 MAXIMUM TEMPERATURE (F)   49        76      1991
 MINIMUM TEMPERATURE (F)   28         6      2005


SUNRISE AND SUNSET
DECEMBER  7 2016......SUNRISE   714 AM CST   SUNSET   502 PM CST
DECEMBER  8 2016......SUNRISE   715 AM CST   SUNSET   502 PM CST


-  INDICATES NEGATIVE NUMBERS.
R  INDICATES RECORD WAS SET OR TIED.
MM INDICATES DATA IS MISSING.
T  INDICATES TRACE AMOUNT.




$$
