000
CDUS43 KUNR 270839
CLIGCC


CLIMATE REPORT
NATIONAL WEATHER SERVICE RAPID CITY SD
239 AM MDT THU JUL 27 2017


...................................

...THE GILLETTE AIRPORT WY CLIMATE SUMMARY FOR JULY 26 2017...

CLIMATE NORMAL PERIOD 1981 TO 2010
CLIMATE RECORD PERIOD 9999 TO 9999


WEATHER ITEM   OBSERVED TIME   NORMAL DEPARTURE LAST
                VALUE   (LST)  VALUE  FROM      YEAR
                                      NORMAL
......................................................
TEMPERATURE (F)
 YESTERDAY
  MAXIMUM         84    341 PM  88     -4       91
  MINIMUM         61    435 AM  57      4       59
  AVERAGE         73            73      0       75

PRECIPITATION (IN)
  YESTERDAY        0.01          0.05  -0.04      T
  MONTH TO DATE    0.58          1.41  -0.83     0.19
  SINCE JUN 1      2.48          3.62  -1.14     0.63
  SINCE JAN 1      9.67          9.28   0.39     6.47

DEGREE DAYS
 HEATING
  YESTERDAY        0             0      0        0
  MONTH TO DATE    0            14    -14        7
  SINCE JUN 1     90           156    -66       41
  SINCE JUL 1      0            14    -14        7

 COOLING
  YESTERDAY        8             8      0       10
  MONTH TO DATE  303           176    127      188
  SINCE JUN 1    356           236    120      352
  SINCE JAN 1    360           244    116      352
......................................................


WIND (MPH)
  HIGHEST WIND SPEED    20   HIGHEST WIND DIRECTION     S (160)
  HIGHEST GUST SPEED    24   HIGHEST GUST DIRECTION     S (160)
  AVERAGE WIND SPEED     9.9


SKY COVER
  AVERAGE SKY COVER 0.4


WEATHER CONDITIONS
 THE FOLLOWING WEATHER WAS RECORDED YESTERDAY.
  LIGHT RAIN


RELATIVE HUMIDITY (PERCENT)
 HIGHEST   100           300 AM
 LOWEST     34           300 PM
 AVERAGE    67

..........................................................




SUNRISE AND SUNSET
JULY 27 2017..........SUNRISE   544 AM MDT   SUNSET   832 PM MDT
JULY 28 2017..........SUNRISE   545 AM MDT   SUNSET   831 PM MDT


-  INDICATES NEGATIVE NUMBERS.
R  INDICATES RECORD WAS SET OR TIED.
MM INDICATES DATA IS MISSING.
T  INDICATES TRACE AMOUNT.




$$
