000
CDUS43 KUNR 290833
CLIGCC


CLIMATE REPORT
NATIONAL WEATHER SERVICE RAPID CITY SD
232 AM MDT SUN MAY 29 2016


...................................

...THE GILLETTE AIRPORT WY CLIMATE SUMMARY FOR MAY 28 2016...

CLIMATE NORMAL PERIOD 1981 TO 2010
CLIMATE RECORD PERIOD 9999 TO 9999


WEATHER ITEM   OBSERVED TIME   NORMAL DEPARTURE LAST
                VALUE   (LST)  VALUE  FROM      YEAR
                                      NORMAL
......................................................
TEMPERATURE (F)
 YESTERDAY
  MAXIMUM         69    254 PM  70     -1       63
  MINIMUM         41   1039 PM  43     -2       47
  AVERAGE         55            56     -1       55

PRECIPITATION (IN)
  YESTERDAY        0.00          0.08  -0.08      T
  MONTH TO DATE    0.45          2.18  -1.73     4.17
  SINCE MAR 1      4.11          4.61  -0.50     5.82
  SINCE JAN 1      5.62          5.39   0.23     6.67

DEGREE DAYS
 HEATING
  YESTERDAY       10             9      1       10
  MONTH TO DATE  382           359     23      451
  SINCE MAR 1   1777          1967   -190     1760
  SINCE JUL 1   6508          7375   -867     6850

 COOLING
  YESTERDAY        0             0      0        0
  MONTH TO DATE    0             0      0        0
  SINCE MAR 1      0             0      0        0
  SINCE JAN 1      0             0      0        0
......................................................


WIND (MPH)
  HIGHEST WIND SPEED    16   HIGHEST WIND DIRECTION     N (340)
  HIGHEST GUST SPEED    20   HIGHEST GUST DIRECTION    NW (330)
  AVERAGE WIND SPEED     6.8


SKY COVER
  AVERAGE SKY COVER 0.4


WEATHER CONDITIONS
 THE FOLLOWING WEATHER WAS RECORDED YESTERDAY.
  NO SIGNIFICANT WEATHER WAS OBSERVED.


RELATIVE HUMIDITY (PERCENT)
 HIGHEST   100           500 AM
 LOWEST     40           300 PM
 AVERAGE    70

..........................................................




SUNRISE AND SUNSET
MAY 29 2016...........SUNRISE   522 AM MDT   SUNSET   837 PM MDT
MAY 30 2016...........SUNRISE   522 AM MDT   SUNSET   838 PM MDT


-  INDICATES NEGATIVE NUMBERS.
R  INDICATES RECORD WAS SET OR TIED.
MM INDICATES DATA IS MISSING.
T  INDICATES TRACE AMOUNT.




$$
