000
CDUS43 KUNR 280837
CLIGCC


CLIMATE REPORT
NATIONAL WEATHER SERVICE RAPID CITY SD
136 AM MST WED JAN 28 2015


...................................

...THE GILLETTE AIRPORT WY CLIMATE SUMMARY FOR JANUARY 27 2015...

CLIMATE NORMAL PERIOD 1981 TO 2010
CLIMATE RECORD PERIOD 9999 TO 9999


WEATHER ITEM   OBSERVED TIME   NORMAL DEPARTURE LAST
                VALUE   (LST)  VALUE  FROM      YEAR
                                      NORMAL
......................................................
TEMPERATURE (F)
 YESTERDAY
  MAXIMUM         63    245 PM  37     26       14
  MINIMUM         39    607 PM  15     24       -6
  AVERAGE         51            26     25        4

PRECIPITATION (IN)
  YESTERDAY        0.00          0.01  -0.01      T
  MONTH TO DATE    0.27          0.32  -0.05     0.37
  SINCE DEC 1      0.67          0.72  -0.05     1.04
  SINCE JAN 1      0.27          0.32  -0.05     0.37

DEGREE DAYS
 HEATING
  YESTERDAY       14            39    -25       61
  MONTH TO DATE 1024          1058    -34     1012
  SINCE DEC 1   2167          2324   -157     2412
  SINCE JUL 1   3950          4199   -249     4124

 COOLING
  YESTERDAY        0             0      0        0
  MONTH TO DATE    0             0      0        0
  SINCE DEC 1      0             0      0        0
  SINCE JAN 1      0             0      0        0
......................................................


WIND (MPH)
  HIGHEST WIND SPEED    23   HIGHEST WIND DIRECTION    SW (220)
  HIGHEST GUST SPEED    27   HIGHEST GUST DIRECTION    SW (220)
  AVERAGE WIND SPEED    13.4


SKY COVER
  AVERAGE SKY COVER 0.0


WEATHER CONDITIONS
 THE FOLLOWING WEATHER WAS RECORDED YESTERDAY.
  NO SIGNIFICANT WEATHER WAS OBSERVED.


RELATIVE HUMIDITY (PERCENT)
 HIGHEST    58          1100 PM
 LOWEST     29          1100 AM
 AVERAGE    44

..........................................................




SUNRISE AND SUNSET
JANUARY 28 2015.......SUNRISE   725 AM MST   SUNSET   506 PM MST
JANUARY 29 2015.......SUNRISE   724 AM MST   SUNSET   507 PM MST


-  INDICATES NEGATIVE NUMBERS.
R  INDICATES RECORD WAS SET OR TIED.
MM INDICATES DATA IS MISSING.
T  INDICATES TRACE AMOUNT.




$$
