000
CDUS43 KUNR 260834
CLIGCC


CLIMATE REPORT
NATIONAL WEATHER SERVICE RAPID CITY SD
231 AM MDT THU MAR 26 2015


...................................

...THE GILLETTE AIRPORT WY CLIMATE SUMMARY FOR MARCH 25 2015...

CLIMATE NORMAL PERIOD 1981 TO 2010
CLIMATE RECORD PERIOD 9999 TO 9999


WEATHER ITEM   OBSERVED TIME   NORMAL DEPARTURE LAST
                VALUE   (LST)  VALUE  FROM      YEAR
                                      NORMAL
......................................................
TEMPERATURE (F)
 YESTERDAY
  MAXIMUM         46    303 PM  50     -4       53
  MINIMUM         25    350 AM  24      1       15
  AVERAGE         36            37     -1       34

PRECIPITATION (IN)
  YESTERDAY        0.00          0.04  -0.04     0.00
  MONTH TO DATE    0.37          0.73  -0.36     0.61
  SINCE MAR 1      0.37          0.73  -0.36     0.61
  SINCE JAN 1      1.22          1.51  -0.29     1.89

DEGREE DAYS
 HEATING
  YESTERDAY       29            28      1       31
  MONTH TO DATE  616           774   -158      797
  SINCE MAR 1    616           774   -158      797
  SINCE JUL 1   5706          6182   -476     6442

 COOLING
  YESTERDAY        0             0      0        0
  MONTH TO DATE    0             0      0        0
  SINCE MAR 1      0             0      0        0
  SINCE JAN 1      0             0      0        0
......................................................


WIND (MPH)
  HIGHEST WIND SPEED    24   HIGHEST WIND DIRECTION     N (360)
  HIGHEST GUST SPEED    28   HIGHEST GUST DIRECTION     N (360)
  AVERAGE WIND SPEED     8.7


SKY COVER
  AVERAGE SKY COVER 0.7


WEATHER CONDITIONS
 THE FOLLOWING WEATHER WAS RECORDED YESTERDAY.
  NO SIGNIFICANT WEATHER WAS OBSERVED.


RELATIVE HUMIDITY (PERCENT)
 HIGHEST    92           300 AM
 LOWEST     45           300 PM
 AVERAGE    69

..........................................................




SUNRISE AND SUNSET
MARCH 26 2015.........SUNRISE   655 AM MDT   SUNSET   722 PM MDT
MARCH 27 2015.........SUNRISE   653 AM MDT   SUNSET   723 PM MDT


-  INDICATES NEGATIVE NUMBERS.
R  INDICATES RECORD WAS SET OR TIED.
MM INDICATES DATA IS MISSING.
T  INDICATES TRACE AMOUNT.




$$
