000
CDUS43 KUNR 220832
CLIGCC


CLIMATE REPORT
NATIONAL WEATHER SERVICE RAPID CITY SD
232 AM MDT FRI AUG 22 2014


...................................

...THE GILLETTE AIRPORT WY CLIMATE SUMMARY FOR AUGUST 21 2014...

CLIMATE NORMAL PERIOD 1981 TO 2010
CLIMATE RECORD PERIOD 9999 TO 9999


WEATHER ITEM   OBSERVED TIME   NORMAL DEPARTURE LAST
                VALUE   (LST)  VALUE  FROM      YEAR
                                      NORMAL
......................................................
TEMPERATURE (F)
 YESTERDAY
  MAXIMUM         82    412 PM  85     -3       89
  MINIMUM         55    525 AM  52      3       60
  AVERAGE         69            69      0       75

PRECIPITATION (IN)
  YESTERDAY        0.02          0.03  -0.01     0.00
  MONTH TO DATE    0.29          0.70  -0.41     0.99
  SINCE JUN 1      3.80          4.57  -0.77     6.39
  SINCE JAN 1     13.40         10.23   3.17    13.43

DEGREE DAYS
 HEATING
  YESTERDAY        0             1     -1        0
  MONTH TO DATE    0            18    -18        0
  SINCE JUN 1    205           179     26      117
  SINCE JUL 1     13            37    -24        0

 COOLING
  YESTERDAY        4             5     -1       10
  MONTH TO DATE  138           138      0      141
  SINCE JUN 1    332           412    -80      405
  SINCE JAN 1    340           420    -80      413
......................................................


WIND (MPH)
  HIGHEST WIND SPEED    25   HIGHEST WIND DIRECTION    NW (320)
  HIGHEST GUST SPEED    33   HIGHEST GUST DIRECTION    NW (310)
  AVERAGE WIND SPEED     7.0


SKY COVER
  AVERAGE SKY COVER 0.6


WEATHER CONDITIONS
 THE FOLLOWING WEATHER WAS RECORDED YESTERDAY.
  THUNDERSTORM
  LIGHT RAIN
  FOG


RELATIVE HUMIDITY (PERCENT)
 HIGHEST    93           300 AM
 LOWEST     33           400 PM
 AVERAGE    63

..........................................................




SUNRISE AND SUNSET
AUGUST 22 2014........SUNRISE   613 AM MDT   SUNSET   756 PM MDT
AUGUST 23 2014........SUNRISE   615 AM MDT   SUNSET   754 PM MDT


-  INDICATES NEGATIVE NUMBERS.
R  INDICATES RECORD WAS SET OR TIED.
MM INDICATES DATA IS MISSING.
T  INDICATES TRACE AMOUNT.




$$
