201
CDUS43 KUNR 280832
CLIGCC


CLIMATE REPORT
NATIONAL WEATHER SERVICE RAPID CITY SD
231 AM MDT THU JUL 28 2016


...................................

...THE GILLETTE AIRPORT WY CLIMATE SUMMARY FOR JULY 27 2016...

CLIMATE NORMAL PERIOD 1981 TO 2010
CLIMATE RECORD PERIOD 9999 TO 9999


WEATHER ITEM   OBSERVED TIME   NORMAL DEPARTURE LAST
                VALUE   (LST)  VALUE  FROM      YEAR
                                      NORMAL
......................................................
TEMPERATURE (F)
 YESTERDAY
  MAXIMUM         86    237 PM  88     -2       91
  MINIMUM         62   1159 PM  57      5       49
  AVERAGE         74            72      2       70

PRECIPITATION (IN)
  YESTERDAY        0.18          0.05   0.13     0.03
  MONTH TO DATE    0.37          1.46  -1.09     1.04
  SINCE JUN 1      0.81          3.67  -2.86     4.15
  SINCE JAN 1      6.65          9.33  -2.68    11.27

DEGREE DAYS
 HEATING
  YESTERDAY        0             0      0        0
  MONTH TO DATE    7            14     -7       15
  SINCE JUN 1     41           156   -115       54
  SINCE JUL 1      7            14     -7       15

 COOLING
  YESTERDAY        9             8      1        5
  MONTH TO DATE  197           184     13      152
  SINCE JUN 1    361           244    117      226
  SINCE JAN 1    361           252    109      226
......................................................


WIND (MPH)
  HIGHEST WIND SPEED    25   HIGHEST WIND DIRECTION     S (180)
  HIGHEST GUST SPEED    31   HIGHEST GUST DIRECTION     S (170)
  AVERAGE WIND SPEED     8.3


SKY COVER
  AVERAGE SKY COVER 0.3


WEATHER CONDITIONS
 THE FOLLOWING WEATHER WAS RECORDED YESTERDAY.
  THUNDERSTORM
  RAIN
  LIGHT RAIN
  FOG


RELATIVE HUMIDITY (PERCENT)
 HIGHEST    81           900 PM
 LOWEST     32          1100 AM
 AVERAGE    57

..........................................................




SUNRISE AND SUNSET
JULY 28 2016..........SUNRISE   546 AM MDT   SUNSET   831 PM MDT
JULY 29 2016..........SUNRISE   547 AM MDT   SUNSET   830 PM MDT


-  INDICATES NEGATIVE NUMBERS.
R  INDICATES RECORD WAS SET OR TIED.
MM INDICATES DATA IS MISSING.
T  INDICATES TRACE AMOUNT.




$$
