000
CDUS43 KUNR 190848 CCA
CLIGCC

CLIMATE REPORT
NATIONAL WEATHER SERVICE RAPID CITY SD
141 AM MST FRI JAN 19 2018


...................................

...THE GILLETTE AIRPORT WY CLIMATE SUMMARY FOR JANUARY 18 2018...

CLIMATE NORMAL PERIOD 1981 TO 2010
CLIMATE RECORD PERIOD 9999 TO 9999


WEATHER ITEM   OBSERVED TIME   NORMAL DEPARTURE LAST
                VALUE   (LST)  VALUE  FROM      YEAR
                                      NORMAL
......................................................
TEMPERATURE (F)
 YESTERDAY
  MAXIMUM         49        MM  38     11       52
  MINIMUM         MM        MM  15     MM       21
  AVERAGE         MM            26     MM       37

PRECIPITATION (IN)
  YESTERDAY        0.00          0.01  -0.01     0.00
  MONTH TO DATE    0.29          0.18   0.11     0.13
  SINCE DEC 1      1.00          0.58   0.42     0.98
  SINCE JAN 1      0.29          0.18   0.11     0.13

DEGREE DAYS
 HEATING
  YESTERDAY       18            39    -21       28
  MONTH TO DATE  677           707    -30      688
  SINCE DEC 1   1948          1973    -25     1957
  SINCE JUL 1   3719          3848   -129     3350

 COOLING
  YESTERDAY        0             0      0        0
  MONTH TO DATE    0             0      0        0
  SINCE DEC 1      0             0      0        0
  SINCE JAN 1      0             0      0        0
......................................................


WIND (MPH)
  HIGHEST WIND SPEED    27   HIGHEST WIND DIRECTION    SW (220)
  HIGHEST GUST SPEED    38   HIGHEST GUST DIRECTION    SW (230)
  AVERAGE WIND SPEED    23.0


SKY COVER
  AVERAGE SKY COVER 0.0


WEATHER CONDITIONS
 THE FOLLOWING WEATHER WAS RECORDED YESTERDAY.
  NO SIGNIFICANT WEATHER WAS OBSERVED.


RELATIVE HUMIDITY (PERCENT)
 HIGHEST    58          1100 PM
 LOWEST     45           100 PM
 AVERAGE    52

..........................................................




SUNRISE AND SUNSET
JANUARY 19 2018.......SUNRISE   732 AM MST   SUNSET   454 PM MST
JANUARY 20 2018.......SUNRISE   731 AM MST   SUNSET   455 PM MST


-  INDICATES NEGATIVE NUMBERS.
R  INDICATES RECORD WAS SET OR TIED.
MM INDICATES DATA IS MISSING.
T  INDICATES TRACE AMOUNT.




$$
