000
CDUS43 KUNR 050832
CLIGCC


CLIMATE REPORT
NATIONAL WEATHER SERVICE RAPID CITY SD
231 AM MDT WED AUG 5 2015


...................................

...THE GILLETTE AIRPORT WY CLIMATE SUMMARY FOR AUGUST 4 2015...

CLIMATE NORMAL PERIOD 1981 TO 2010
CLIMATE RECORD PERIOD 9999 TO 9999


WEATHER ITEM   OBSERVED TIME   NORMAL DEPARTURE LAST
                VALUE   (LST)  VALUE  FROM      YEAR
                                      NORMAL
......................................................
TEMPERATURE (F)
 YESTERDAY
  MAXIMUM         84    132 PM  88     -4       88
  MINIMUM         56    356 AM  56      0       56
  AVERAGE         70            72     -2       72

PRECIPITATION (IN)
  YESTERDAY        0.13          0.04   0.09     0.19
  MONTH TO DATE    0.13          0.17  -0.04     0.19
  SINCE JUN 1      4.28          4.04   0.24     3.70
  SINCE JAN 1     11.40          9.70   1.70    13.30

DEGREE DAYS
 HEATING
  YESTERDAY        0             1     -1        0
  MONTH TO DATE    0             1     -1        0
  SINCE JUN 1     61           162   -101      205
  SINCE JUL 1     22            20      2       13

 COOLING
  YESTERDAY        5             7     -2        7
  MONTH TO DATE   32            31      1       31
  SINCE JUN 1    270           305    -35      225
  SINCE JAN 1    270           313    -43      233
......................................................


WIND (MPH)
  HIGHEST WIND SPEED    39   HIGHEST WIND DIRECTION    SW (240)
  HIGHEST GUST SPEED    45   HIGHEST GUST DIRECTION    SW (240)
  AVERAGE WIND SPEED     5.8


SKY COVER
  AVERAGE SKY COVER 0.2


WEATHER CONDITIONS
 THE FOLLOWING WEATHER WAS RECORDED YESTERDAY.
  THUNDERSTORM
  HEAVY RAIN
  RAIN
  LIGHT RAIN


RELATIVE HUMIDITY (PERCENT)
 HIGHEST    78           800 PM
 LOWEST     34           100 PM
 AVERAGE    56

..........................................................




SUNRISE AND SUNSET
AUGUST  5 2015........SUNRISE   554 AM MDT   SUNSET   822 PM MDT
AUGUST  6 2015........SUNRISE   555 AM MDT   SUNSET   821 PM MDT


-  INDICATES NEGATIVE NUMBERS.
R  INDICATES RECORD WAS SET OR TIED.
MM INDICATES DATA IS MISSING.
T  INDICATES TRACE AMOUNT.




$$
