358
CDUS43 KUNR 260832
CLIGCC


CLIMATE REPORT
NATIONAL WEATHER SERVICE RAPID CITY SD
232 AM MDT FRI MAY 26 2017


...................................

...THE GILLETTE AIRPORT WY CLIMATE SUMMARY FOR MAY 25 2017...

CLIMATE NORMAL PERIOD 1981 TO 2010
CLIMATE RECORD PERIOD 9999 TO 9999


WEATHER ITEM   OBSERVED TIME   NORMAL DEPARTURE LAST
                VALUE   (LST)  VALUE  FROM      YEAR
                                      NORMAL
......................................................
TEMPERATURE (F)
 YESTERDAY
  MAXIMUM         62   1220 PM  69     -7       62
  MINIMUM         35    342 AM  42     -7       44
  AVERAGE         49            55     -6       53

PRECIPITATION (IN)
  YESTERDAY        0.00          0.08  -0.08      T
  MONTH TO DATE    1.22          1.94  -0.72     0.43
  SINCE MAR 1      6.32          4.37   1.95     4.09
  SINCE JAN 1      7.16          5.15   2.01     5.60

DEGREE DAYS
 HEATING
  YESTERDAY       16            10      6       12
  MONTH TO DATE  313           331    -18      349
  SINCE MAR 1   1666          1939   -273     1744
  SINCE JUL 1   6423          7347   -924     6475

 COOLING
  YESTERDAY        0             0      0        0
  MONTH TO DATE    4             0      4        0
  SINCE MAR 1      4             0      4        0
  SINCE JAN 1      4             0      4        0
......................................................


WIND (MPH)
  HIGHEST WIND SPEED    30   HIGHEST WIND DIRECTION    NW (330)
  HIGHEST GUST SPEED    36   HIGHEST GUST DIRECTION     N (340)
  AVERAGE WIND SPEED    11.2


SKY COVER
  AVERAGE SKY COVER 0.5


WEATHER CONDITIONS
 THE FOLLOWING WEATHER WAS RECORDED YESTERDAY.
  NO SIGNIFICANT WEATHER WAS OBSERVED.


RELATIVE HUMIDITY (PERCENT)
 HIGHEST    85          1200 AM
 LOWEST     37          1100 AM
 AVERAGE    61

..........................................................




SUNRISE AND SUNSET
MAY 26 2017...........SUNRISE   525 AM MDT   SUNSET   834 PM MDT
MAY 27 2017...........SUNRISE   524 AM MDT   SUNSET   835 PM MDT


-  INDICATES NEGATIVE NUMBERS.
R  INDICATES RECORD WAS SET OR TIED.
MM INDICATES DATA IS MISSING.
T  INDICATES TRACE AMOUNT.




$$
