000
CDUS43 KUNR 230834
CLIGCC


CLIMATE REPORT
NATIONAL WEATHER SERVICE RAPID CITY SD
234 AM MDT SUN APR 23 2017


...................................

...THE GILLETTE AIRPORT WY CLIMATE SUMMARY FOR APRIL 22 2017...

CLIMATE NORMAL PERIOD 1981 TO 2010
CLIMATE RECORD PERIOD 9999 TO 9999


WEATHER ITEM   OBSERVED TIME   NORMAL DEPARTURE LAST
                VALUE   (LST)  VALUE  FROM      YEAR
                                      NORMAL
......................................................
TEMPERATURE (F)
 YESTERDAY
  MAXIMUM         57    521 PM  58     -1       79
  MINIMUM         40    618 AM  32      8       44
  AVERAGE         49            45      4       62

PRECIPITATION (IN)
  YESTERDAY        T             0.05  -0.05     0.00
  MONTH TO DATE    1.84          0.90   0.94     0.84
  SINCE MAR 1      2.63          1.86   0.77     1.95
  SINCE JAN 1      3.47          2.64   0.83     3.46

DEGREE DAYS
 HEATING
  YESTERDAY       16            20     -4        3
  MONTH TO DATE  438           519    -81      413
  SINCE MAR 1   1143          1458   -315     1201
  SINCE JUL 1   5900          6866   -966     5932

 COOLING
  YESTERDAY        0             0      0        0
  MONTH TO DATE    0             0      0        0
  SINCE MAR 1      0             0      0        0
  SINCE JAN 1      0             0      0        0
......................................................


WIND (MPH)
  HIGHEST WIND SPEED    24   HIGHEST WIND DIRECTION     S (180)
  HIGHEST GUST SPEED    29   HIGHEST GUST DIRECTION     S (180)
  AVERAGE WIND SPEED     9.1


SKY COVER
  AVERAGE SKY COVER 0.7


WEATHER CONDITIONS
 THE FOLLOWING WEATHER WAS RECORDED YESTERDAY.
  LIGHT RAIN
  FOG


RELATIVE HUMIDITY (PERCENT)
 HIGHEST   100          1200 AM
 LOWEST     47           500 PM
 AVERAGE    74

..........................................................




SUNRISE AND SUNSET
APRIL 23 2017.........SUNRISE   605 AM MDT   SUNSET   757 PM MDT
APRIL 24 2017.........SUNRISE   603 AM MDT   SUNSET   758 PM MDT


-  INDICATES NEGATIVE NUMBERS.
R  INDICATES RECORD WAS SET OR TIED.
MM INDICATES DATA IS MISSING.
T  INDICATES TRACE AMOUNT.




$$
