000
CDUS43 KUNR 220843
CLIGCC


CLIMATE REPORT
NATIONAL WEATHER SERVICE RAPID CITY SD
243 AM MDT FRI SEP 22 2017


...................................

...THE GILLETTE AIRPORT WY CLIMATE SUMMARY FOR SEPTEMBER 21 2017...

CLIMATE NORMAL PERIOD 1981 TO 2010
CLIMATE RECORD PERIOD 9999 TO 9999


WEATHER ITEM   OBSERVED TIME   NORMAL DEPARTURE LAST
                VALUE   (LST)  VALUE  FROM      YEAR
                                      NORMAL
......................................................
TEMPERATURE (F)
 YESTERDAY
  MAXIMUM         65    342 PM  70     -5       59
  MINIMUM         40    515 AM  41     -1       47
  AVERAGE         53            56     -3       53

PRECIPITATION (IN)
  YESTERDAY        T             0.05  -0.05     0.01
  MONTH TO DATE    1.20          0.77   0.43     0.91
  SINCE SEP 1      1.20          0.77   0.43     0.91
  SINCE JAN 1     11.35         11.25   0.10    10.07

DEGREE DAYS
 HEATING
  YESTERDAY       12            10      2       12
  MONTH TO DATE  141           130     11      123
  SINCE SEP 1    141           130     11      123
  SINCE JUL 1    176           187    -11      177

 COOLING
  YESTERDAY        0             1     -1        0
  MONTH TO DATE   65            39     26       25
  SINCE SEP 1     65            39     26       25
  SINCE JAN 1    617           499    118      569
......................................................


WIND (MPH)
  HIGHEST WIND SPEED    25   HIGHEST WIND DIRECTION     N (10)
  HIGHEST GUST SPEED    32   HIGHEST GUST DIRECTION     N (10)
  AVERAGE WIND SPEED    10.9


SKY COVER
  AVERAGE SKY COVER 0.1


WEATHER CONDITIONS
 THE FOLLOWING WEATHER WAS RECORDED YESTERDAY.
  LIGHT RAIN


RELATIVE HUMIDITY (PERCENT)
 HIGHEST    82           400 AM
 LOWEST     40          1200 AM
 AVERAGE    61

..........................................................




SUNRISE AND SUNSET
SEPTEMBER 22 2017.....SUNRISE   650 AM MDT   SUNSET   659 PM MDT
SEPTEMBER 23 2017.....SUNRISE   651 AM MDT   SUNSET   657 PM MDT


-  INDICATES NEGATIVE NUMBERS.
R  INDICATES RECORD WAS SET OR TIED.
MM INDICATES DATA IS MISSING.
T  INDICATES TRACE AMOUNT.




$$
