000
CDUS43 KUNR 200835
CLIGCC


CLIMATE REPORT
NATIONAL WEATHER SERVICE RAPID CITY SD
234 AM MDT SAT SEP 20 2014


...................................

...THE GILLETTE AIRPORT WY CLIMATE SUMMARY FOR SEPTEMBER 19 2014...

CLIMATE NORMAL PERIOD 1981 TO 2010
CLIMATE RECORD PERIOD 9999 TO 9999


WEATHER ITEM   OBSERVED TIME   NORMAL DEPARTURE LAST
                VALUE   (LST)  VALUE  FROM      YEAR
                                      NORMAL
......................................................
TEMPERATURE (F)
 YESTERDAY
  MAXIMUM         78    323 PM  71      7       60
  MINIMUM         52   1133 PM  42     10       38
  AVERAGE         65            57      8       49

PRECIPITATION (IN)
  YESTERDAY        0.02          0.04  -0.02     0.00
  MONTH TO DATE    0.64          0.67  -0.03     1.06
  SINCE SEP 1      0.64          0.67  -0.03     1.06
  SINCE JAN 1     15.90         11.15   4.75    14.49

DEGREE DAYS
 HEATING
  YESTERDAY        0             9     -9       16
  MONTH TO DATE  176           111     65       27
  SINCE SEP 1    176           111     65       27
  SINCE JUL 1    225           168     57       27

 COOLING
  YESTERDAY        0             1     -1        0
  MONTH TO DATE   27            37    -10       88
  SINCE SEP 1     27            37    -10       88
  SINCE JAN 1    382           497   -115      610
......................................................


WIND (MPH)
  HIGHEST WIND SPEED    21   HIGHEST WIND DIRECTION     N (350)
  HIGHEST GUST SPEED    24   HIGHEST GUST DIRECTION    NW (330)
  AVERAGE WIND SPEED     9.9


SKY COVER
  AVERAGE SKY COVER 0.3


WEATHER CONDITIONS
 THE FOLLOWING WEATHER WAS RECORDED YESTERDAY.
  THUNDERSTORM
  LIGHT RAIN


RELATIVE HUMIDITY (PERCENT)
 HIGHEST    93           300 AM
 LOWEST     33           100 PM
 AVERAGE    63

..........................................................




SUNRISE AND SUNSET
SEPTEMBER 20 2014.....SUNRISE   647 AM MDT   SUNSET   703 PM MDT
SEPTEMBER 21 2014.....SUNRISE   648 AM MDT   SUNSET   701 PM MDT


-  INDICATES NEGATIVE NUMBERS.
R  INDICATES RECORD WAS SET OR TIED.
MM INDICATES DATA IS MISSING.
T  INDICATES TRACE AMOUNT.




$$
