901
CDUS43 KDDC 240710
CLIGCK


CLIMATE REPORT
NATIONAL WEATHER SERVICE DODGE CITY KS
209 AM CDT TUE MAY 24 2016


...................................

...THE GARDEN CITY REGIONAL ARPT KS CLIMATE SUMMARY FOR MAY 23 2016...

CLIMATE NORMAL PERIOD 1981 TO 2010
CLIMATE RECORD PERIOD 1948 TO 2016


WEATHER ITEM   OBSERVED TIME   RECORD YEAR NORMAL DEPARTURE LAST
                VALUE   (LST)  VALUE       VALUE  FROM      YEAR
                                                  NORMAL
..................................................................
TEMPERATURE (F)
 YESTERDAY
  MAXIMUM         83    637 PM 101    1964  78      5       67
  MINIMUM         57    547 AM  42    1966  53      4       51
  AVERAGE         70                        66      4       59

PRECIPITATION (IN)
  YESTERDAY        0.00          1.84 2007   0.10  -0.10     1.36
  MONTH TO DATE    0.38                      2.02  -1.64     6.08
  SINCE MAR 1      4.92                      5.20  -0.28     6.76
  SINCE JAN 1      5.14                      6.08  -0.94     7.53

DEGREE DAYS
 HEATING
  YESTERDAY        0                         3     -3
  MONTH TO DATE  164                       113     51
  SINCE MAR 1   1013                      1151   -138
  SINCE JUL 1   4426                      5175   -749

 COOLING
  YESTERDAY        5                         3      2
  MONTH TO DATE   26                        44    -18
  SINCE MAR 1     31                        56    -25
  SINCE JAN 1     32                        56    -24
..................................................................


WIND (MPH)
  HIGHEST WIND SPEED    26   HIGHEST WIND DIRECTION    SE (150)
  HIGHEST GUST SPEED    33   HIGHEST GUST DIRECTION     S (180)
  AVERAGE WIND SPEED     9.9



WEATHER CONDITIONS
 THE FOLLOWING WEATHER WAS RECORDED YESTERDAY.
  LIGHT RAIN


RELATIVE HUMIDITY (PERCENT)
 HIGHEST    93           600 AM
 LOWEST     40           500 PM
 AVERAGE    67

..........................................................


THE GARDEN CITY REGIONAL ARPT KS CLIMATE NORMALS FOR TODAY
                         NORMAL    RECORD    YEAR
 MAXIMUM TEMPERATURE (F)   79       102      1967
 MINIMUM TEMPERATURE (F)   53        37      1979


SUNRISE AND SUNSET
MAY 24 2016...........SUNRISE   626 AM CDT   SUNSET   854 PM CDT
MAY 25 2016...........SUNRISE   625 AM CDT   SUNSET   855 PM CDT


-  INDICATES NEGATIVE NUMBERS.
R  INDICATES RECORD WAS SET OR TIED.
MM INDICATES DATA IS MISSING.
T  INDICATES TRACE AMOUNT.




$$
