000
CDUS43 KDDC 282336
CLIGCK


CLIMATE REPORT
NATIONAL WEATHER SERVICE DODGE CITY KS
635 PM CDT FRI AUG 28 2015


...................................

...THE GARDEN CITY REGIONAL ARPT KS CLIMATE SUMMARY FOR AUGUST 28 2015...
VALID TODAY AS OF 0500 PM LOCAL TIME.

CLIMATE NORMAL PERIOD 1981 TO 2010
CLIMATE RECORD PERIOD 1948 TO 2015


WEATHER ITEM   OBSERVED TIME   RECORD YEAR NORMAL DEPARTURE LAST
                VALUE   (LST)  VALUE       VALUE  FROM      YEAR
                                                  NORMAL
..................................................................
TEMPERATURE (F)
 TODAY
  MAXIMUM         94    323 PM 105    1984  88      6       83
  MINIMUM         65    644 AM  46    1976  62      3       62
  AVERAGE         80                        75      5       73

PRECIPITATION (IN)
  TODAY            0.00          1.10 1950   0.06  -0.06     0.08
  MONTH TO DATE    1.89                      2.26  -0.37     1.85
  SINCE JUN 1     10.97                      8.52   2.45    16.29
  SINCE JAN 1     19.79                     15.46   4.33    17.65

DEGREE DAYS
 HEATING
  TODAY            0                         0      0        0
  MONTH TO DATE    0                         0      0        0
  SINCE JUN 1      0                        17    -17       21
  SINCE JUL 1      0                         1     -1       10

 COOLING
  TODAY           15                        10      5        8
  MONTH TO DATE  320                       336    -16      368
  SINCE JUN 1   1076                       998     78      984
  SINCE JAN 1   1106                      1087     19     1127
..................................................................


WIND (MPH)
  HIGHEST WIND SPEED    17   HIGHEST WIND DIRECTION    NW (310)
  HIGHEST GUST SPEED    22   HIGHEST GUST DIRECTION    NW (300)
  AVERAGE WIND SPEED     9.1



WEATHER CONDITIONS
 THE FOLLOWING WEATHER WAS RECORDED TODAY.
  NO SIGNIFICANT WEATHER WAS OBSERVED.


RELATIVE HUMIDITY (PERCENT)
 HIGHEST    87           200 AM
 LOWEST     25           300 PM
 AVERAGE    56

..........................................................


THE GARDEN CITY REGIONAL ARPT KS CLIMATE NORMALS FOR TOMORROW
                         NORMAL    RECORD    YEAR
 MAXIMUM TEMPERATURE (F)   88       104      1984
 MINIMUM TEMPERATURE (F)   61        47      1988


SUNRISE AND SUNSET
AUGUST 28 2015........SUNRISE   709 AM CDT   SUNSET   818 PM CDT
AUGUST 29 2015........SUNRISE   710 AM CDT   SUNSET   817 PM CDT


-  INDICATES NEGATIVE NUMBERS.
R  INDICATES RECORD WAS SET OR TIED.
MM INDICATES DATA IS MISSING.
T  INDICATES TRACE AMOUNT.




$$
