000
CDUS43 KDDC 302326
CLIGCK


CLIMATE REPORT
NATIONAL WEATHER SERVICE DODGE CITY KS
625 PM CDT TUE JUN 30 2015


...................................

...THE GARDEN CITY REGIONAL ARPT KS CLIMATE SUMMARY FOR JUNE 30 2015...
VALID TODAY AS OF 0500 PM LOCAL TIME.

CLIMATE NORMAL PERIOD 1981 TO 2010
CLIMATE RECORD PERIOD 1948 TO 2015


WEATHER ITEM   OBSERVED TIME   RECORD YEAR NORMAL DEPARTURE LAST
                VALUE   (LST)  VALUE       VALUE  FROM      YEAR
                                                  NORMAL
..................................................................
TEMPERATURE (F)
 TODAY
  MAXIMUM         96    237 PM 106    2011  91      5       93
  MINIMUM         62    551 AM  52    1951  63     -1       68
  AVERAGE         79                        77      2       81

PRECIPITATION (IN)
  TODAY            0.00          0.41 2004   0.11  -0.11     0.24
  MONTH TO DATE    2.55                      3.48  -0.93    10.88
  SINCE JUN 1      2.55                      3.48  -0.93    10.88
  SINCE JAN 1     11.37                     10.42   0.95    12.24

DEGREE DAYS
 HEATING
  TODAY            0                         0      0        0
  MONTH TO DATE    0                        14    -14       11
  SINCE JUN 1      0                        16    -16       11
  SINCE JUL 1   4961                      5207   -246     5398

 COOLING
  TODAY           14                        12      2       16
  MONTH TO DATE  346                       252     94      274
  SINCE JUN 1    346                       252     94      274
  SINCE JAN 1    376                       341     35      417
..................................................................


WIND (MPH)
  HIGHEST WIND SPEED    22   HIGHEST WIND DIRECTION    SW (210)
  HIGHEST GUST SPEED    27   HIGHEST GUST DIRECTION    SW (210)
  AVERAGE WIND SPEED     9.2



WEATHER CONDITIONS
 THE FOLLOWING WEATHER WAS RECORDED TODAY.
  NO SIGNIFICANT WEATHER WAS OBSERVED.


RELATIVE HUMIDITY (PERCENT)
 HIGHEST    81          1200 AM
 LOWEST     23           200 PM
 AVERAGE    52

..........................................................


THE GARDEN CITY REGIONAL ARPT KS CLIMATE NORMALS FOR TOMORROW
                         NORMAL    RECORD    YEAR
 MAXIMUM TEMPERATURE (F)   91       105      1994
 MINIMUM TEMPERATURE (F)   63        56      2013


SUNRISE AND SUNSET
JUNE 30 2015..........SUNRISE   624 AM CDT   SUNSET   909 PM CDT
JULY  1 2015..........SUNRISE   624 AM CDT   SUNSET   909 PM CDT


-  INDICATES NEGATIVE NUMBERS.
R  INDICATES RECORD WAS SET OR TIED.
MM INDICATES DATA IS MISSING.
T  INDICATES TRACE AMOUNT.




$$
