000
CDUS43 KDDC 301009
CLIGCK


CLIMATE REPORT
NATIONAL WEATHER SERVICE DODGE CITY KS
407 AM CST FRI JAN 30 2015


...................................

...THE GARDEN CITY REGIONAL ARPT KS CLIMATE SUMMARY FOR JANUARY 29 2015...

CLIMATE NORMAL PERIOD 1981 TO 2010
CLIMATE RECORD PERIOD 1948 TO 2015


WEATHER ITEM   OBSERVED TIME   RECORD YEAR NORMAL DEPARTURE LAST
                VALUE   (LST)  VALUE       VALUE  FROM      YEAR
                                                  NORMAL
..................................................................
TEMPERATURE (F)
 YESTERDAY
  MAXIMUM         49    337 PM  71    1971  45      4       50
  MINIMUM         25    952 PM -11    1949  18      7        8
  AVERAGE         37                        32      5       29

PRECIPITATION (IN)
  YESTERDAY        0.00          0.73 1956   0.01  -0.01     0.00
  MONTH TO DATE    0.05                      0.31  -0.26     0.02
  SINCE DEC 1      0.10                      0.83  -0.73     0.03
  SINCE JAN 1      0.05                      0.31  -0.26     0.02

DEGREE DAYS
 HEATING
  YESTERDAY       28                        33     -5
  MONTH TO DATE  929                       985    -56
  SINCE DEC 1   1911                      2019   -108
  SINCE JUL 1   2950                      3108   -158

 COOLING
  YESTERDAY        0                         0      0
  MONTH TO DATE    0                         0      0
  SINCE DEC 1      0                         0      0
  SINCE JAN 1      0                         0      0
..................................................................


WIND (MPH)
  HIGHEST WIND SPEED    26   HIGHEST WIND DIRECTION     N (360)
  HIGHEST GUST SPEED    34   HIGHEST GUST DIRECTION     N (360)
  AVERAGE WIND SPEED    13.4



WEATHER CONDITIONS
 THE FOLLOWING WEATHER WAS RECORDED YESTERDAY.
  NO SIGNIFICANT WEATHER WAS OBSERVED.


RELATIVE HUMIDITY (PERCENT)
 HIGHEST    82           600 AM
 LOWEST     34           300 PM
 AVERAGE    58

..........................................................


THE GARDEN CITY REGIONAL ARPT KS CLIMATE NORMALS FOR TODAY
                         NORMAL    RECORD    YEAR
 MAXIMUM TEMPERATURE (F)   45        78      1986
 MINIMUM TEMPERATURE (F)   18       -13      1979


SUNRISE AND SUNSET
JANUARY 30 2015.......SUNRISE   749 AM CST   SUNSET   604 PM CST
JANUARY 31 2015.......SUNRISE   748 AM CST   SUNSET   605 PM CST


-  INDICATES NEGATIVE NUMBERS.
R  INDICATES RECORD WAS SET OR TIED.
MM INDICATES DATA IS MISSING.
T  INDICATES TRACE AMOUNT.




$$
