000
CDUS41 KPHI 230628
CLIGED


CLIMATE REPORT
NATIONAL WEATHER SERVICE MOUNT HOLLY NJ
228 AM EDT WED APR 23 2014


...................................

...THE GEORGETOWN DE CLIMATE SUMMARY FOR APRIL 22 2014...

CLIMATE NORMAL PERIOD 1981 TO 2010
CLIMATE RECORD PERIOD 1948 TO 2014


WEATHER ITEM   OBSERVED TIME   RECORD YEAR NORMAL DEPARTURE LAST
                VALUE   (LST)  VALUE       VALUE  FROM      YEAR
                                                  NORMAL
..................................................................
TEMPERATURE (F)
 YESTERDAY
  MAXIMUM         80    215 PM  89    1976  67     13       53
  MINIMUM         43    512 AM  28    1975  45     -2       34
  AVERAGE         62                        56      6       44

PRECIPITATION (IN)
  YESTERDAY        T             1.67 2012   0.12  -0.12     0.00
  MONTH TO DATE    1.99                      2.82  -0.83     2.56
  SINCE MAR 1      5.35                      6.87  -1.52     6.14
  SINCE JAN 1     12.53                     12.58  -0.05    11.11

SNOWFALL (IN)
  YESTERDAY       MM            MM      MM  MM     MM       MM
  MONTH TO DATE   MM                        MM     MM       MM
  SINCE MAR 1     MM                        MM     MM       MM
  SINCE JUL 1     MM                        MM     MM       MM
  SNOW DEPTH      MM

DEGREE DAYS
 HEATING
  YESTERDAY        3                        10     -7       21
  MONTH TO DATE  252                       279    -27      221
  SINCE MAR 1    992                       911     81      953
  SINCE JUL 1   4347                      4191    156     3933

 COOLING
  YESTERDAY        0                         1     -1        0
  MONTH TO DATE   12                        12      0       31
  SINCE MAR 1     12                        14     -2       31
  SINCE JAN 1     12                        14     -2       31
..................................................................


WIND (MPH)
  HIGHEST WIND SPEED    17   HIGHEST WIND DIRECTION    SW (210)
  HIGHEST GUST SPEED    22   HIGHEST GUST DIRECTION    SW (220)
  AVERAGE WIND SPEED     5.5


SKY COVER
  POSSIBLE SUNSHINE  MM
  AVERAGE SKY COVER 0.3


WEATHER CONDITIONS
 THE FOLLOWING WEATHER WAS RECORDED YESTERDAY.
  LIGHT RAIN
  FOG


RELATIVE HUMIDITY (PERCENT)
 HIGHEST    93          1100 PM
 LOWEST     25           100 PM
 AVERAGE    59

..........................................................


THE GEORGETOWN DE CLIMATE NORMALS FOR TODAY
                         NORMAL    RECORD    YEAR
 MAXIMUM TEMPERATURE (F)   67        92      1985
 MINIMUM TEMPERATURE (F)   46        31      1989


SUNRISE AND SUNSET
APRIL 23 2014.........SUNRISE   614 AM EDT   SUNSET   746 PM EDT
APRIL 24 2014.........SUNRISE   613 AM EDT   SUNSET   747 PM EDT


-  INDICATES NEGATIVE NUMBERS.
R  INDICATES RECORD WAS SET OR TIED.
MM INDICATES DATA IS MISSING.
T  INDICATES TRACE AMOUNT.




$$
