000
CDUS41 KPHI 170552
CLIGED


CLIMATE REPORT
NATIONAL WEATHER SERVICE MOUNT HOLLY NJ
152 AM EDT THU AUG 17 2017


...................................

...THE GEORGETOWN DE CLIMATE SUMMARY FOR AUGUST 16 2017...

CLIMATE NORMAL PERIOD 1981 TO 2010
CLIMATE RECORD PERIOD 1948 TO 2017


WEATHER ITEM   OBSERVED TIME   RECORD YEAR NORMAL DEPARTURE LAST
                VALUE   (LST)  VALUE       VALUE  FROM      YEAR
                                                  NORMAL
..................................................................
TEMPERATURE (F)
 YESTERDAY
  MAXIMUM         89    338 PM  97    1954  85      4       95
  MINIMUM         73   1159 PM  48    1963  67      6       73
  AVERAGE         81                        76      5       84

PRECIPITATION (IN)
  YESTERDAY        0.00          2.70 1989   0.11  -0.11     0.31
  MONTH TO DATE    4.63                      1.65   2.98     2.50
  SINCE JUN 1     15.05                     10.45   4.60     9.75
  SINCE JAN 1     31.23                     27.39   3.84    27.98

DEGREE DAYS
 HEATING
  YESTERDAY        0                         0      0        0
  MONTH TO DATE    0                         0      0        0
  SINCE JUN 1     12                        13     -1        1
  SINCE JUL 1      0                         0      0        0

 COOLING
  YESTERDAY       16                        11      5       19
  MONTH TO DATE  173                       184    -11      243
  SINCE JUN 1    940                       790    150      938
  SINCE JAN 1   1086                       884    202     1028
..................................................................


WIND (MPH)
  HIGHEST WIND SPEED    12   HIGHEST WIND DIRECTION     E (100)
  HIGHEST GUST SPEED    15   HIGHEST GUST DIRECTION     E (90)
  AVERAGE WIND SPEED     3.0


SKY COVER
  POSSIBLE SUNSHINE  MM
  AVERAGE SKY COVER 0.6


WEATHER CONDITIONS
 THE FOLLOWING WEATHER WAS RECORDED YESTERDAY.
  FOG


RELATIVE HUMIDITY (PERCENT)
 HIGHEST   100           300 AM
 LOWEST     55           100 PM
 AVERAGE    78

..........................................................


THE GEORGETOWN DE CLIMATE NORMALS FOR TODAY
                         NORMAL    RECORD    YEAR
 MAXIMUM TEMPERATURE (F)   85        98      1982
 MINIMUM TEMPERATURE (F)   67        48      1979


SUNRISE AND SUNSET
AUGUST 17 2017........SUNRISE   617 AM EDT   SUNSET   753 PM EDT
AUGUST 18 2017........SUNRISE   618 AM EDT   SUNSET   751 PM EDT


-  INDICATES NEGATIVE NUMBERS.
R  INDICATES RECORD WAS SET OR TIED.
MM INDICATES DATA IS MISSING.
T  INDICATES TRACE AMOUNT.




$$
