000
CDUS41 KPHI 200630
CLIGED


CLIMATE REPORT
NATIONAL WEATHER SERVICE MOUNT HOLLY NJ
228 AM EDT SAT SEP 20 2014


...................................

...THE GEORGETOWN DE CLIMATE SUMMARY FOR SEPTEMBER 19 2014...

CLIMATE NORMAL PERIOD 1981 TO 2010
CLIMATE RECORD PERIOD 1948 TO 2014


WEATHER ITEM   OBSERVED TIME   RECORD YEAR NORMAL DEPARTURE LAST
                VALUE   (LST)  VALUE       VALUE  FROM      YEAR
                                                  NORMAL
..................................................................
TEMPERATURE (F)
 YESTERDAY
  MAXIMUM         74    133 PM  91    1978  77     -3       76
  MINIMUM         53    511 AM  37    1984  58     -5       47
  AVERAGE         64                        67     -3       62

PRECIPITATION (IN)
  YESTERDAY        0.00          1.60 1981   0.12  -0.12     0.00
  MONTH TO DATE    1.28                      2.76  -1.48     0.28
  SINCE SEP 1      1.28                      2.76  -1.48     0.28
  SINCE JAN 1     31.58                     32.03  -0.45    42.27

SNOWFALL (IN)
  YESTERDAY       MM            MM      MM  MM     MM       MM
  MONTH TO DATE   MM                        MM     MM       MM
  SINCE SEP 1     MM                        MM     MM       MM
  SINCE JUL 1     MM                        MM     MM       MM
  SNOW DEPTH      MM

DEGREE DAYS
 HEATING
  YESTERDAY        1                         1      0        3
  MONTH TO DATE    6                         9     -3       26
  SINCE SEP 1      6                         9     -3       26
  SINCE JUL 1      6                        10     -4       26

 COOLING
  YESTERDAY        0                         4     -4        0
  MONTH TO DATE  146                       113     33      133
  SINCE SEP 1    146                       113     33      133
  SINCE JAN 1   1097                      1142    -45     1320
..................................................................


WIND (MPH)
  HIGHEST WIND SPEED    25   HIGHEST WIND DIRECTION     E (80)
  HIGHEST GUST SPEED    31   HIGHEST GUST DIRECTION     E (70)
  AVERAGE WIND SPEED    11.4


SKY COVER
  POSSIBLE SUNSHINE  MM
  AVERAGE SKY COVER 0.3


WEATHER CONDITIONS
 THE FOLLOWING WEATHER WAS RECORDED YESTERDAY.
  FOG
  HAZE


RELATIVE HUMIDITY (PERCENT)
 HIGHEST    93           200 AM
 LOWEST     61          1200 PM
 AVERAGE    77

..........................................................


THE GEORGETOWN DE CLIMATE NORMALS FOR TODAY
                         NORMAL    RECORD    YEAR
 MAXIMUM TEMPERATURE (F)   77        90      1977
 MINIMUM TEMPERATURE (F)   57        39      1979


SUNRISE AND SUNSET
SEPTEMBER 20 2014.....SUNRISE   647 AM EDT   SUNSET   702 PM EDT
SEPTEMBER 21 2014.....SUNRISE   648 AM EDT   SUNSET   700 PM EDT


-  INDICATES NEGATIVE NUMBERS.
R  INDICATES RECORD WAS SET OR TIED.
MM INDICATES DATA IS MISSING.
T  INDICATES TRACE AMOUNT.




$$
