000
CDUS41 KPHI 240630
CLIGED


CLIMATE REPORT
NATIONAL WEATHER SERVICE MOUNT HOLLY NJ
129 AM EST FRI FEB 24 2017


...................................

...THE GEORGETOWN DE CLIMATE SUMMARY FOR FEBRUARY 23 2017...

CLIMATE NORMAL PERIOD 1981 TO 2010
CLIMATE RECORD PERIOD 1948 TO 2017


WEATHER ITEM   OBSERVED TIME   RECORD YEAR NORMAL DEPARTURE LAST
                VALUE   (LST)  VALUE       VALUE  FROM      YEAR
                                                  NORMAL
..................................................................
TEMPERATURE (F)
 YESTERDAY
  MAXIMUM         75R   342 PM  67    1990  48     27       47
  MINIMUM         50    103 AM   5    1963  30     20       39
  AVERAGE         63                        39     24       43

PRECIPITATION (IN)
  YESTERDAY        0.00          1.42 1971   0.10  -0.10     0.23
  MONTH TO DATE    0.56                      2.27  -1.71     3.02
  SINCE DEC 1      6.49                      8.48  -1.99    10.05
  SINCE JAN 1      3.69                      5.19  -1.50     5.89

DEGREE DAYS
 HEATING
  YESTERDAY        2                        26    -24       22
  MONTH TO DATE  474                       642   -168      611
  SINCE DEC 1   1994                      2368   -374     1926
  SINCE JUL 1   2628                      3152   -524     2566

 COOLING
  YESTERDAY        0                         0      0        0
  MONTH TO DATE    0                         0      0        0
  SINCE DEC 1      0                         0      0        9
  SINCE JAN 1      0                         0      0        0
..................................................................


WIND (MPH)
  HIGHEST WIND SPEED    23   HIGHEST WIND DIRECTION    SW (220)
  HIGHEST GUST SPEED    29   HIGHEST GUST DIRECTION    SW (210)
  AVERAGE WIND SPEED     9.8


SKY COVER
  POSSIBLE SUNSHINE  MM
  AVERAGE SKY COVER 0.4


WEATHER CONDITIONS
 THE FOLLOWING WEATHER WAS RECORDED YESTERDAY.
  FOG


RELATIVE HUMIDITY (PERCENT)
 HIGHEST   100           300 AM
 LOWEST     44           300 PM
 AVERAGE    72

..........................................................


THE GEORGETOWN DE CLIMATE NORMALS FOR TODAY
                         NORMAL    RECORD    YEAR
 MAXIMUM TEMPERATURE (F)   49        72      1961
 MINIMUM TEMPERATURE (F)   30        11      2015


SUNRISE AND SUNSET
FEBRUARY 24 2017......SUNRISE   640 AM EST   SUNSET   549 PM EST
FEBRUARY 25 2017......SUNRISE   639 AM EST   SUNSET   550 PM EST


-  INDICATES NEGATIVE NUMBERS.
R  INDICATES RECORD WAS SET OR TIED.
MM INDICATES DATA IS MISSING.
T  INDICATES TRACE AMOUNT.




$$
