000
CDUS41 KPHI 270628
CLIGED


CLIMATE REPORT
NATIONAL WEATHER SERVICE MOUNT HOLLY NJ
227 AM EDT THU APR 27 2017


...................................

...THE GEORGETOWN DE CLIMATE SUMMARY FOR APRIL 26 2017...

CLIMATE NORMAL PERIOD 1981 TO 2010
CLIMATE RECORD PERIOD 1948 TO 2017


WEATHER ITEM   OBSERVED TIME   RECORD YEAR NORMAL DEPARTURE LAST
                VALUE   (LST)  VALUE       VALUE  FROM      YEAR
                                                  NORMAL
..................................................................
TEMPERATURE (F)
 YESTERDAY
  MAXIMUM         65    431 PM  94    2009  68     -3       86
  MINIMUM         58    415 AM  30    1964  47     11       54
  AVERAGE         62                        57      5       70

PRECIPITATION (IN)
  YESTERDAY        T             1.15 1975   0.10  -0.10      T
  MONTH TO DATE    2.48                      3.25  -0.77     3.31
  SINCE MAR 1      6.85                      7.30  -0.45     4.85
  SINCE JAN 1     11.09                     13.01  -1.92    11.32

DEGREE DAYS
 HEATING
  YESTERDAY        3                         9     -6        0
  MONTH TO DATE  165                       316   -151      317
  SINCE MAR 1    781                       948   -167      767
  SINCE JUL 1   3466                      4228   -762     3445

 COOLING
  YESTERDAY        0                         1     -1        5
  MONTH TO DATE   28                        16     12       19
  SINCE MAR 1     31                        18     13       21
  SINCE JAN 1     31                        18     13       21
..................................................................


WIND (MPH)
  HIGHEST WIND SPEED    12   HIGHEST WIND DIRECTION    NE (60)
  HIGHEST GUST SPEED    14   HIGHEST GUST DIRECTION     N (10)
  AVERAGE WIND SPEED     4.6


SKY COVER
  POSSIBLE SUNSHINE  MM
  AVERAGE SKY COVER 1.0


WEATHER CONDITIONS
 THE FOLLOWING WEATHER WAS RECORDED YESTERDAY.
  LIGHT RAIN
  FOG
  FOG W/VISIBILITY <= 1/4 MILE
  HAZE


RELATIVE HUMIDITY (PERCENT)
 HIGHEST   100           100 AM
 LOWEST     84           100 PM
 AVERAGE    92

..........................................................


THE GEORGETOWN DE CLIMATE NORMALS FOR TODAY
                         NORMAL    RECORD    YEAR
 MAXIMUM TEMPERATURE (F)   68        91      2009
                                             1957
 MINIMUM TEMPERATURE (F)   47        30      1964


SUNRISE AND SUNSET
APRIL 27 2017.........SUNRISE   609 AM EDT   SUNSET   750 PM EDT
APRIL 28 2017.........SUNRISE   607 AM EDT   SUNSET   751 PM EDT


-  INDICATES NEGATIVE NUMBERS.
R  INDICATES RECORD WAS SET OR TIED.
MM INDICATES DATA IS MISSING.
T  INDICATES TRACE AMOUNT.




$$
