974
CDUS41 KPHI 120629
CLIGED


CLIMATE REPORT
NATIONAL WEATHER SERVICE MOUNT HOLLY NJ
128 AM EST FRI FEB 12 2016


...................................

...THE GEORGETOWN DE CLIMATE SUMMARY FOR FEBRUARY 11 2016...

CLIMATE NORMAL PERIOD 1981 TO 2010
CLIMATE RECORD PERIOD 1948 TO 2016


WEATHER ITEM   OBSERVED TIME   RECORD YEAR NORMAL DEPARTURE LAST
                VALUE   (LST)  VALUE       VALUE  FROM      YEAR
                                                  NORMAL
..................................................................
TEMPERATURE (F)
 YESTERDAY
  MAXIMUM         28    442 PM  71    2009  46    -18       39
  MINIMUM         21   1159 PM  -8    1979  28     -7       25
  AVERAGE         25                        37    -12       32

PRECIPITATION (IN)
  YESTERDAY        T             2.10 1994   0.10  -0.10     0.00
  MONTH TO DATE    1.50                      1.07   0.43     0.96
  SINCE DEC 1      8.53                      7.28   1.25     9.02
  SINCE JAN 1      4.37                      3.99   0.38     5.49

SNOWFALL (IN)
  YESTERDAY       MM            MM      MM  MM     MM       MM
  MONTH TO DATE   MM                        MM     MM       MM
  SINCE DEC 1     MM                        MM     MM       MM
  SINCE JUL 1     MM                        MM     MM       MM
  SNOW DEPTH      MM

DEGREE DAYS
 HEATING
  YESTERDAY       40                        28     12       33
  MONTH TO DATE  272                       317    -45      337
  SINCE DEC 1   1587                      2043   -456     2000
  SINCE JUL 1   2227                      2827   -600     2763

 COOLING
  YESTERDAY        0                         0      0        0
  MONTH TO DATE    0                         0      0        0
  SINCE DEC 1      9                         0      9        0
  SINCE JAN 1      0                         0      0        0
..................................................................


WIND (MPH)
  HIGHEST WIND SPEED    23   HIGHEST WIND DIRECTION     W (290)
  HIGHEST GUST SPEED    36   HIGHEST GUST DIRECTION     W (290)
  AVERAGE WIND SPEED    12.4


SKY COVER
  POSSIBLE SUNSHINE  MM
  AVERAGE SKY COVER 0.2


WEATHER CONDITIONS
 THE FOLLOWING WEATHER WAS RECORDED YESTERDAY.
  LIGHT SNOW


RELATIVE HUMIDITY (PERCENT)
 HIGHEST    68           100 AM
 LOWEST     31           400 PM
 AVERAGE    50

..........................................................


THE GEORGETOWN DE CLIMATE NORMALS FOR TODAY
                         NORMAL    RECORD    YEAR
 MAXIMUM TEMPERATURE (F)   46        65      2009
                                             1965
 MINIMUM TEMPERATURE (F)   28        -3      1979


SUNRISE AND SUNSET
FEBRUARY 12 2016......SUNRISE   656 AM EST   SUNSET   535 PM EST
FEBRUARY 13 2016......SUNRISE   655 AM EST   SUNSET   536 PM EST


-  INDICATES NEGATIVE NUMBERS.
R  INDICATES RECORD WAS SET OR TIED.
MM INDICATES DATA IS MISSING.
T  INDICATES TRACE AMOUNT.




$$
