000
CDUS41 KPHI 220630
CLIGED


CLIMATE REPORT
NATIONAL WEATHER SERVICE MOUNT HOLLY NJ
130 AM EST SUN JAN 22 2017


...................................

...THE GEORGETOWN DE CLIMATE SUMMARY FOR JANUARY 21 2017...

CLIMATE NORMAL PERIOD 1981 TO 2010
CLIMATE RECORD PERIOD 1948 TO 2017


WEATHER ITEM   OBSERVED TIME   RECORD YEAR NORMAL DEPARTURE LAST
                VALUE   (LST)  VALUE       VALUE  FROM      YEAR
                                                  NORMAL
..................................................................
TEMPERATURE (F)
 YESTERDAY
  MAXIMUM         51    512 PM  68    1959  43      8       35
  MINIMUM         43   1213 AM  -5    1985  26     17       23
  AVERAGE         47                        35     12       29

PRECIPITATION (IN)
  YESTERDAY        T             2.27 1979   0.10  -0.10     0.02
  MONTH TO DATE    2.20                      1.99   0.21     1.80
  SINCE DEC 1      5.00                      5.28  -0.28     5.96
  SINCE JAN 1      2.20                      1.99   0.21     1.80

DEGREE DAYS
 HEATING
  YESTERDAY       18                        30    -12       36
  MONTH TO DATE  529                       627    -98      623
  SINCE DEC 1   1293                      1425   -132     1024
  SINCE JUL 1   1927                      2209   -282     1664

 COOLING
  YESTERDAY        0                         0      0        0
  MONTH TO DATE    0                         0      0        0
  SINCE DEC 1      0                         0      0        9
  SINCE JAN 1      0                         0      0        0
..................................................................


WIND (MPH)
  HIGHEST WIND SPEED    10   HIGHEST WIND DIRECTION    SW (210)
  HIGHEST GUST SPEED    12   HIGHEST GUST DIRECTION     S (190)
  AVERAGE WIND SPEED     3.5


SKY COVER
  POSSIBLE SUNSHINE  MM
  AVERAGE SKY COVER 1.0


WEATHER CONDITIONS
 THE FOLLOWING WEATHER WAS RECORDED YESTERDAY.
  LIGHT RAIN
  FOG


RELATIVE HUMIDITY (PERCENT)
 HIGHEST   100          1200 AM
 LOWEST     83           400 PM
 AVERAGE    92

..........................................................


THE GEORGETOWN DE CLIMATE NORMALS FOR TODAY
                         NORMAL    RECORD    YEAR
 MAXIMUM TEMPERATURE (F)   43        68      1959
 MINIMUM TEMPERATURE (F)   26        -1      1984


SUNRISE AND SUNSET
JANUARY 22 2017.......SUNRISE   714 AM EST   SUNSET   512 PM EST
JANUARY 23 2017.......SUNRISE   714 AM EST   SUNSET   513 PM EST


-  INDICATES NEGATIVE NUMBERS.
R  INDICATES RECORD WAS SET OR TIED.
MM INDICATES DATA IS MISSING.
T  INDICATES TRACE AMOUNT.




$$
