000
CDUS41 KPHI 290632
CLIGED


CLIMATE REPORT
NATIONAL WEATHER SERVICE MOUNT HOLLY NJ
232 AM EDT FRI APR 29 2016


...................................

...THE GEORGETOWN DE CLIMATE SUMMARY FOR APRIL 28 2016...

CLIMATE NORMAL PERIOD 1981 TO 2010
CLIMATE RECORD PERIOD 1948 TO 2016


WEATHER ITEM   OBSERVED TIME   RECORD YEAR NORMAL DEPARTURE LAST
                VALUE   (LST)  VALUE       VALUE  FROM      YEAR
                                                  NORMAL
..................................................................
TEMPERATURE (F)
 YESTERDAY
  MAXIMUM         53    954 AM  93    1957  68    -15       68
  MINIMUM         47    149 PM  29    1972  47      0       47
  AVERAGE         50                        58     -8       58

PRECIPITATION (IN)
  YESTERDAY        0.40          1.38 2002   0.11   0.29     0.00
  MONTH TO DATE    3.82                      3.45   0.37     2.95
  SINCE MAR 1      5.36                      7.50  -2.14     6.72
  SINCE JAN 1     11.83                     13.21  -1.38    13.55

SNOWFALL (IN)
  YESTERDAY       MM            MM      MM  MM     MM       MM
  MONTH TO DATE   MM                        MM     MM       MM
  SINCE MAR 1     MM                        MM     MM       MM
  SINCE JUL 1     MM                        MM     MM       MM
  SNOW DEPTH      MM

DEGREE DAYS
 HEATING
  YESTERDAY       15                         8      7        7
  MONTH TO DATE  345                       332     13      302
  SINCE MAR 1    795                       964   -169     1055
  SINCE JUL 1   3473                      4244   -771     4543

 COOLING
  YESTERDAY        0                         1     -1        0
  MONTH TO DATE   19                        18      1        5
  SINCE MAR 1     21                        20      1        5
  SINCE JAN 1     21                        20      1        5
..................................................................


WIND (MPH)
  HIGHEST WIND SPEED    17   HIGHEST WIND DIRECTION     E (80)
  HIGHEST GUST SPEED    22   HIGHEST GUST DIRECTION     E (80)
  AVERAGE WIND SPEED     7.3


SKY COVER
  POSSIBLE SUNSHINE  MM
  AVERAGE SKY COVER 1.0


WEATHER CONDITIONS
 THE FOLLOWING WEATHER WAS RECORDED YESTERDAY.
  RAIN
  LIGHT RAIN
  FOG


RELATIVE HUMIDITY (PERCENT)
 HIGHEST   100           700 PM
 LOWEST     77          1200 AM
 AVERAGE    89

..........................................................


THE GEORGETOWN DE CLIMATE NORMALS FOR TODAY
                         NORMAL    RECORD    YEAR
 MAXIMUM TEMPERATURE (F)   69        88      1990
 MINIMUM TEMPERATURE (F)   47        28      1949


SUNRISE AND SUNSET
APRIL 29 2016.........SUNRISE   606 AM EDT   SUNSET   752 PM EDT
APRIL 30 2016.........SUNRISE   605 AM EDT   SUNSET   753 PM EDT


-  INDICATES NEGATIVE NUMBERS.
R  INDICATES RECORD WAS SET OR TIED.
MM INDICATES DATA IS MISSING.
T  INDICATES TRACE AMOUNT.




$$
