000
CDUS41 KPHI 252138
CLIGED


CLIMATE REPORT
NATIONAL WEATHER SERVICE MOUNT HOLLY NJ
538 PM EDT SUN JUN 25 2017


...................................

...THE GEORGETOWN DE CLIMATE SUMMARY FOR JUNE 25 2017...
VALID TODAY AS OF 0500 PM LOCAL TIME.

CLIMATE NORMAL PERIOD 1981 TO 2010
CLIMATE RECORD PERIOD 1948 TO 2017


WEATHER ITEM   OBSERVED TIME   RECORD YEAR NORMAL DEPARTURE LAST
                VALUE   (LST)  VALUE       VALUE  FROM      YEAR
                                                  NORMAL
..................................................................
TEMPERATURE (F)
 TODAY
  MAXIMUM         87    344 PM  96    1952  85      2       80
  MINIMUM         65    500 AM  49    1979  65      0       61
  AVERAGE         76                        75      1       71

PRECIPITATION (IN)
  TODAY            0.00          7.59 2006   0.15  -0.15     0.00
  MONTH TO DATE    1.77                      3.80  -2.03     2.73
  SINCE JUN 1      1.77                      3.80  -2.03     2.73
  SINCE JAN 1     17.95                     20.74  -2.79    20.96

DEGREE DAYS
 HEATING
  TODAY            0                         0      0        0
  MONTH TO DATE   12                        10      2        1
  SINCE JUN 1     12                        10      2        1
  SINCE JUL 1   3590                      4403   -813     3660

 COOLING
  TODAY           11                        10      1        6
  MONTH TO DATE  257                       187     70      176
  SINCE JUN 1    257                       187     70      176
  SINCE JAN 1    403                       281    122      266
..................................................................


WIND (MPH)
  HIGHEST WIND SPEED    12   HIGHEST WIND DIRECTION     W (290)
  HIGHEST GUST SPEED    17   HIGHEST GUST DIRECTION     W (290)
  AVERAGE WIND SPEED     2.9


SKY COVER
  POSSIBLE SUNSHINE  MM
  AVERAGE SKY COVER 0.1


WEATHER CONDITIONS
 THE FOLLOWING WEATHER WAS RECORDED TODAY.
  NO SIGNIFICANT WEATHER WAS OBSERVED.


RELATIVE HUMIDITY (PERCENT)
 HIGHEST    90           600 AM
 LOWEST     32           400 PM
 AVERAGE    61

..........................................................


THE GEORGETOWN DE CLIMATE NORMALS FOR TOMORROW
                         NORMAL    RECORD    YEAR
 MAXIMUM TEMPERATURE (F)   85        99      1952
 MINIMUM TEMPERATURE (F)   65        45      1979


SUNRISE AND SUNSET
JUNE 25 2017..........SUNRISE   538 AM EDT   SUNSET   830 PM EDT
JUNE 26 2017..........SUNRISE   538 AM EDT   SUNSET   830 PM EDT


-  INDICATES NEGATIVE NUMBERS.
R  INDICATES RECORD WAS SET OR TIED.
MM INDICATES DATA IS MISSING.
T  INDICATES TRACE AMOUNT.




$$
