000
CDUS41 KPHI 242129
CLIGED


CLIMATE REPORT
NATIONAL WEATHER SERVICE MOUNT HOLLY NJ
528 PM EDT SAT SEP 24 2016


...................................

...THE GEORGETOWN DE CLIMATE SUMMARY FOR SEPTEMBER 24 2016...
VALID TODAY AS OF 0500 PM LOCAL TIME.

CLIMATE NORMAL PERIOD 1981 TO 2010
CLIMATE RECORD PERIOD 1948 TO 2016


WEATHER ITEM   OBSERVED TIME   RECORD YEAR NORMAL DEPARTURE LAST
                VALUE   (LST)  VALUE       VALUE  FROM      YEAR
                                                  NORMAL
..................................................................
TEMPERATURE (F)
 TODAY
  MAXIMUM         71    833 AM  97    2010  75     -4       77
  MINIMUM         64    434 AM  36    1963  56      8       53
  AVERAGE         68                        66      2       65

PRECIPITATION (IN)
  TODAY            0.00          1.38 1975   0.13  -0.13     0.00
  MONTH TO DATE    3.34                      3.35  -0.01     1.37
  SINCE SEP 1      3.34                      3.35  -0.01     1.37
  SINCE JAN 1     32.70                     32.62   0.08    26.57

SNOWFALL (IN)
  TODAY           MM            MM      MM  MM     MM       MM
  MONTH TO DATE   MM                        MM     MM       MM
  SINCE SEP 1     MM                        MM     MM       MM
  SINCE JUL 1     MM                        MM     MM       MM
  SNOW DEPTH      MM

DEGREE DAYS
 HEATING
  TODAY            0                         2     -2        0
  MONTH TO DATE    0                        19    -19        1
  SINCE SEP 1      0                        19    -19        1
  SINCE JUL 1      0                        20    -20        1

 COOLING
  TODAY            3                         3      0        0
  MONTH TO DATE  227                       129     98      184
  SINCE SEP 1    227                       129     98      184
  SINCE JAN 1   1441                      1158    283     1353
..................................................................


WIND (MPH)
  HIGHEST WIND SPEED    17   HIGHEST WIND DIRECTION    NE (40)
  HIGHEST GUST SPEED    23   HIGHEST GUST DIRECTION    NE (50)
  AVERAGE WIND SPEED     6.4


SKY COVER
  POSSIBLE SUNSHINE  MM
  AVERAGE SKY COVER 0.6


WEATHER CONDITIONS
 THE FOLLOWING WEATHER WAS RECORDED TODAY.
  FOG
  HAZE


RELATIVE HUMIDITY (PERCENT)
 HIGHEST   100           500 AM
 LOWEST     78           100 PM
 AVERAGE    89

..........................................................


THE GEORGETOWN DE CLIMATE NORMALS FOR TOMORROW
                         NORMAL    RECORD    YEAR
 MAXIMUM TEMPERATURE (F)   75        92      2010
                                             1970
 MINIMUM TEMPERATURE (F)   55        33      1963


SUNRISE AND SUNSET
SEPTEMBER 24 2016.....SUNRISE   651 AM EDT   SUNSET   654 PM EDT
SEPTEMBER 25 2016.....SUNRISE   652 AM EDT   SUNSET   653 PM EDT


-  INDICATES NEGATIVE NUMBERS.
R  INDICATES RECORD WAS SET OR TIED.
MM INDICATES DATA IS MISSING.
T  INDICATES TRACE AMOUNT.




$$
