000
CDUS46 KOTX 301245
CLIGEG


CLIMATE REPORT
NATIONAL WEATHER SERVICE SPOKANE, WA
545 AM PDT TUE JUN 30 2015


...................................

...THE SPOKANE WA AIRPORT CLIMATE SUMMARY FOR JUNE 29 2015...

CLIMATE NORMAL PERIOD 1981 TO 2010
CLIMATE RECORD PERIOD 1881 TO 2015


WEATHER ITEM   OBSERVED TIME   RECORD YEAR NORMAL DEPARTURE LAST
                VALUE   (LST)  VALUE       VALUE  FROM      YEAR
                                                  NORMAL
..................................................................
TEMPERATURE (F)
 YESTERDAY
  MAXIMUM         94    450 PM  98    1939  78     16       71
  MINIMUM         74   1159 PM  37    1965  53     21       50
  AVERAGE         84                        65     19       61

PRECIPITATION (IN)
  YESTERDAY        0.01          0.50 1952   0.03  -0.02     0.00
  MONTH TO DATE    0.07                      1.22  -1.15     1.84
  SINCE OCT 1     11.56                     14.63  -3.07    11.57
  SINCE JAN 1      6.83                      8.85  -2.02     9.24

SNOWFALL (IN)
  YESTERDAY        0.0           T    1952   0.0    0.0      0.0
  MONTH TO DATE    0.0                       0.0    0.0      0.0
  SINCE JUN 1      0.0                       0.0    0.0      0.0
  SINCE JUL 1     17.6                      44.9  -27.3     37.6
  SNOW DEPTH       0

DEGREE DAYS
 HEATING
  YESTERDAY        0                         3     -3        4
  MONTH TO DATE   25                       134   -109      104
  SINCE JUN 1     25                       134   -109      104
  SINCE JUL 1   5420                      6591  -1171     6691

 COOLING
  YESTERDAY       19                         3     16        0
  MONTH TO DATE  209                        46    163       14
  SINCE JUN 1    209                        46    163       14
  SINCE JAN 1    241                        60    181       20
..................................................................


WIND (MPH)
  HIGHEST WIND SPEED    22   HIGHEST WIND DIRECTION     W (260)
  HIGHEST GUST SPEED    26   HIGHEST GUST DIRECTION     W (270)
  AVERAGE WIND SPEED     8.6


SKY COVER
  POSSIBLE SUNSHINE  MM
  AVERAGE SKY COVER 0.7


WEATHER CONDITIONS
 THE FOLLOWING WEATHER WAS RECORDED YESTERDAY.
  LIGHT RAIN
  HAZE


RELATIVE HUMIDITY (PERCENT)
 HIGHEST    60           700 AM
 LOWEST     24           500 PM
 AVERAGE    42

..........................................................


THE SPOKANE WA AIRPORT CLIMATE NORMALS FOR TODAY
                         NORMAL    RECORD    YEAR
 MAXIMUM TEMPERATURE (F)   78        99      1924
 MINIMUM TEMPERATURE (F)   53        37      1949


SUNRISE AND SUNSET
JUNE 30 2015..........SUNRISE   456 AM PDT   SUNSET   852 PM PDT
JULY  1 2015..........SUNRISE   456 AM PDT   SUNSET   851 PM PDT


-  INDICATES NEGATIVE NUMBERS.
R  INDICATES RECORD WAS SET OR TIED.
MM INDICATES DATA IS MISSING.
T  INDICATES TRACE AMOUNT.




$$
