000
CDUS46 KOTX 060026
CLIGEG


CLIMATE REPORT
NATIONAL WEATHER SERVICE SPOKANE, WA
426 PM PST THU MAR 5 2015


...................................

...THE SPOKANE WA AIRPORT CLIMATE SUMMARY FOR MARCH 5 2015...
VALID AS OF 0400 PM LOCAL TIME.

CLIMATE NORMAL PERIOD 1981 TO 2010
CLIMATE RECORD PERIOD 1881 TO 2015


WEATHER ITEM   OBSERVED TIME   RECORD YEAR NORMAL DEPARTURE LAST
                VALUE   (LST)  VALUE       VALUE  FROM      YEAR
                                                  NORMAL
..................................................................
TEMPERATURE (F)
 TODAY
  MAXIMUM         52    322 PM  61    1987  45      7       53
                                      1905
  MINIMUM         26    704 AM   0    1891  29     -3       38
  AVERAGE         39                        37      2       46

PRECIPITATION (IN)
  TODAY            0.00          0.78 2014   0.05  -0.05     0.78
  MONTH TO DATE    0.04                      0.27  -0.23     1.52
  SINCE OCT 1      7.72                      9.17  -1.45     6.67
  SINCE JAN 1      2.99                      3.39  -0.40     4.34

SNOWFALL (IN)
  TODAY            0.0           3.1  1961   0.2   -0.2      0.0
  MONTH TO DATE    0.9                       0.8    0.1      5.8
  SINCE MAR 1      0.9                       0.8    0.1      5.8
  SINCE JUL 1     16.6                      41.1  -24.5     37.6
  SNOW DEPTH       0

DEGREE DAYS
 HEATING
  TODAY           26                        28     -2       19
  MONTH TO DATE  160                       143     17      180
  SINCE MAR 1    160                       143     17      180
  SINCE JUL 1   4282                      4972   -690     5223

 COOLING
  TODAY            0                         0      0        0
  MONTH TO DATE    0                         0      0        0
  SINCE MAR 1      0                         0      0        0
  SINCE JAN 1      0                         0      0        0
..................................................................


WIND (MPH)
  HIGHEST WIND SPEED    13   HIGHEST WIND DIRECTION    SW (210)
  HIGHEST GUST SPEED    17   HIGHEST GUST DIRECTION    SW (220)
  AVERAGE WIND SPEED     3.3


SKY COVER
  POSSIBLE SUNSHINE  MM
  AVERAGE SKY COVER 0.7


WEATHER CONDITIONS
 THE FOLLOWING WEATHER WAS RECORDED TODAY.
  NO SIGNIFICANT WEATHER WAS OBSERVED.


RELATIVE HUMIDITY (PERCENT)
 HIGHEST    75           700 AM
 LOWEST     28           300 PM
 AVERAGE    52

..........................................................


THE SPOKANE WA AIRPORT CLIMATE NORMALS FOR TOMORROW
                         NORMAL    RECORD    YEAR
 MAXIMUM TEMPERATURE (F)   46        62      1906
 MINIMUM TEMPERATURE (F)   29         2      1891


SUNRISE AND SUNSET
MARCH  5 2015.........SUNRISE   623 AM PST   SUNSET   541 PM PST
MARCH  6 2015.........SUNRISE   621 AM PST   SUNSET   542 PM PST


-  INDICATES NEGATIVE NUMBERS.
R  INDICATES RECORD WAS SET OR TIED.
MM INDICATES DATA IS MISSING.
T  INDICATES TRACE AMOUNT.




$$
