000
CDUS46 KOTX 280837
CLIGEG


CLIMATE REPORT
NATIONAL WEATHER SERVICE SPOKANE, WA
136 AM PDT FRI JUL 28 2017


...................................

...THE SPOKANE WA AIRPORT CLIMATE SUMMARY FOR JULY 27 2017...

CLIMATE NORMAL PERIOD 1981 TO 2010
CLIMATE RECORD PERIOD 1881 TO 2017


WEATHER ITEM   OBSERVED TIME   RECORD YEAR NORMAL DEPARTURE LAST
                VALUE   (LST)  VALUE       VALUE  FROM      YEAR
                                                  NORMAL
..................................................................
TEMPERATURE (F)
 YESTERDAY
  MAXIMUM         89    425 PM 106    1934  86      3       93
  MINIMUM         64    455 AM  43    1888  58      6       63
  AVERAGE         77                        72      5       78

PRECIPITATION (IN)
  YESTERDAY        0.00          0.66 1940   0.02  -0.02     0.00
  MONTH TO DATE    T                         0.58  -0.58     0.27
  SINCE OCT 1     23.26                     15.24   8.02    15.00
  SINCE JAN 1     13.97                      9.46   4.51     8.64

SNOWFALL (IN)
  YESTERDAY        0.0           0.0  2002   0.0    0.0      0.0
                                      2001
                                      2000
  MONTH TO DATE    0.0                       0.0    0.0      0.0
  SINCE JUN 1      0.0                       0.0    0.0      0.0
  SINCE JUL 1      0.0                       0.0    0.0      0.0
  SNOW DEPTH       0

DEGREE DAYS
 HEATING
  YESTERDAY        0                         0      0        0
  MONTH TO DATE    0                        31    -31       20
  SINCE JUN 1     66                       167   -101      130
  SINCE JUL 1      0                        31    -31       20

 COOLING
  YESTERDAY       12                         7      5       13
  MONTH TO DATE  255                       150    105       99
  SINCE JUN 1    341                       199    142      213
  SINCE JAN 1    376                       213    163      225
..................................................................


WIND (MPH)
  HIGHEST WIND SPEED    22   HIGHEST WIND DIRECTION    SW (230)
  HIGHEST GUST SPEED    27   HIGHEST GUST DIRECTION    SW (210)
  AVERAGE WIND SPEED    10.2


SKY COVER
  POSSIBLE SUNSHINE  MM
  AVERAGE SKY COVER 0.2


WEATHER CONDITIONS
 THE FOLLOWING WEATHER WAS RECORDED YESTERDAY.
  NO SIGNIFICANT WEATHER WAS OBSERVED.


RELATIVE HUMIDITY (PERCENT)
 HIGHEST    56           700 AM
 LOWEST     15           500 PM
 AVERAGE    36

..........................................................


THE SPOKANE WA AIRPORT CLIMATE NORMALS FOR TODAY
                         NORMAL    RECORD    YEAR
 MAXIMUM TEMPERATURE (F)   86       102      1939
 MINIMUM TEMPERATURE (F)   58        44      1959


SUNRISE AND SUNSET
JULY 28 2017..........SUNRISE   523 AM PDT   SUNSET   829 PM PDT
JULY 29 2017..........SUNRISE   524 AM PDT   SUNSET   828 PM PDT


-  INDICATES NEGATIVE NUMBERS.
R  INDICATES RECORD WAS SET OR TIED.
MM INDICATES DATA IS MISSING.
T  INDICATES TRACE AMOUNT.




$$
