000
CDUS46 KOTX 312346
CLIGEG


CLIMATE REPORT
NATIONAL WEATHER SERVICE SPOKANE, WA
445 PM PDT TUE MAY 31 2016


...................................

...THE SPOKANE WA AIRPORT CLIMATE SUMMARY FOR MAY 31 2016...
VALID AS OF 0400 PM LOCAL TIME.

CLIMATE NORMAL PERIOD 1981 TO 2010
CLIMATE RECORD PERIOD 1881 TO 2016


WEATHER ITEM   OBSERVED TIME   RECORD YEAR NORMAL DEPARTURE LAST
                VALUE   (LST)  VALUE       VALUE  FROM      YEAR
                                                  NORMAL
..................................................................
TEMPERATURE (F)
 TODAY
  MAXIMUM         76    259 PM  96    1986  70      6       83
  MINIMUM         48    356 AM  33    1882  48      0       59
  AVERAGE         62                        59      3       71

PRECIPITATION (IN)
  TODAY            0.00          0.66 2010   0.06  -0.06     0.00
  MONTH TO DATE    0.78                      1.62  -0.84     0.85
  SINCE OCT 1     14.22                     13.41   0.81    11.49
  SINCE JAN 1      7.86                      7.63   0.23     6.76

SNOWFALL (IN)
  TODAY            0.0           0.0  2002   0.0    0.0      0.0
                                      2001
                                      2000
  MONTH TO DATE    0.0                       0.1   -0.1      0.0
  SINCE MAR 1      0.6                       4.6   -4.0      1.9
  SINCE JUL 1     34.2                      44.9  -10.7     17.6
  SNOW DEPTH      MM

DEGREE DAYS
 HEATING
  TODAY            3                         7     -4        0
  MONTH TO DATE  199                       320   -121      157
  SINCE MAR 1   1190                      1628   -438     1273
  SINCE JUL 1   5479                      6457   -978     5395

 COOLING
  TODAY            0                         1     -1        6
  MONTH TO DATE    6                        14     -8       32
  SINCE MAR 1     12                        14     -2       32
  SINCE JAN 1     12                        14     -2       32
..................................................................


WIND (MPH)
  HIGHEST WIND SPEED    13   HIGHEST WIND DIRECTION    NE (60)
  HIGHEST GUST SPEED    14   HIGHEST GUST DIRECTION    NE (50)
  AVERAGE WIND SPEED     5.0


SKY COVER
  POSSIBLE SUNSHINE  MM
  AVERAGE SKY COVER 0.3


WEATHER CONDITIONS
 THE FOLLOWING WEATHER WAS RECORDED TODAY.
  NO SIGNIFICANT WEATHER WAS OBSERVED.


RELATIVE HUMIDITY (PERCENT)
 HIGHEST    66           500 AM
 LOWEST     21           100 PM
 AVERAGE    44

..........................................................


THE SPOKANE WA AIRPORT CLIMATE NORMALS FOR TOMORROW
                         NORMAL    RECORD    YEAR
 MAXIMUM TEMPERATURE (F)   70        94      1986
 MINIMUM TEMPERATURE (F)   48        33      1984


SUNRISE AND SUNSET
MAY 31 2016...........SUNRISE   457 AM PDT   SUNSET   840 PM PDT
JUNE  1 2016..........SUNRISE   456 AM PDT   SUNSET   841 PM PDT


-  INDICATES NEGATIVE NUMBERS.
R  INDICATES RECORD WAS SET OR TIED.
MM INDICATES DATA IS MISSING.
T  INDICATES TRACE AMOUNT.




$$
