000
CDUS46 KOTX 200443
CLIGEG


CLIMATE REPORT
NATIONAL WEATHER SERVICE SPOKANE, WA
843 PM PST SUN FEB 19 2017


...................................

...THE SPOKANE WA AIRPORT CLIMATE SUMMARY FOR FEBRUARY 19 2017...
VALID TODAY AS OF 0800 PM LOCAL TIME.

CLIMATE NORMAL PERIOD 1981 TO 2010
CLIMATE RECORD PERIOD 1881 TO 2017


WEATHER ITEM   OBSERVED TIME   RECORD YEAR NORMAL DEPARTURE LAST
                VALUE   (LST)  VALUE       VALUE  FROM      YEAR
                                                  NORMAL
..................................................................
TEMPERATURE (F)
 TODAY
  MAXIMUM         38    509 PM  61    1958  41     -3       47
  MINIMUM         32    708 PM -13    1882  26      6       35
  AVERAGE         35                        34      1       41

PRECIPITATION (IN)
  TODAY            0.17          0.78 1884   0.05   0.12     0.05
  MONTH TO DATE    3.51                      0.89   2.62     0.70
  SINCE OCT 1     14.65                      8.46   6.19     9.80
  SINCE JAN 1      5.36                      2.68   2.68     3.44

DEGREE DAYS
 HEATING
  TODAY           30                        32     -2       24
  MONTH TO DATE  661                       622     39      503
  SINCE DEC 1   3329                      2888    441     2605
  SINCE JUL 1   4662                      4555    107     4039

 COOLING
  TODAY            0                         0      0        0
  MONTH TO DATE    0                         0      0        0
  SINCE DEC 1      0                         0      0        0
  SINCE JAN 1      0                         0      0        0
..................................................................


WIND (MPH)
  HIGHEST WIND SPEED    16   HIGHEST WIND DIRECTION     S (200)
  HIGHEST GUST SPEED    21   HIGHEST GUST DIRECTION     S (200)
  AVERAGE WIND SPEED     4.5


SKY COVER
  POSSIBLE SUNSHINE  MM
  AVERAGE SKY COVER 0.8


WEATHER CONDITIONS
 THE FOLLOWING WEATHER WAS RECORDED TODAY.
  LIGHT RAIN
  SNOW
  LIGHT SNOW
  FOG
  FOG W/VISIBILITY <= 1/4 MILE


RELATIVE HUMIDITY (PERCENT)
 HIGHEST   100          1200 AM
 LOWEST     85          1200 PM
 AVERAGE    93

..........................................................


THE SPOKANE WA AIRPORT CLIMATE NORMALS FOR TOMORROW
                         NORMAL    RECORD    YEAR
 MAXIMUM TEMPERATURE (F)   41        63      1995
 MINIMUM TEMPERATURE (F)   27         2      1890


SUNRISE AND SUNSET
FEBRUARY 19 2017......SUNRISE   648 AM PST   SUNSET   520 PM PST
FEBRUARY 20 2017......SUNRISE   647 AM PST   SUNSET   522 PM PST


-  INDICATES NEGATIVE NUMBERS.
R  INDICATES RECORD WAS SET OR TIED.
MM INDICATES DATA IS MISSING.
T  INDICATES TRACE AMOUNT.




$$
