000
CDUS46 KOTX 190423
CLIGEG


CLIMATE REPORT
NATIONAL WEATHER SERVICE SPOKANE, WA
923 PM PDT FRI APR 18 2014


...................................

...THE SPOKANE WA AIRPORT CLIMATE SUMMARY FOR APRIL 18 2014...
VALID TODAY AS OF 0800 PM LOCAL TIME.

CLIMATE NORMAL PERIOD 1981 TO 2010
CLIMATE RECORD PERIOD 1881 TO 2014


WEATHER ITEM   OBSERVED TIME   RECORD YEAR NORMAL DEPARTURE LAST
                VALUE   (LST)  VALUE       VALUE  FROM      YEAR
                                                  NORMAL
..................................................................
TEMPERATURE (F)
 TODAY
  MAXIMUM         54    351 PM  84    1910  58     -4       54
  MINIMUM         36    558 AM  22    1966  37     -1       31
  AVERAGE         45                        47     -2       43

PRECIPITATION (IN)
  TODAY            0.00          0.37 1996   0.05  -0.05     0.01
  MONTH TO DATE    0.47                      0.81  -0.34     0.70
  SINCE OCT 1      8.50                     11.32  -2.82    11.25
  SINCE JAN 1      6.17                      5.54   0.63     3.89

DEGREE DAYS
 HEATING
  TODAY           20                        18      2       22
  MONTH TO DATE  321                       347    -26      358
  SINCE MAR 1   1101                      1114    -13     1088
  SINCE JUL 1   6144                      5943    201     5625

 COOLING
  TODAY            0                         0      0        0
  MONTH TO DATE    0                         0      0        0
  SINCE MAR 1      0                         0      0        0
  SINCE JAN 1      0                         0      0        0
..................................................................


WIND (MPH)
  HIGHEST WIND SPEED    30   HIGHEST WIND DIRECTION    SW (210)
  HIGHEST GUST SPEED    36   HIGHEST GUST DIRECTION    SW (220)
  AVERAGE WIND SPEED    20.3


SKY COVER
  POSSIBLE SUNSHINE  MM
  AVERAGE SKY COVER 0.5


WEATHER CONDITIONS
 THE FOLLOWING WEATHER WAS RECORDED TODAY.
  NO SIGNIFICANT WEATHER WAS OBSERVED.


RELATIVE HUMIDITY (PERCENT)
 HIGHEST    83           200 AM
 LOWEST     28           400 PM
 AVERAGE    56

..........................................................


THE SPOKANE WA AIRPORT CLIMATE NORMALS FOR TOMORROW
                         NORMAL    RECORD    YEAR
 MAXIMUM TEMPERATURE (F)   58        81      1908
 MINIMUM TEMPERATURE (F)   37        17      1966


SUNRISE AND SUNSET
APRIL 18 2014.........SUNRISE   556 AM PDT   SUNSET   744 PM PDT
APRIL 19 2014.........SUNRISE   554 AM PDT   SUNSET   746 PM PDT


-  INDICATES NEGATIVE NUMBERS.
R  INDICATES RECORD WAS SET OR TIED.
MM INDICATES DATA IS MISSING.
T  INDICATES TRACE AMOUNT.




$$
