000
CDUS46 KOTX 260825
CLIGEG


CLIMATE REPORT
NATIONAL WEATHER SERVICE SPOKANE, WA
125 AM PDT TUE JUL 26 2016


...................................

...THE SPOKANE WA AIRPORT CLIMATE SUMMARY FOR JULY 25 2016...

CLIMATE NORMAL PERIOD 1981 TO 2010
CLIMATE RECORD PERIOD 1881 TO 2016


WEATHER ITEM   OBSERVED TIME   RECORD YEAR NORMAL DEPARTURE LAST
                VALUE   (LST)  VALUE       VALUE  FROM      YEAR
                                                  NORMAL
..................................................................
TEMPERATURE (F)
 YESTERDAY
  MAXIMUM         93    415 PM 104    1928  86      7       78
  MINIMUM         62    519 AM  46    1882  58      4       61
  AVERAGE         78                        72      6       70

PRECIPITATION (IN)
  YESTERDAY        0.00          0.76 1990   0.02  -0.02     0.00
  MONTH TO DATE    0.27                      0.55  -0.28     0.19
  SINCE OCT 1     15.00                     15.21  -0.21    11.75
  SINCE JAN 1      8.64                      9.43  -0.79     7.02

SNOWFALL (IN)
  YESTERDAY        0.0           0.0  2002   0.0    0.0      0.0
                                      2001
                                      2000
  MONTH TO DATE    0.0                       0.0    0.0      0.0
  SINCE JUN 1      0.0                       0.0    0.0      0.0
  SINCE JUL 1      0.0                       0.0    0.0      0.0
  SNOW DEPTH       0

DEGREE DAYS
 HEATING
  YESTERDAY        0                         0      0        0
  MONTH TO DATE   20                        31    -11        0
  SINCE JUN 1    130                       167    -37       25
  SINCE JUL 1     20                        31    -11        0

 COOLING
  YESTERDAY       13                         7      6        5
  MONTH TO DATE   72                       136    -64      262
  SINCE JUN 1    186                       185      1      487
  SINCE JAN 1    198                       199     -1      519
..................................................................


WIND (MPH)
  HIGHEST WIND SPEED    13   HIGHEST WIND DIRECTION    NE (50)
  HIGHEST GUST SPEED    17   HIGHEST GUST DIRECTION    NE (50)
  AVERAGE WIND SPEED     4.4


SKY COVER
  POSSIBLE SUNSHINE  MM
  AVERAGE SKY COVER 0.1


WEATHER CONDITIONS
 THE FOLLOWING WEATHER WAS RECORDED YESTERDAY.
  NO SIGNIFICANT WEATHER WAS OBSERVED.


RELATIVE HUMIDITY (PERCENT)
 HIGHEST    67           400 AM
 LOWEST     18           400 PM
 AVERAGE    43

..........................................................


THE SPOKANE WA AIRPORT CLIMATE NORMALS FOR TODAY
                         NORMAL    RECORD    YEAR
 MAXIMUM TEMPERATURE (F)   86       108      1928
 MINIMUM TEMPERATURE (F)   58        42      1969


SUNRISE AND SUNSET
JULY 26 2016..........SUNRISE   521 AM PDT   SUNSET   832 PM PDT
JULY 27 2016..........SUNRISE   522 AM PDT   SUNSET   830 PM PDT


-  INDICATES NEGATIVE NUMBERS.
R  INDICATES RECORD WAS SET OR TIED.
MM INDICATES DATA IS MISSING.
T  INDICATES TRACE AMOUNT.




$$
