000
CDUS46 KOTX 300824
CLIGEG


CLIMATE REPORT
NATIONAL WEATHER SERVICE SPOKANE, WA
122 AM PDT THU JUL 30 2015


...................................

...THE SPOKANE WA AIRPORT CLIMATE SUMMARY FOR JULY 29 2015...

CLIMATE NORMAL PERIOD 1981 TO 2010
CLIMATE RECORD PERIOD 1881 TO 2015


WEATHER ITEM   OBSERVED TIME   RECORD YEAR NORMAL DEPARTURE LAST
                VALUE   (LST)  VALUE       VALUE  FROM      YEAR
                                                  NORMAL
..................................................................
TEMPERATURE (F)
 YESTERDAY
  MAXIMUM         88    418 PM 100    2014  86      2      100
  MINIMUM         57    440 AM  45    1917  58     -1       67
  AVERAGE         73                        72      1       84

PRECIPITATION (IN)
  YESTERDAY        0.00          0.30 1886   0.02  -0.02     0.00
  MONTH TO DATE    0.19                      0.61  -0.42     0.18
  SINCE OCT 1     11.75                     15.27  -3.52    11.75
  SINCE JAN 1      7.02                      9.49  -2.47     9.42

SNOWFALL (IN)
  YESTERDAY        0.0           0.0  2002   0.0    0.0      0.0
                                      2001
                                      2000
  MONTH TO DATE    0.0                       0.0    0.0      0.0
  SINCE JUN 1      0.0                       0.0    0.0      0.0
  SINCE JUL 1      0.0                       0.0    0.0      0.0
  SNOW DEPTH       0

DEGREE DAYS
 HEATING
  YESTERDAY        0                         0      0        0
  MONTH TO DATE    5                        31    -26        7
  SINCE JUN 1     30                       167   -137      113
  SINCE JUL 1      5                        31    -26        7

 COOLING
  YESTERDAY        8                         7      1       19
  MONTH TO DATE  270                       164    106      310
  SINCE JUN 1    495                       213    282      324
  SINCE JAN 1    527                       227    300      330
..................................................................


WIND (MPH)
  HIGHEST WIND SPEED    18   HIGHEST WIND DIRECTION    SW (240)
  HIGHEST GUST SPEED    23   HIGHEST GUST DIRECTION     W (250)
  AVERAGE WIND SPEED     7.0


SKY COVER
  POSSIBLE SUNSHINE  MM
  AVERAGE SKY COVER 0.3


WEATHER CONDITIONS
 THE FOLLOWING WEATHER WAS RECORDED YESTERDAY.
  NO SIGNIFICANT WEATHER WAS OBSERVED.


RELATIVE HUMIDITY (PERCENT)
 HIGHEST    51           500 AM
 LOWEST     13           300 PM
 AVERAGE    32

..........................................................


THE SPOKANE WA AIRPORT CLIMATE NORMALS FOR TODAY
                         NORMAL    RECORD    YEAR
 MAXIMUM TEMPERATURE (F)   86       102      1929
 MINIMUM TEMPERATURE (F)   58        41      2001


SUNRISE AND SUNSET
JULY 30 2015..........SUNRISE   525 AM PDT   SUNSET   828 PM PDT
JULY 31 2015..........SUNRISE   526 AM PDT   SUNSET   826 PM PDT


-  INDICATES NEGATIVE NUMBERS.
R  INDICATES RECORD WAS SET OR TIED.
MM INDICATES DATA IS MISSING.
T  INDICATES TRACE AMOUNT.




$$
