000
CDUS46 KOTX 180829
CLIGEG


CLIMATE REPORT
NATIONAL WEATHER SERVICE SPOKANE, WA
1228 AM PST THU DEC 18 2014


...................................

...THE SPOKANE WA AIRPORT CLIMATE SUMMARY FOR DECEMBER 17 2014...

CLIMATE NORMAL PERIOD 1981 TO 2010
CLIMATE RECORD PERIOD 1881 TO 2014


WEATHER ITEM   OBSERVED TIME   RECORD YEAR NORMAL DEPARTURE LAST
                VALUE   (LST)  VALUE       VALUE  FROM      YEAR
                                                  NORMAL
..................................................................
TEMPERATURE (F)
 YESTERDAY
  MAXIMUM         37    142 PM  53    1917  32      5       44
  MINIMUM         31    807 AM -20    1964  22      9       25
  AVERAGE         34                        27      7       35

PRECIPITATION (IN)
  YESTERDAY        0.02          0.74 2008   0.07  -0.05     0.00
  MONTH TO DATE    0.86                      1.33  -0.47     0.24
  SINCE OCT 1      3.62                      4.81  -1.19     1.89
  SINCE JAN 1     13.88                     15.59  -1.71    10.92

SNOWFALL (IN)
  YESTERDAY        0.0          12.5  2008   0.4   -0.4      0.0
  MONTH TO DATE    0.6                       7.3   -6.7      0.2
  SINCE DEC 1      0.6                       7.3   -6.7      0.2
  SINCE JUL 1      1.1                      14.8  -13.7      3.3
  SNOW DEPTH       T

DEGREE DAYS
 HEATING
  YESTERDAY       31                        38     -7       30
  MONTH TO DATE  510                       629   -119      693
  SINCE DEC 1    510                       629   -119      693
  SINCE JUL 1   1879                      2296   -417     2348

 COOLING
  YESTERDAY        0                         0      0        0
  MONTH TO DATE    0                         0      0        0
  SINCE DEC 1      0                         0      0        0
  SINCE JAN 1    654                       450    204      709
..................................................................


WIND (MPH)
  HIGHEST WIND SPEED    12   HIGHEST WIND DIRECTION    NE (60)
  HIGHEST GUST SPEED    13   HIGHEST GUST DIRECTION     E (70)
  AVERAGE WIND SPEED     6.9


SKY COVER
  POSSIBLE SUNSHINE  MM
  AVERAGE SKY COVER 0.9


WEATHER CONDITIONS
 THE FOLLOWING WEATHER WAS RECORDED YESTERDAY.
  LIGHT RAIN
  FOG


RELATIVE HUMIDITY (PERCENT)
 HIGHEST   100           100 AM
 LOWEST     82          1100 AM
 AVERAGE    91

..........................................................


THE SPOKANE WA AIRPORT CLIMATE NORMALS FOR TODAY
                         NORMAL    RECORD    YEAR
 MAXIMUM TEMPERATURE (F)   31        57      1917
 MINIMUM TEMPERATURE (F)   22       -12      1984


SUNRISE AND SUNSET
DECEMBER 18 2014......SUNRISE   734 AM PST   SUNSET   400 PM PST
DECEMBER 19 2014......SUNRISE   735 AM PST   SUNSET   400 PM PST


-  INDICATES NEGATIVE NUMBERS.
R  INDICATES RECORD WAS SET OR TIED.
MM INDICATES DATA IS MISSING.
T  INDICATES TRACE AMOUNT.




$$
