000
CDUS46 KOTX 312325
CLIGEG


CLIMATE REPORT
NATIONAL WEATHER SERVICE SPOKANE, WA
425 PM PDT WED AUG 31 2016


...................................

...THE SPOKANE WA AIRPORT CLIMATE SUMMARY FOR AUGUST 31 2016...
VALID AS OF 0400 PM LOCAL TIME.

CLIMATE NORMAL PERIOD 1981 TO 2010
CLIMATE RECORD PERIOD 1881 TO 2016


WEATHER ITEM   OBSERVED TIME   RECORD YEAR NORMAL DEPARTURE LAST
                VALUE   (LST)  VALUE       VALUE  FROM      YEAR
                                                  NORMAL
..................................................................
TEMPERATURE (F)
 TODAY
  MAXIMUM         81    222 PM 100    1967  79      2       70
  MINIMUM         55    541 AM  35    1964  52      3       50
  AVERAGE         68                        66      2       60

PRECIPITATION (IN)
  TODAY            0.00          1.16 1912   0.02  -0.02     0.00
  MONTH TO DATE    0.16                      0.59  -0.43     0.18
  SINCE OCT 1     15.16                     15.89  -0.73    11.93
  SINCE JAN 1      8.80                     10.11  -1.31     7.20

SNOWFALL (IN)
  TODAY            0.0           0.0  2002   0.0    0.0      0.0
                                      2001
                                      1999
  MONTH TO DATE    0.0                       0.0    0.0      0.0
  SINCE JUN 1      0.0                       0.0    0.0      0.0
  SINCE JUL 1      0.0                       0.0    0.0      0.0
  SNOW DEPTH       0

DEGREE DAYS
 HEATING
  TODAY            0                         2     -2        5
  MONTH TO DATE   10                        33    -23       11
  SINCE JUN 1    140                       201    -61       41
  SINCE JUL 1     30                        65    -35       16

 COOLING
  TODAY            3                         3      0        0
  MONTH TO DATE  209                       168     41      251
  SINCE JUN 1    475                       397     78      776
  SINCE JAN 1    487                       411     76      808
..................................................................


WIND (MPH)
  HIGHEST WIND SPEED    13   HIGHEST WIND DIRECTION    SW (210)
  HIGHEST GUST SPEED    15   HIGHEST GUST DIRECTION    SW (210)
  AVERAGE WIND SPEED     5.5


SKY COVER
  POSSIBLE SUNSHINE  MM
  AVERAGE SKY COVER 0.3


WEATHER CONDITIONS
 THE FOLLOWING WEATHER WAS RECORDED TODAY.
  NO SIGNIFICANT WEATHER WAS OBSERVED.


RELATIVE HUMIDITY (PERCENT)
 HIGHEST    57           200 AM
 LOWEST     21           300 PM
 AVERAGE    39

..........................................................


THE SPOKANE WA AIRPORT CLIMATE NORMALS FOR TOMORROW
                         NORMAL    RECORD    YEAR
 MAXIMUM TEMPERATURE (F)   78        98      1888
 MINIMUM TEMPERATURE (F)   52        37      1959


SUNRISE AND SUNSET
AUGUST 31 2016........SUNRISE   608 AM PDT   SUNSET   731 PM PDT
SEPTEMBER  1 2016.....SUNRISE   609 AM PDT   SUNSET   729 PM PDT


-  INDICATES NEGATIVE NUMBERS.
R  INDICATES RECORD WAS SET OR TIED.
MM INDICATES DATA IS MISSING.
T  INDICATES TRACE AMOUNT.




$$
