000
CDUS45 KRIW 030029
CLIGEY


CLIMATE REPORT
NATIONAL WEATHER SERVICE RIVERTON WY
627 PM MDT THU JUL 2 2015


...................................

...THE GREYBULL WY CLIMATE SUMMARY FOR JULY 2 2015...
VALID TODAY AS OF 0500 PM LOCAL TIME.

CLIMATE NORMAL PERIOD 1981 TO 2010
CLIMATE RECORD PERIOD 1998 TO 2015


WEATHER ITEM   OBSERVED TIME   RECORD YEAR NORMAL DEPARTURE LAST
                VALUE   (LST)  VALUE       VALUE  FROM      YEAR
                                                  NORMAL
..................................................................
TEMPERATURE (F)
 TODAY
  MAXIMUM         91        MM 100    2007  87      4       87
  MINIMUM         67        MM  47    1999  55     12       51
  AVERAGE         79

PRECIPITATION (IN)
  TODAY            0.00          0.05 2000   0.03  -0.03     0.00
  MONTH TO DATE    0.00                      0.06  -0.06     0.00
  SINCE JUN 1      0.25                      1.26  -1.01     0.94
  SINCE JAN 1      1.83                      4.43  -2.60     2.64

DEGREE DAYS
 HEATING
  TODAY            0                         0      0        0
  MONTH TO DATE    0                         1     -1        0
  SINCE JUN 1      0                        71    -71       56
  SINCE JUL 1      0                         1     -1        0

 COOLING
  TODAY           14                         7      7        4
  MONTH TO DATE   29                        14     15        7
  SINCE JUN 1    274                       120    154       56
  SINCE JAN 1    279                       140    139       98
..................................................................


WIND (MPH)
  HIGHEST WIND SPEED    21   HIGHEST WIND DIRECTION    NW (330)
  HIGHEST GUST SPEED    31   HIGHEST GUST DIRECTION    NW (330)
  AVERAGE WIND SPEED     8.7


SKY COVER
  POSSIBLE SUNSHINE  MM
  AVERAGE SKY COVER 0.2


WEATHER CONDITIONS
 THE FOLLOWING WEATHER WAS RECORDED TODAY.
  NO SIGNIFICANT WEATHER WAS OBSERVED.


RELATIVE HUMIDITY (PERCENT)
 HIGHEST    58           500 AM
 LOWEST     21           300 PM
 AVERAGE    40

..........................................................


THE GREYBULL WY CLIMATE NORMALS FOR TOMORROW
                         NORMAL    RECORD    YEAR
 MAXIMUM TEMPERATURE (F)   88       104      2012
 MINIMUM TEMPERATURE (F)   56        55      2008
                                             2004


SUNRISE AND SUNSET
JULY  2 2015..........SUNRISE   532 AM MDT   SUNSET   901 PM MDT
JULY  3 2015..........SUNRISE   532 AM MDT   SUNSET   900 PM MDT


-  INDICATES NEGATIVE NUMBERS.
R  INDICATES RECORD WAS SET OR TIED.
MM INDICATES DATA IS MISSING.
T  INDICATES TRACE AMOUNT.




$$
