000
CDUS45 KRIW 290730
CLIGEY


CLIMATE REPORT
NATIONAL WEATHER SERVICE RIVERTON WY
128 AM MDT THU JUN 29 2017


...................................

...THE GREYBULL WY CLIMATE SUMMARY FOR JUNE 28 2017...

CLIMATE NORMAL PERIOD 1981 TO 2010
CLIMATE RECORD PERIOD 1998 TO 2017


WEATHER ITEM   OBSERVED TIME   RECORD YEAR NORMAL DEPARTURE LAST
                VALUE   (LST)  VALUE       VALUE  FROM      YEAR
                                                  NORMAL
..................................................................
TEMPERATURE (F)
 YESTERDAY
  MAXIMUM         82   1234 PM 102    2002  86     -4       94
  MINIMUM         52    509 AM  42    1999  55     -3       58
  AVERAGE         67                        70     -3       76

PRECIPITATION (IN)
  YESTERDAY        0.03R         0.03 2014   0.01   0.02      T
  MONTH TO DATE    0.28                      1.17  -0.89     0.06
  SINCE JUN 1      0.28                      1.17  -0.89     0.06
  SINCE JAN 1      1.82                      4.34  -2.52     2.35

DEGREE DAYS
 HEATING
  YESTERDAY        0                         1     -1        0
  MONTH TO DATE   14                        69    -55        5
  SINCE JUN 1     14                        69    -55        5
  SINCE JUL 1   7449                      7749   -300     6596

 COOLING
  YESTERDAY        2                         6     -4       11
  MONTH TO DATE  143                        94     49      238
  SINCE JUN 1    143                        94     49      238
  SINCE JAN 1    155                       114     41      249
..................................................................


WIND (MPH)
  HIGHEST WIND SPEED    37   HIGHEST WIND DIRECTION    NW (330)
  HIGHEST GUST SPEED    46   HIGHEST GUST DIRECTION    NW (320)
  AVERAGE WIND SPEED     8.4


SKY COVER
  POSSIBLE SUNSHINE  MM
  AVERAGE SKY COVER 0.1


WEATHER CONDITIONS
 THE FOLLOWING WEATHER WAS RECORDED YESTERDAY.
  LIGHT RAIN


RELATIVE HUMIDITY (PERCENT)
 HIGHEST    80          1000 PM
 LOWEST     20           100 PM
 AVERAGE    50

..........................................................


THE GREYBULL WY CLIMATE NORMALS FOR TODAY
                         NORMAL    RECORD    YEAR
 MAXIMUM TEMPERATURE (F)   86       105      2002
 MINIMUM TEMPERATURE (F)   55        47      2014


SUNRISE AND SUNSET
JUNE 29 2017..........SUNRISE   530 AM MDT   SUNSET   901 PM MDT
JUNE 30 2017..........SUNRISE   531 AM MDT   SUNSET   901 PM MDT


-  INDICATES NEGATIVE NUMBERS.
R  INDICATES RECORD WAS SET OR TIED.
MM INDICATES DATA IS MISSING.
T  INDICATES TRACE AMOUNT.




$$
