000
CDUS45 KRIW 070045
CLIGEY


CLIMATE REPORT
NATIONAL WEATHER SERVICE RIVERTON WY
645 PM MDT FRI MAY 6 2016


...................................

...THE GREYBULL WY CLIMATE SUMMARY FOR MAY 6 2016...
VALID TODAY AS OF 0500 PM LOCAL TIME.

CLIMATE NORMAL PERIOD 1981 TO 2010
CLIMATE RECORD PERIOD 1998 TO 2016


WEATHER ITEM   OBSERVED TIME   RECORD YEAR NORMAL DEPARTURE LAST
                VALUE   (LST)  VALUE       VALUE  FROM      YEAR
                                                  NORMAL
..................................................................
TEMPERATURE (F)
 TODAY
  MAXIMUM         78        MM  81    2004  67     11       60
  MINIMUM         57    300 AM  28    2010  39     18       48
  AVERAGE         68

PRECIPITATION (IN)
  TODAY            0.00          0.18 2010   0.03  -0.03     0.09
  MONTH TO DATE    0.00                      0.17  -0.17     0.09
  SINCE MAR 1      0.82                      1.28  -0.46     0.34
  SINCE JAN 1      0.93                      1.69  -0.76     0.60

DEGREE DAYS
 HEATING
  TODAY            0                        12    -12       11
  MONTH TO DATE   37                        77    -40       32
  SINCE MAR 1   1232                      1505   -273     1233
  SINCE JUL 1   6385                      7476  -1091     6877

 COOLING
  TODAY            3                         0      3        0
  MONTH TO DATE    6                         0      6        0
  SINCE MAR 1      6                         1      5        0
  SINCE JAN 1      6                         1      5        0
..................................................................


WIND (MPH)
  HIGHEST WIND SPEED    21   HIGHEST WIND DIRECTION    NW (320)
  HIGHEST GUST SPEED    31   HIGHEST GUST DIRECTION    NW (300)
  AVERAGE WIND SPEED    12.7


SKY COVER
  POSSIBLE SUNSHINE  MM
  AVERAGE SKY COVER 0.1


WEATHER CONDITIONS
 THE FOLLOWING WEATHER WAS RECORDED TODAY.
  HAZE


RELATIVE HUMIDITY (PERCENT)
 HIGHEST    46           500 AM
 LOWEST     24          1200 PM
 AVERAGE    35

..........................................................


THE GREYBULL WY CLIMATE NORMALS FOR TOMORROW
                         NORMAL    RECORD    YEAR
 MAXIMUM TEMPERATURE (F)   68        84      2004
 MINIMUM TEMPERATURE (F)   40        27      2010


SUNRISE AND SUNSET
MAY  6 2016...........SUNRISE   555 AM MDT   SUNSET   823 PM MDT
MAY  7 2016...........SUNRISE   554 AM MDT   SUNSET   825 PM MDT


-  INDICATES NEGATIVE NUMBERS.
R  INDICATES RECORD WAS SET OR TIED.
MM INDICATES DATA IS MISSING.
T  INDICATES TRACE AMOUNT.




$$
