000
CDUS45 KRIW 310059
CLIGEY


CLIMATE REPORT
NATIONAL WEATHER SERVICE RIVERTON WY
659 PM MDT TUE AUG 30 2016


...................................

...THE GREYBULL WY CLIMATE SUMMARY FOR AUGUST 30 2016...
VALID TODAY AS OF 0500 PM LOCAL TIME.

CLIMATE NORMAL PERIOD 1981 TO 2010
CLIMATE RECORD PERIOD 1998 TO 2016


WEATHER ITEM   OBSERVED TIME   RECORD YEAR NORMAL DEPARTURE LAST
                VALUE   (LST)  VALUE       VALUE  FROM      YEAR
                                                  NORMAL
..................................................................
TEMPERATURE (F)
 TODAY
  MAXIMUM         96        MM  98    1999  85     11       91
  MINIMUM         60        MM  43    2005  50     10       65
  AVERAGE         78

PRECIPITATION (IN)
  TODAY            0.00          0.06 1999   0.02  -0.02     0.00
  MONTH TO DATE    0.33                      0.40  -0.07     0.09
  SINCE JUN 1      0.59                      2.26  -1.67     0.34
  SINCE JAN 1      2.88                      5.43  -2.55     1.92

DEGREE DAYS
 HEATING
  TODAY            0                         2     -2        0
  MONTH TO DATE   17                        10      7       25
  SINCE JUN 1     24                        86    -62       28
  SINCE JUL 1     19                        16      3       28

 COOLING
  TODAY           13                         4      9       13
  MONTH TO DATE  234                       225      9      231
  SINCE JUN 1    819                       608    211      738
  SINCE JAN 1    830                       628    202      743
..................................................................


WIND (MPH)
  HIGHEST WIND SPEED    14   HIGHEST WIND DIRECTION     S (170)
  HIGHEST GUST SPEED    22   HIGHEST GUST DIRECTION     S (170)
  AVERAGE WIND SPEED     7.0


SKY COVER
  POSSIBLE SUNSHINE  MM
  AVERAGE SKY COVER 0.0


WEATHER CONDITIONS
 THE FOLLOWING WEATHER WAS RECORDED TODAY.
  HAZE


RELATIVE HUMIDITY (PERCENT)
 HIGHEST    43           600 AM
 LOWEST      7           400 PM
 AVERAGE    25

..........................................................


THE GREYBULL WY CLIMATE NORMALS FOR TOMORROW
                         NORMAL    RECORD    YEAR
 MAXIMUM TEMPERATURE (F)   84        97      2011
 MINIMUM TEMPERATURE (F)   50        36      2005


SUNRISE AND SUNSET
AUGUST 30 2016........SUNRISE   633 AM MDT   SUNSET   751 PM MDT
AUGUST 31 2016........SUNRISE   634 AM MDT   SUNSET   749 PM MDT


-  INDICATES NEGATIVE NUMBERS.
R  INDICATES RECORD WAS SET OR TIED.
MM INDICATES DATA IS MISSING.
T  INDICATES TRACE AMOUNT.




$$
