000
CDUS45 KRIW 260735
CLIGEY


CLIMATE REPORT
NATIONAL WEATHER SERVICE RIVERTON WY
134 AM MDT WED APR 26 2017


...................................

...THE GREYBULL WY CLIMATE SUMMARY FOR APRIL 25 2017...

CLIMATE NORMAL PERIOD 1981 TO 2010
CLIMATE RECORD PERIOD 1998 TO 2017


WEATHER ITEM   OBSERVED TIME   RECORD YEAR NORMAL DEPARTURE LAST
                VALUE   (LST)  VALUE       VALUE  FROM      YEAR
                                                  NORMAL
..................................................................
TEMPERATURE (F)
 YESTERDAY
  MAXIMUM         51    329 PM  79    2012  64    -13       57
  MINIMUM         37   1159 PM  24    2009  35      2       41
                                      2008
  AVERAGE         44                        49     -5       49

PRECIPITATION (IN)
  YESTERDAY        T             0.04 2008   0.03  -0.03      T
  MONTH TO DATE    0.47                      0.56  -0.09     0.46
  SINCE MAR 1      0.77                      0.96  -0.19     0.82
  SINCE JAN 1      0.98                      1.37  -0.39     0.93

DEGREE DAYS
 HEATING
  YESTERDAY       21                        16      5       16
  MONTH TO DATE  418                       484    -66      341
  SINCE MAR 1   1062                      1355   -293     1089
  SINCE JUL 1   7103                      7326   -223     6242

 COOLING
  YESTERDAY        0                         0      0        0
  MONTH TO DATE    0                         0      0        0
  SINCE MAR 1      0                         0      0        0
  SINCE JAN 1      0                         0      0        0
..................................................................


WIND (MPH)
  HIGHEST WIND SPEED    37   HIGHEST WIND DIRECTION    NW (330)
  HIGHEST GUST SPEED    44   HIGHEST GUST DIRECTION    NW (330)
  AVERAGE WIND SPEED    20.5


SKY COVER
  POSSIBLE SUNSHINE  MM
  AVERAGE SKY COVER 0.6


WEATHER CONDITIONS
 THE FOLLOWING WEATHER WAS RECORDED YESTERDAY.
  LIGHT RAIN


RELATIVE HUMIDITY (PERCENT)
 HIGHEST    76           200 AM
 LOWEST     46           300 PM
 AVERAGE    61

..........................................................


THE GREYBULL WY CLIMATE NORMALS FOR TODAY
                         NORMAL    RECORD    YEAR
 MAXIMUM TEMPERATURE (F)   64        84      2012
 MINIMUM TEMPERATURE (F)   36        28      2010
                                             2002


SUNRISE AND SUNSET
APRIL 26 2017.........SUNRISE   610 AM MDT   SUNSET   811 PM MDT
APRIL 27 2017.........SUNRISE   608 AM MDT   SUNSET   812 PM MDT


-  INDICATES NEGATIVE NUMBERS.
R  INDICATES RECORD WAS SET OR TIED.
MM INDICATES DATA IS MISSING.
T  INDICATES TRACE AMOUNT.




$$
