000
CDUS45 KRIW 300740
CLIGEY


CLIMATE REPORT
NATIONAL WEATHER SERVICE RIVERTON WY
128 AM MDT SAT JUL 30 2016


...................................

...THE GREYBULL WY CLIMATE SUMMARY FOR JULY 29 2016...

CLIMATE NORMAL PERIOD 1981 TO 2010
CLIMATE RECORD PERIOD 1998 TO 2016


WEATHER ITEM   OBSERVED TIME   RECORD YEAR NORMAL DEPARTURE LAST
                VALUE   (LST)  VALUE       VALUE  FROM      YEAR
                                                  NORMAL
..................................................................
TEMPERATURE (F)
 YESTERDAY
  MAXIMUM         93    447 PM 103    2006  92      1       84
  MINIMUM         58    519 AM  46    2015  58      0       46
  AVERAGE         76                        75      1       65

PRECIPITATION (IN)
  YESTERDAY        T             0.01 2010   0.02  -0.02     0.00
  MONTH TO DATE    0.09                      0.63  -0.54      T
  SINCE JUN 1      0.26                      1.83  -1.57     0.25
  SINCE JAN 1      2.55                      5.00  -2.45     1.83

DEGREE DAYS
 HEATING
  YESTERDAY        0                         0      0        0
  MONTH TO DATE    2                         1      1        3
  SINCE JUN 1      7                        71    -64        3
  SINCE JUL 1      2                         1      1        3

 COOLING
  YESTERDAY       11                        10      1        0
  MONTH TO DATE  291                       258     33      246
  SINCE JUN 1    553                       364    189      491
  SINCE JAN 1    564                       384    180      496
..................................................................


WIND (MPH)
  HIGHEST WIND SPEED    29   HIGHEST WIND DIRECTION    NW (330)
  HIGHEST GUST SPEED    33   HIGHEST GUST DIRECTION    NW (330)
  AVERAGE WIND SPEED     6.1


SKY COVER
  POSSIBLE SUNSHINE  MM
  AVERAGE SKY COVER 0.1


WEATHER CONDITIONS
 THE FOLLOWING WEATHER WAS RECORDED YESTERDAY.
  THUNDERSTORM
  LIGHT RAIN


RELATIVE HUMIDITY (PERCENT)
 HIGHEST    64           400 AM
 LOWEST     16           200 PM
 AVERAGE    40

..........................................................


THE GREYBULL WY CLIMATE NORMALS FOR TODAY
                         NORMAL    RECORD    YEAR
 MAXIMUM TEMPERATURE (F)   92       101      2000
 MINIMUM TEMPERATURE (F)   58        45      2009


SUNRISE AND SUNSET
JULY 30 2016..........SUNRISE   557 AM MDT   SUNSET   839 PM MDT
JULY 31 2016..........SUNRISE   559 AM MDT   SUNSET   838 PM MDT


-  INDICATES NEGATIVE NUMBERS.
R  INDICATES RECORD WAS SET OR TIED.
MM INDICATES DATA IS MISSING.
T  INDICATES TRACE AMOUNT.




$$
