000
CDUS45 KRIW 010735
CLIGEY


CLIMATE REPORT
NATIONAL WEATHER SERVICE RIVERTON WY
135 AM MDT SAT NOV 1 2014


...................................

...THE GREYBULL WY CLIMATE SUMMARY FOR OCTOBER 31 2014...

CLIMATE NORMAL PERIOD 1981 TO 2010
CLIMATE RECORD PERIOD 1998 TO 2014


WEATHER ITEM   OBSERVED TIME   RECORD YEAR NORMAL DEPARTURE LAST
                VALUE   (LST)  VALUE       VALUE  FROM      YEAR
                                                  NORMAL
..................................................................
TEMPERATURE (F)
 YESTERDAY
  MAXIMUM         71    409 PM  76    1999  53     18       53
  MINIMUM         32    722 AM   9    2006  26      6       28
  AVERAGE         52                        40     12       41

PRECIPITATION (IN)
  YESTERDAY        0.00          0.03 2001   0.01  -0.01     0.03
                                      2001
                                      2013
  MONTH TO DATE    0.01                      0.60  -0.59     1.12
  SINCE SEP 1      0.87                      1.48  -0.61     2.23
  SINCE JAN 1      4.73                      6.93  -2.20     4.85

DEGREE DAYS
 HEATING
  YESTERDAY       13                        25    -12       24
  MONTH TO DATE  390                       589   -199      687
  SINCE SEP 1    542                       801   -259      809
  SINCE JUL 1    569                       822   -253      809

 COOLING
  YESTERDAY        0                         0      0        0
  MONTH TO DATE    0                         0      0        0
  SINCE SEP 1     43                        36      7       96
  SINCE JAN 1    698                       669     29     1005
..................................................................


WIND (MPH)
  HIGHEST WIND SPEED    13   HIGHEST WIND DIRECTION     S (190)
  HIGHEST GUST SPEED    15   HIGHEST GUST DIRECTION     S (170)
  AVERAGE WIND SPEED     4.2


SKY COVER
  POSSIBLE SUNSHINE  MM
  AVERAGE SKY COVER 0.0


WEATHER CONDITIONS
 THE FOLLOWING WEATHER WAS RECORDED YESTERDAY.
  NO SIGNIFICANT WEATHER WAS OBSERVED.


RELATIVE HUMIDITY (PERCENT)
 HIGHEST    63           500 AM
 LOWEST     17           400 PM
 AVERAGE    40

..........................................................


THE GREYBULL WY CLIMATE NORMALS FOR TODAY
                         NORMAL    RECORD    YEAR
 MAXIMUM TEMPERATURE (F)   53        67      2005
 MINIMUM TEMPERATURE (F)   26        12      2006


SUNRISE AND SUNSET
NOVEMBER  1 2014......SUNRISE   750 AM MDT   SUNSET   601 PM MDT
NOVEMBER  2 2014......SUNRISE   651 AM MST   SUNSET   500 PM MST


-  INDICATES NEGATIVE NUMBERS.
R  INDICATES RECORD WAS SET OR TIED.
MM INDICATES DATA IS MISSING.
T  INDICATES TRACE AMOUNT.




$$
