000
CDUS43 KIND 260532
CLIGEZ


CLIMATE REPORT
NATIONAL WEATHER SERVICE INDIANAPOLIS IN
132 AM EDT MON JUN 26 2017


...................................

...THE SHELBYVILLE IN CLIMATE SUMMARY FOR JUNE 25 2017...

CLIMATE NORMAL PERIOD 1981 TO 2010
CLIMATE RECORD PERIOD 9999 TO 9999


WEATHER ITEM   OBSERVED TIME   NORMAL DEPARTURE LAST
                VALUE   (LST)  VALUE  FROM      YEAR
                                      NORMAL
......................................................
TEMPERATURE (F)
 YESTERDAY
  MAXIMUM         77    249 PM  84     -7       90
  MINIMUM         55    504 AM  63     -8       63
  AVERAGE         66            74     -8       77

PRECIPITATION (IN)
  YESTERDAY        0.00          0.16  -0.16     0.00
  MONTH TO DATE    4.99          3.76   1.23     4.08
  SINCE JUN 1      4.99          3.76   1.23     4.08
  SINCE JAN 1     23.61         21.54   2.07    20.62

DEGREE DAYS
 HEATING
  YESTERDAY        0             0      0        0
  MONTH TO DATE    1            11    -10        0
  SINCE JUN 1      1            11    -10        0
  SINCE JUL 1   4106          5406  -1300     4071

 COOLING
  YESTERDAY        1             9     -8       12
  MONTH TO DATE  219           165     54      266
  SINCE JUN 1    219           165     54      266
  SINCE JAN 1    381           246    135      389
......................................................


WIND (MPH)
  HIGHEST WIND SPEED    21   HIGHEST WIND DIRECTION    NW (300)
  HIGHEST GUST SPEED    27   HIGHEST GUST DIRECTION     W (250)
  AVERAGE WIND SPEED     9.7


SKY COVER
  AVERAGE SKY COVER 0.1


WEATHER CONDITIONS
 THE FOLLOWING WEATHER WAS RECORDED YESTERDAY.
  NO SIGNIFICANT WEATHER WAS OBSERVED.


RELATIVE HUMIDITY (PERCENT)
 HIGHEST    77           200 AM
 LOWEST     33           600 PM
 AVERAGE    55

..........................................................


THE SHELBYVILLE IN CLIMATE NORMALS FOR TODAY
                         NORMAL
 MAXIMUM TEMPERATURE (F)   84
 MINIMUM TEMPERATURE (F)   63


SUNRISE AND SUNSET
JUNE 26 2017..........SUNRISE   617 AM EDT   SUNSET   915 PM EDT
JUNE 27 2017..........SUNRISE   618 AM EDT   SUNSET   915 PM EDT


-  INDICATES NEGATIVE NUMBERS.
R  INDICATES RECORD WAS SET OR TIED.
MM INDICATES DATA IS MISSING.
T  INDICATES TRACE AMOUNT.




$$
