000
CDUS43 KIND 160541
CLIGEZ


CLIMATE REPORT
NATIONAL WEATHER SERVICE INDIANAPOLIS IN
138 AM EDT TUE SEP 16 2014


...................................

...THE SHELBYVILLE IN CLIMATE SUMMARY FOR SEPTEMBER 15 2014...

CLIMATE NORMAL PERIOD 1981 TO 2010
CLIMATE RECORD PERIOD 9999 TO 9999


WEATHER ITEM   OBSERVED TIME   NORMAL DEPARTURE LAST
                VALUE   (LST)  VALUE  FROM      YEAR
                                      NORMAL
......................................................
TEMPERATURE (F)
 YESTERDAY
  MAXIMUM         72    112 PM  79     -7       79
  MINIMUM         45    554 AM  53     -8       45
  AVERAGE         59            66     -7       62

PRECIPITATION (IN)
  YESTERDAY        0.51          0.11   0.40     0.00
  MONTH TO DATE    2.64          1.65   0.99     0.66
  SINCE SEP 1      2.64          1.65   0.99     0.66
  SINCE JAN 1     29.55         31.93  -2.38    22.07

DEGREE DAYS
 HEATING
  YESTERDAY        6             2      4        3
  MONTH TO DATE   25            15     10       15
  SINCE SEP 1     25            15     10       15
  SINCE JUL 1     30            21      9       23

 COOLING
  YESTERDAY        0             3     -3        0
  MONTH TO DATE   76            65     11      122
  SINCE SEP 1     76            65     11      122
  SINCE JAN 1   1046           871    175     1107
......................................................


WIND (MPH)
  HIGHEST WIND SPEED    26   HIGHEST WIND DIRECTION    SE (150)
  HIGHEST GUST SPEED    35   HIGHEST GUST DIRECTION    SE (150)
  AVERAGE WIND SPEED     4.0


SKY COVER
  AVERAGE SKY COVER 0.4


WEATHER CONDITIONS
 THE FOLLOWING WEATHER WAS RECORDED YESTERDAY.
  THUNDERSTORM
  HEAVY RAIN
  RAIN
  LIGHT RAIN
  FOG


RELATIVE HUMIDITY (PERCENT)
 HIGHEST    93           100 AM
 LOWEST     49          1200 PM
 AVERAGE    71

..........................................................


THE SHELBYVILLE IN CLIMATE NORMALS FOR TODAY
                         NORMAL
 MAXIMUM TEMPERATURE (F)   78
 MINIMUM TEMPERATURE (F)   53


SUNRISE AND SUNSET
SEPTEMBER 16 2014.....SUNRISE   725 AM EDT   SUNSET   750 PM EDT
SEPTEMBER 17 2014.....SUNRISE   726 AM EDT   SUNSET   748 PM EDT


-  INDICATES NEGATIVE NUMBERS.
R  INDICATES RECORD WAS SET OR TIED.
MM INDICATES DATA IS MISSING.
T  INDICATES TRACE AMOUNT.




$$
