000
CDUS43 KIND 110534
CLIGEZ


CLIMATE REPORT
NATIONAL WEATHER SERVICE INDIANAPOLIS IN
1233 AM EST THU FEB 11 2016


...................................

...THE SHELBYVILLE IN CLIMATE SUMMARY FOR FEBRUARY 10 2016...

CLIMATE NORMAL PERIOD 1981 TO 2010
CLIMATE RECORD PERIOD 9999 TO 9999


WEATHER ITEM   OBSERVED TIME   NORMAL DEPARTURE LAST
                VALUE   (LST)  VALUE  FROM      YEAR
                                      NORMAL
......................................................
TEMPERATURE (F)
 YESTERDAY
  MAXIMUM         19    456 PM  38    -19       37
  MINIMUM         11   1056 PM  23    -12       21
  AVERAGE         15            30    -15       29

PRECIPITATION (IN)
  YESTERDAY        T             0.09  -0.09     0.00
  MONTH TO DATE    1.14          0.84   0.30     0.42
  SINCE DEC 1      8.66          6.50   2.16     5.32
  SINCE JAN 1      2.50          3.23  -0.73     2.34

DEGREE DAYS
 HEATING
  YESTERDAY       50            35     15       36
  MONTH TO DATE  307           353    -46      330
  SINCE DEC 1   1945          2507   -562     2358
  SINCE JUL 1   2672          3582   -910     3542

 COOLING
  YESTERDAY        0             0      0        0
  MONTH TO DATE    0             0      0        0
  SINCE DEC 1      1             0      1        0
  SINCE JAN 1      0             0      0        0
......................................................


WIND (MPH)
  HIGHEST WIND SPEED    20   HIGHEST WIND DIRECTION     W (250)
  HIGHEST GUST SPEED    23   HIGHEST GUST DIRECTION     W (260)
  AVERAGE WIND SPEED    11.7


SKY COVER
  AVERAGE SKY COVER 0.9


WEATHER CONDITIONS
 THE FOLLOWING WEATHER WAS RECORDED YESTERDAY.
  LIGHT SNOW
  HAZE


RELATIVE HUMIDITY (PERCENT)
 HIGHEST    74           100 AM
 LOWEST     54           600 PM
 AVERAGE    64

..........................................................


THE SHELBYVILLE IN CLIMATE NORMALS FOR TODAY
                         NORMAL
 MAXIMUM TEMPERATURE (F)   39
 MINIMUM TEMPERATURE (F)   23


SUNRISE AND SUNSET
FEBRUARY 11 2016......SUNRISE   741 AM EST   SUNSET   614 PM EST
FEBRUARY 12 2016......SUNRISE   740 AM EST   SUNSET   616 PM EST


-  INDICATES NEGATIVE NUMBERS.
R  INDICATES RECORD WAS SET OR TIED.
MM INDICATES DATA IS MISSING.
T  INDICATES TRACE AMOUNT.




$$
