000
CDUS43 KIND 180535
CLIGEZ


CLIMATE REPORT
NATIONAL WEATHER SERVICE INDIANAPOLIS IN
133 AM EDT FRI AUG 18 2017


...................................

...THE SHELBYVILLE IN CLIMATE SUMMARY FOR AUGUST 17 2017...

CLIMATE NORMAL PERIOD 1981 TO 2010
CLIMATE RECORD PERIOD 9999 TO 9999


WEATHER ITEM   OBSERVED TIME   NORMAL DEPARTURE LAST
                VALUE   (LST)  VALUE  FROM      YEAR
                                      NORMAL
......................................................
TEMPERATURE (F)
 YESTERDAY
  MAXIMUM         86    444 PM  83      3       83
  MINIMUM         72   1151 PM  62     10       69
  AVERAGE         79            72      7       76

PRECIPITATION (IN)
  YESTERDAY        0.32          0.10   0.22     0.00
  MONTH TO DATE    0.56          1.57  -1.01     4.58
  SINCE JUN 1     12.94         10.68   2.26    14.02
  SINCE JAN 1     31.56         28.46   3.10    30.56

DEGREE DAYS
 HEATING
  YESTERDAY        0             0      0        0
  MONTH TO DATE    0             0      0        0
  SINCE JUN 1      1            16    -15        2
  SINCE JUL 1      0             1     -1        2

 COOLING
  YESTERDAY       14             8      6       11
  MONTH TO DATE  112           136    -24      224
  SINCE JUN 1    694           628     66      891
  SINCE JAN 1    856           709    147     1014
......................................................


WIND (MPH)
  HIGHEST WIND SPEED    22   HIGHEST WIND DIRECTION     W (280)
  HIGHEST GUST SPEED    28   HIGHEST GUST DIRECTION    SW (230)
  AVERAGE WIND SPEED     9.8


SKY COVER
  AVERAGE SKY COVER 0.4


WEATHER CONDITIONS
 THE FOLLOWING WEATHER WAS RECORDED YESTERDAY.
  THUNDERSTORM
  HEAVY RAIN
  LIGHT RAIN
  FOG


RELATIVE HUMIDITY (PERCENT)
 HIGHEST    87           600 AM
 LOWEST     55           400 PM
 AVERAGE    71

..........................................................


THE SHELBYVILLE IN CLIMATE NORMALS FOR TODAY
                         NORMAL
 MAXIMUM TEMPERATURE (F)   83
 MINIMUM TEMPERATURE (F)   62


SUNRISE AND SUNSET
AUGUST 18 2017........SUNRISE   659 AM EDT   SUNSET   835 PM EDT
AUGUST 19 2017........SUNRISE   700 AM EDT   SUNSET   833 PM EDT


-  INDICATES NEGATIVE NUMBERS.
R  INDICATES RECORD WAS SET OR TIED.
MM INDICATES DATA IS MISSING.
T  INDICATES TRACE AMOUNT.




$$
