030
CDUS43 KIND 030619
CLIGEZ


CLIMATE REPORT
NATIONAL WEATHER SERVICE INDIANAPOLIS IN
219 AM EDT TUE MAY 3 2016


...................................

...THE SHELBYVILLE IN CLIMATE SUMMARY FOR MAY 2 2016...

CLIMATE NORMAL PERIOD 1981 TO 2010
CLIMATE RECORD PERIOD 9999 TO 9999


WEATHER ITEM   OBSERVED TIME   NORMAL DEPARTURE LAST
                VALUE   (LST)  VALUE  FROM      YEAR
                                      NORMAL
......................................................
TEMPERATURE (F)
 YESTERDAY
  MAXIMUM         63    111 AM  69     -6       76
  MINIMUM         55    824 AM  48      7       49
  AVERAGE         59            58      1       63

PRECIPITATION (IN)
  YESTERDAY        T             0.19  -0.19     0.00
  MONTH TO DATE    0.33          0.38  -0.05     0.00
  SINCE MAR 1      9.91          8.13   1.78     8.53
  SINCE JAN 1     14.55         12.88   1.67    11.55

DEGREE DAYS
 HEATING
  YESTERDAY        6             7     -1        2
  MONTH TO DATE    6            15     -9       10
  SINCE MAR 1    774          1112   -338     1064
  SINCE JUL 1   3943          5275  -1332     5505

 COOLING
  YESTERDAY        0             1     -1        0
  MONTH TO DATE    6             2      4        0
  SINCE MAR 1     26            15     11        8
  SINCE JAN 1     26            15     11        8
......................................................


WIND (MPH)
  HIGHEST WIND SPEED    13   HIGHEST WIND DIRECTION     W (290)
  HIGHEST GUST SPEED    16   HIGHEST GUST DIRECTION    NW (320)
  AVERAGE WIND SPEED     6.8


SKY COVER
  AVERAGE SKY COVER 1.0


WEATHER CONDITIONS
 THE FOLLOWING WEATHER WAS RECORDED YESTERDAY.
  LIGHT RAIN


RELATIVE HUMIDITY (PERCENT)
 HIGHEST    90          1200 AM
 LOWEST     69           300 PM
 AVERAGE    80

..........................................................


THE SHELBYVILLE IN CLIMATE NORMALS FOR TODAY
                         NORMAL
 MAXIMUM TEMPERATURE (F)   69
 MINIMUM TEMPERATURE (F)   48


SUNRISE AND SUNSET
MAY  3 2016...........SUNRISE   641 AM EDT   SUNSET   840 PM EDT
MAY  4 2016...........SUNRISE   640 AM EDT   SUNSET   841 PM EDT


-  INDICATES NEGATIVE NUMBERS.
R  INDICATES RECORD WAS SET OR TIED.
MM INDICATES DATA IS MISSING.
T  INDICATES TRACE AMOUNT.




$$
