000
CDUS43 KFGF 250637
CLIGFK


CLIMATE REPORT
NATIONAL WEATHER SERVICE EASTERN NORTH DAKOTA/GRAND FORKS
135 AM CDT TUE APR 25 2017


...................................

...THE GRAND FORKS INTL AP ND CLIMATE SUMMARY FOR APRIL 24 2017...

CLIMATE NORMAL PERIOD 1981 TO 2010
CLIMATE RECORD PERIOD 1941 TO 2017


WEATHER ITEM   OBSERVED TIME   RECORD YEAR NORMAL DEPARTURE LAST
                VALUE   (LST)  VALUE       VALUE  FROM      YEAR
                                                  NORMAL
..................................................................
TEMPERATURE (F)
 YESTERDAY
  MAXIMUM         39    149 PM  85    1990  59    -20       49
  MINIMUM         34   1159 PM  24    2005  33      1       42
                                      1981
                                      1968
  AVERAGE         37                        46     -9       46

PRECIPITATION (IN)
  YESTERDAY        0.51          0.94 1979   0.04   0.47     0.33
  MONTH TO DATE    1.23                      0.72   0.51     1.11
  SINCE MAR 1      2.08                      1.68   0.40     1.66
  SINCE JAN 1      2.93                      2.75   0.18     2.24

SNOWFALL (IN)
  YESTERDAY        T             3.1  1950   0.0    0.0      0.0
  MONTH TO DATE    0.9                       2.3   -1.4      0.3
  SINCE MAR 1      1.1                       9.5   -8.4      2.5
  SINCE JUL 1     39.4                      46.7   -7.3     28.4
  SNOW DEPTH       0

DEGREE DAYS
 HEATING
  YESTERDAY       28                        19      9       19
  MONTH TO DATE  475                       592   -117      612
  SINCE MAR 1   1630                      1827   -197     1501
  SINCE JUL 1   7599                      8977  -1378     7480

 COOLING
  YESTERDAY        0                         0      0        0
  MONTH TO DATE    0                         0      0        0
  SINCE MAR 1      0                         0      0        0
  SINCE JAN 1      0                         0      0        0
..................................................................


WIND (MPH)
  HIGHEST WIND SPEED    22   HIGHEST WIND DIRECTION     N (360)
  HIGHEST GUST SPEED    26   HIGHEST GUST DIRECTION     N (360)
  AVERAGE WIND SPEED    15.0


SKY COVER
  POSSIBLE SUNSHINE  MM
  AVERAGE SKY COVER 1.0


WEATHER CONDITIONS
 THE FOLLOWING WEATHER WAS RECORDED YESTERDAY.
  RAIN
  LIGHT RAIN
  FOG


RELATIVE HUMIDITY (PERCENT)
 HIGHEST   100          1100 AM
 LOWEST     85          1000 AM
 AVERAGE    93

..........................................................


THE GRAND FORKS INTL AP ND CLIMATE NORMALS FOR TODAY
                         NORMAL    RECORD    YEAR
 MAXIMUM TEMPERATURE (F)   60        81      1977
 MINIMUM TEMPERATURE (F)   34        18      1958


SUNRISE AND SUNSET
APRIL 25 2017.........SUNRISE   620 AM CDT   SUNSET   834 PM CDT
APRIL 26 2017.........SUNRISE   619 AM CDT   SUNSET   835 PM CDT


-  INDICATES NEGATIVE NUMBERS.
R  INDICATES RECORD WAS SET OR TIED.
MM INDICATES DATA IS MISSING.
T  INDICATES TRACE AMOUNT.




$$
