000
CDUS43 KFGF 010659
CLIGFK


CLIMATE REPORT
NATIONAL WEATHER SERVICE EASTERN NORTH DAKOTA/GRAND FORKS
1256 AM CST WED MAR 1 2017


...................................

...THE GRAND FORKS INTL AP ND CLIMATE SUMMARY FOR FEBRUARY 28 2017...

CLIMATE NORMAL PERIOD 1981 TO 2010
CLIMATE RECORD PERIOD 1941 TO 2017


WEATHER ITEM   OBSERVED TIME   RECORD YEAR NORMAL DEPARTURE LAST
                VALUE   (LST)  VALUE       VALUE  FROM      YEAR
                                                  NORMAL
..................................................................
TEMPERATURE (F)
 YESTERDAY
  MAXIMUM         23    314 PM  51    2000  26     -3       38
  MINIMUM          8    822 AM -30    1962   8      0       17
  AVERAGE         16                        17     -1       28

PRECIPITATION (IN)
  YESTERDAY        0.00          0.80 1987   0.03  -0.03      T
  MONTH TO DATE    0.40                      0.52  -0.12     0.26
  SINCE DEC 1      2.46                      1.68   0.78     1.64
  SINCE JAN 1      0.85                      1.07  -0.22     0.58

SNOWFALL (IN)
  YESTERDAY        0.0           7.3  1987   0.3   -0.3       T
  MONTH TO DATE    4.7                       6.6   -1.9      2.6
  SINCE DEC 1     37.2                      28.0    9.2     23.2
  SINCE JUL 1     38.3                      37.2    1.1     25.9
  SNOW DEPTH       1

DEGREE DAYS
 HEATING
  YESTERDAY       49                        48      1       37
  MONTH TO DATE 1256                      1483   -227     1200
  SINCE DEC 1   4501                      4951   -450     4257
  SINCE JUL 1   5969                      7150  -1181     5922

 COOLING
  YESTERDAY        0                         0      0        0
  MONTH TO DATE    0                         0      0        0
  SINCE DEC 1      0                         0      0        0
  SINCE JAN 1      0                         0      0        0
..................................................................


WIND (MPH)
  HIGHEST WIND SPEED    16   HIGHEST WIND DIRECTION     N (350)
  HIGHEST GUST SPEED    20   HIGHEST GUST DIRECTION     N (340)
  AVERAGE WIND SPEED    12.8


SKY COVER
  POSSIBLE SUNSHINE  MM
  AVERAGE SKY COVER 0.7


WEATHER CONDITIONS
 THE FOLLOWING WEATHER WAS RECORDED YESTERDAY.
  NO SIGNIFICANT WEATHER WAS OBSERVED.


RELATIVE HUMIDITY (PERCENT)
 HIGHEST    74          1200 AM
 LOWEST     56          1100 AM
 AVERAGE    65

..........................................................


THE GRAND FORKS INTL AP ND CLIMATE NORMALS FOR TODAY
                         NORMAL    RECORD    YEAR
 MAXIMUM TEMPERATURE (F)   27        54      1992
 MINIMUM TEMPERATURE (F)    8       -29      1962


SUNRISE AND SUNSET
MARCH  1 2017.........SUNRISE   709 AM CST   SUNSET   614 PM CST
MARCH  2 2017.........SUNRISE   707 AM CST   SUNSET   615 PM CST


-  INDICATES NEGATIVE NUMBERS.
R  INDICATES RECORD WAS SET OR TIED.
MM INDICATES DATA IS MISSING.
T  INDICATES TRACE AMOUNT.




$$
