000
CDUS43 KFGF 300642
CLIGFK


CLIMATE REPORT
NATIONAL WEATHER SERVICE EASTERN NORTH DAKOTA/GRAND FORKS
1241 AM CST FRI JAN 30 2015


...................................

...THE GRAND FORKS INTL AP ND CLIMATE SUMMARY FOR JANUARY 29 2015...

CLIMATE NORMAL PERIOD 1981 TO 2010
CLIMATE RECORD PERIOD 1941 TO 2015


WEATHER ITEM   OBSERVED TIME   RECORD YEAR NORMAL DEPARTURE LAST
                VALUE   (LST)  VALUE       VALUE  FROM      YEAR
                                                  NORMAL
..................................................................
TEMPERATURE (F)
 YESTERDAY
  MAXIMUM         23   1239 AM  43    1992  18      5       22
  MINIMUM          4    820 PM -40    2004  -3      7      -11
  AVERAGE         14                         7      7        6

PRECIPITATION (IN)
  YESTERDAY        T             0.31 1987   0.02  -0.02     0.00
  MONTH TO DATE    0.42                      0.52  -0.10     0.66
  SINCE DEC 1      0.64                      1.13  -0.49     1.48
  SINCE JAN 1      0.42                      0.52  -0.10     0.66

SNOWFALL (IN)
  YESTERDAY        T             3.7  1987   0.3   -0.3      0.0
  MONTH TO DATE    3.8                      10.1   -6.3     15.9
  SINCE DEC 1      5.6                      20.8  -15.2     38.7
  SINCE JUL 1      9.6                      30.0  -20.4     40.3
  SNOW DEPTH       T

DEGREE DAYS
 HEATING
  YESTERDAY       51                        58     -7       59
  MONTH TO DATE 1518                      1695   -177     1839
  SINCE DEC 1   2970                      3355   -385     3847
  SINCE JUL 1   5114                      5554   -440     5958

 COOLING
  YESTERDAY        0                         0      0        0
  MONTH TO DATE    0                         0      0        0
  SINCE DEC 1      0                         0      0        0
  SINCE JAN 1      0                         0      0        0
..................................................................


WIND (MPH)
  HIGHEST WIND SPEED    32   HIGHEST WIND DIRECTION     N (340)
  HIGHEST GUST SPEED    39   HIGHEST GUST DIRECTION    NW (330)
  AVERAGE WIND SPEED    15.1


SKY COVER
  POSSIBLE SUNSHINE  MM
  AVERAGE SKY COVER 0.8


WEATHER CONDITIONS
 THE FOLLOWING WEATHER WAS RECORDED YESTERDAY.
  LIGHT SNOW
  HAZE


RELATIVE HUMIDITY (PERCENT)
 HIGHEST    86           800 PM
 LOWEST     64           100 PM
 AVERAGE    75

..........................................................


THE GRAND FORKS INTL AP ND CLIMATE NORMALS FOR TODAY
                         NORMAL    RECORD    YEAR
 MAXIMUM TEMPERATURE (F)   18        40      1995
                                             1993
                                             1992
 MINIMUM TEMPERATURE (F)   -3       -43      2004


SUNRISE AND SUNSET
JANUARY 30 2015.......SUNRISE   759 AM CST   SUNSET   526 PM CST
JANUARY 31 2015.......SUNRISE   758 AM CST   SUNSET   527 PM CST


-  INDICATES NEGATIVE NUMBERS.
R  INDICATES RECORD WAS SET OR TIED.
MM INDICATES DATA IS MISSING.
T  INDICATES TRACE AMOUNT.




$$
