000
CDUS43 KFGF 290650
CLIGFK


CLIMATE REPORT
NATIONAL WEATHER SERVICE EASTERN NORTH DAKOTA/GRAND FORKS
150 AM CDT THU JUN 29 2017


...................................

...THE GRAND FORKS INTL AP ND CLIMATE SUMMARY FOR JUNE 28 2017...

CLIMATE NORMAL PERIOD 1981 TO 2010
CLIMATE RECORD PERIOD 1948 TO 2017


WEATHER ITEM   OBSERVED TIME   RECORD YEAR NORMAL DEPARTURE LAST
                VALUE   (LST)  VALUE       VALUE  FROM      YEAR
                                                  NORMAL
..................................................................
TEMPERATURE (F)
 YESTERDAY
  MAXIMUM         70    657 PM 100    1970  79     -9       80
  MINIMUM         60   1102 AM  41    1973  55      5       47
  AVERAGE         65                        67     -2       64

PRECIPITATION (IN)
  YESTERDAY        3.21R         1.04 1982   0.12   3.09     0.00
  MONTH TO DATE    4.57                      3.24   1.33     3.30
  SINCE JUN 1      4.57                      3.24   1.33     3.30
  SINCE JAN 1      8.72                      8.96  -0.24     9.69

SNOWFALL (IN)
  YESTERDAY        0.0          MM      MM   0.0    0.0      0.0
  MONTH TO DATE    0.0                       0.0    0.0      0.0
  SINCE JUN 1      0.0                       0.0    0.0      0.0
  SINCE JUL 1     44.1                      47.4   -3.3     28.4
  SNOW DEPTH       0

DEGREE DAYS
 HEATING
  YESTERDAY        0                         2     -2        1
  MONTH TO DATE   43                       101    -58       45
  SINCE JUN 1     43                       101    -58       45
  SINCE JUL 1   8057                      9513  -1456     7858

 COOLING
  YESTERDAY        0                         4     -4        0
  MONTH TO DATE   95                        67     28       73
  SINCE JUN 1     95                        67     28       73
  SINCE JAN 1     97                        84     13       95
..................................................................


WIND (MPH)
  HIGHEST WIND SPEED    21   HIGHEST WIND DIRECTION    NE (60)
  HIGHEST GUST SPEED    23   HIGHEST GUST DIRECTION    NE (60)
  AVERAGE WIND SPEED    10.0


SKY COVER
  POSSIBLE SUNSHINE  MM
  AVERAGE SKY COVER 0.9


WEATHER CONDITIONS
 THE FOLLOWING WEATHER WAS RECORDED YESTERDAY.
  THUNDERSTORM
  HEAVY RAIN
  RAIN
  LIGHT RAIN
  FOG


RELATIVE HUMIDITY (PERCENT)
 HIGHEST   100           600 AM
 LOWEST     58          1200 AM
 AVERAGE    79

..........................................................


THE GRAND FORKS INTL AP ND CLIMATE NORMALS FOR TODAY
                         NORMAL    RECORD    YEAR
 MAXIMUM TEMPERATURE (F)   79        96      2002
 MINIMUM TEMPERATURE (F)   55        40      1959


SUNRISE AND SUNSET
JUNE 29 2017..........SUNRISE   533 AM CDT   SUNSET   932 PM CDT
JUNE 30 2017..........SUNRISE   533 AM CDT   SUNSET   932 PM CDT


-  INDICATES NEGATIVE NUMBERS.
R  INDICATES RECORD WAS SET OR TIED.
MM INDICATES DATA IS MISSING.
T  INDICATES TRACE AMOUNT.




$$
