000
CDUS43 KFGF 230635
CLIGFK


CLIMATE REPORT
NATIONAL WEATHER SERVICE EASTERN NORTH DAKOTA/GRAND FORKS
1235 AM CST MON JAN 23 2017


...................................

...THE GRAND FORKS INTL AP ND CLIMATE SUMMARY FOR JANUARY 22 2017...

CLIMATE NORMAL PERIOD 1981 TO 2010
CLIMATE RECORD PERIOD 1941 TO 2017


WEATHER ITEM   OBSERVED TIME   RECORD YEAR NORMAL DEPARTURE LAST
                VALUE   (LST)  VALUE       VALUE  FROM      YEAR
                                                  NORMAL
..................................................................
TEMPERATURE (F)
 YESTERDAY
  MAXIMUM         35    113 PM  48    1942  17     18       14
  MINIMUM         33   1159 PM -32    1948  -4     37       -9
  AVERAGE         34                         6     28        3

PRECIPITATION (IN)
  YESTERDAY        0.00          0.35 1982   0.01  -0.01      T
  MONTH TO DATE    0.42                      0.40   0.02     0.28
  SINCE DEC 1      2.03                      1.01   1.02     1.34
  SINCE JAN 1      0.42                      0.40   0.02     0.28

SNOWFALL (IN)
  YESTERDAY        0.0           8.2  1982   0.4   -0.4       T
  MONTH TO DATE    7.1                       8.0   -0.9      4.3
  SINCE DEC 1     32.2                      18.7   13.5     19.6
  SINCE JUL 1     33.3                      27.9    5.4     22.3
  SNOW DEPTH       5

DEGREE DAYS
 HEATING
  YESTERDAY       31                        58    -27       62
  MONTH TO DATE 1277                      1289    -12     1320
  SINCE DEC 1   2881                      2949    -68     2708
  SINCE JUL 1   4349                      5148   -799     4373

 COOLING
  YESTERDAY        0                         0      0        0
  MONTH TO DATE    0                         0      0        0
  SINCE DEC 1      0                         0      0        0
  SINCE JAN 1      0                         0      0        0
..................................................................


WIND (MPH)
  HIGHEST WIND SPEED    12   HIGHEST WIND DIRECTION     W (280)
  HIGHEST GUST SPEED    14   HIGHEST GUST DIRECTION     W (280)
  AVERAGE WIND SPEED     5.9


SKY COVER
  POSSIBLE SUNSHINE  MM
  AVERAGE SKY COVER 1.0


WEATHER CONDITIONS
 THE FOLLOWING WEATHER WAS RECORDED YESTERDAY.
  FOG
  FOG W/VISIBILITY <= 1/4 MILE
  HAZE


RELATIVE HUMIDITY (PERCENT)
 HIGHEST   100           200 AM
 LOWEST     75          1200 PM
 AVERAGE    88

..........................................................


THE GRAND FORKS INTL AP ND CLIMATE NORMALS FOR TODAY
                         NORMAL    RECORD    YEAR
 MAXIMUM TEMPERATURE (F)   17        51      1942
 MINIMUM TEMPERATURE (F)   -4       -35      1948


SUNRISE AND SUNSET
JANUARY 23 2017.......SUNRISE   806 AM CST   SUNSET   515 PM CST
JANUARY 24 2017.......SUNRISE   805 AM CST   SUNSET   517 PM CST


-  INDICATES NEGATIVE NUMBERS.
R  INDICATES RECORD WAS SET OR TIED.
MM INDICATES DATA IS MISSING.
T  INDICATES TRACE AMOUNT.




$$
