000
CDUS43 KFGF 230635
CLIGFK


CLIMATE REPORT
NATIONAL WEATHER SERVICE EASTERN NORTH DAKOTA/GRAND FORKS
1233 AM CST SUN NOV 23 2014


...................................

...THE GRAND FORKS INTL AP ND CLIMATE SUMMARY FOR NOVEMBER 22 2014...

CLIMATE NORMAL PERIOD 1981 TO 2010
CLIMATE RECORD PERIOD 1941 TO 2014


WEATHER ITEM   OBSERVED TIME   RECORD YEAR NORMAL DEPARTURE LAST
                VALUE   (LST)  VALUE       VALUE  FROM      YEAR
                                                  NORMAL
..................................................................
TEMPERATURE (F)
 YESTERDAY
  MAXIMUM         43    115 PM  62    2006  31     12       19
  MINIMUM         17    804 AM -12    1977  13      4       -3
  AVERAGE         30                        22      8        8

PRECIPITATION (IN)
  YESTERDAY        0.00          0.34 1959   0.02  -0.02     0.03
  MONTH TO DATE    0.24                      0.77  -0.53     0.15
  SINCE SEP 1      1.90                      4.79  -2.89     4.60
  SINCE JAN 1     22.58                     20.02   2.56    18.83

SNOWFALL (IN)
  YESTERDAY        0.0           4.0  1959   0.3   -0.3      0.5
  MONTH TO DATE    2.7                       5.1   -2.4      1.6
  SINCE SEP 1      2.7                       6.6   -3.9      1.6
  SINCE JUL 1      2.7                       6.6   -3.9      1.6
  SNOW DEPTH       0

DEGREE DAYS
 HEATING
  YESTERDAY       35                        43     -8       57
  MONTH TO DATE  881                       804     77      800
  SINCE SEP 1   1650                      1753   -103     1621
  SINCE JUL 1   1704                      1835   -131     1703

 COOLING
  YESTERDAY        0                         0      0        0
  MONTH TO DATE    0                         0      0        0
  SINCE SEP 1     34                        27      7       39
  SINCE JAN 1    395                       379     16      487
..................................................................


WIND (MPH)
  HIGHEST WIND SPEED    20   HIGHEST WIND DIRECTION     S (180)
  HIGHEST GUST SPEED    24   HIGHEST GUST DIRECTION     S (180)
  AVERAGE WIND SPEED     8.2


SKY COVER
  POSSIBLE SUNSHINE  MM
  AVERAGE SKY COVER 0.4


WEATHER CONDITIONS
 THE FOLLOWING WEATHER WAS RECORDED YESTERDAY.
  FOG


RELATIVE HUMIDITY (PERCENT)
 HIGHEST    92          1000 AM
 LOWEST     62           100 PM
 AVERAGE    77

..........................................................


THE GRAND FORKS INTL AP ND CLIMATE NORMALS FOR TODAY
                         NORMAL    RECORD    YEAR
 MAXIMUM TEMPERATURE (F)   30        58      2011
 MINIMUM TEMPERATURE (F)   13       -20      1985


SUNRISE AND SUNSET
NOVEMBER 23 2014......SUNRISE   747 AM CST   SUNSET   443 PM CST
NOVEMBER 24 2014......SUNRISE   748 AM CST   SUNSET   442 PM CST


-  INDICATES NEGATIVE NUMBERS.
R  INDICATES RECORD WAS SET OR TIED.
MM INDICATES DATA IS MISSING.
T  INDICATES TRACE AMOUNT.




$$
