000
CDUS43 KFGF 030653
CLIGFK


CLIMATE REPORT
NATIONAL WEATHER SERVICE EASTERN NORTH DAKOTA/GRAND FORKS
153 AM CDT MON AUG 3 2015


...................................

...THE GRAND FORKS INTL AP ND CLIMATE SUMMARY FOR AUGUST 2 2015...

CLIMATE NORMAL PERIOD 1981 TO 2010
CLIMATE RECORD PERIOD 1941 TO 2015


WEATHER ITEM   OBSERVED TIME   RECORD YEAR NORMAL DEPARTURE LAST
                VALUE   (LST)  VALUE       VALUE  FROM      YEAR
                                                  NORMAL
..................................................................
TEMPERATURE (F)
 YESTERDAY
  MAXIMUM         78    504 PM 100    1946  82     -4       85
  MINIMUM         54   1129 PM  39    1971  56     -2       56
  AVERAGE         66                        69     -3       71

PRECIPITATION (IN)
  YESTERDAY        0.02          0.60 1959   0.08  -0.06     0.06
  MONTH TO DATE    0.02                      0.17  -0.15     0.06
  SINCE JUN 1      7.63                      6.80   0.83    10.36
  SINCE JAN 1     13.94                     12.52   1.42    17.54

SNOWFALL (IN)
  YESTERDAY        0.0          MM      MM   0.0    0.0      0.0
  MONTH TO DATE    0.0                       0.0    0.0      0.0
  SINCE JUN 1      0.0                       0.0    0.0      0.0
  SINCE JUL 1      0.0                       0.0    0.0      0.0
  SNOW DEPTH       0

DEGREE DAYS
 HEATING
  YESTERDAY        0                         1     -1        0
  MONTH TO DATE    0                         2     -2        0
  SINCE JUN 1     72                       133    -61       75
  SINCE JUL 1     14                        30    -16       29

 COOLING
  YESTERDAY        1                         5     -4        6
  MONTH TO DATE    6                        10     -4       12
  SINCE JUN 1    266                       226     40      190
  SINCE JAN 1    272                       243     29      243
..................................................................


WIND (MPH)
  HIGHEST WIND SPEED    22   HIGHEST WIND DIRECTION    NW (330)
  HIGHEST GUST SPEED    28   HIGHEST GUST DIRECTION    NW (310)
  AVERAGE WIND SPEED    11.4


SKY COVER
  POSSIBLE SUNSHINE  MM
  AVERAGE SKY COVER 0.3


WEATHER CONDITIONS
 THE FOLLOWING WEATHER WAS RECORDED YESTERDAY.
  LIGHT RAIN


RELATIVE HUMIDITY (PERCENT)
 HIGHEST    97           600 AM
 LOWEST     31           400 PM
 AVERAGE    64

..........................................................


THE GRAND FORKS INTL AP ND CLIMATE NORMALS FOR TODAY
                         NORMAL    RECORD    YEAR
 MAXIMUM TEMPERATURE (F)   82       103      1989
 MINIMUM TEMPERATURE (F)   56        33      1972


SUNRISE AND SUNSET
AUGUST  3 2015........SUNRISE   607 AM CDT   SUNSET   902 PM CDT
AUGUST  4 2015........SUNRISE   609 AM CDT   SUNSET   900 PM CDT


-  INDICATES NEGATIVE NUMBERS.
R  INDICATES RECORD WAS SET OR TIED.
MM INDICATES DATA IS MISSING.
T  INDICATES TRACE AMOUNT.




$$
