000
CDUS43 KFGF 122159
CLIGFK


CLIMATE REPORT
NATIONAL WEATHER SERVICE EASTERN NORTH DAKOTA/GRAND FORKS
456 PM CDT SAT JUL 12 2014


...................................

...THE GRAND FORKS INTL AP ND CLIMATE SUMMARY FOR JULY 12 2014...
VALID TODAY AS OF 0400 PM LOCAL TIME.

CLIMATE NORMAL PERIOD 1981 TO 2010
CLIMATE RECORD PERIOD 1941 TO 2014


WEATHER ITEM   OBSERVED TIME   RECORD YEAR NORMAL DEPARTURE LAST
                VALUE   (LST)  VALUE       VALUE  FROM      YEAR
                                                  NORMAL
..................................................................
TEMPERATURE (F)
 TODAY
  MAXIMUM         79    259 PM  95    2006  81     -2       86
  MINIMUM         55    507 AM  43    1941  56     -1       65
  AVERAGE         67                        69     -2       76

PRECIPITATION (IN)
  TODAY            0.00          1.58 1965   0.11  -0.11     1.04
  MONTH TO DATE    0.82                      1.38  -0.56     1.29
  SINCE JUN 1      7.42                      4.86   2.56     4.39
  SINCE JAN 1     14.60                     10.58   4.02    12.56

SNOWFALL (IN)
  TODAY            0.0          MM      MM   0.0    0.0      0.0
  MONTH TO DATE    0.0                       0.0    0.0      0.0
  SINCE JUN 1      0.0                       0.0    0.0      0.0
  SINCE JUL 1      0.0                       0.0    0.0      0.0
  SNOW DEPTH       0

DEGREE DAYS
 HEATING
  TODAY            0                         1     -1        0
  MONTH TO DATE   14                        13      1        0
  SINCE JUN 1     60                       116    -56       77
  SINCE JUL 1     14                        13      1        0

 COOLING
  TODAY            2                         5     -3       11
  MONTH TO DATE   45                        50     -5       95
  SINCE JUN 1    112                       125    -13      208
  SINCE JAN 1    165                       142     23      217
..................................................................


WIND (MPH)
  HIGHEST WIND SPEED    20   HIGHEST WIND DIRECTION     W (270)
  HIGHEST GUST SPEED    24   HIGHEST GUST DIRECTION     W (270)
  AVERAGE WIND SPEED     8.0


SKY COVER
  POSSIBLE SUNSHINE  MM
  AVERAGE SKY COVER 0.6


WEATHER CONDITIONS
 THE FOLLOWING WEATHER WAS RECORDED TODAY.
  NO SIGNIFICANT WEATHER WAS OBSERVED.


RELATIVE HUMIDITY (PERCENT)
 HIGHEST    93           400 AM
 LOWEST     45           300 PM
 AVERAGE    69

..........................................................


THE GRAND FORKS INTL AP ND CLIMATE NORMALS FOR TOMORROW
                         NORMAL    RECORD    YEAR
 MAXIMUM TEMPERATURE (F)   81        95      1983
 MINIMUM TEMPERATURE (F)   57        39      1950


SUNRISE AND SUNSET
JULY 12 2014..........SUNRISE   542 AM CDT   SUNSET   926 PM CDT
JULY 13 2014..........SUNRISE   543 AM CDT   SUNSET   925 PM CDT


-  INDICATES NEGATIVE NUMBERS.
R  INDICATES RECORD WAS SET OR TIED.
MM INDICATES DATA IS MISSING.
T  INDICATES TRACE AMOUNT.




$$
