000
CDUS43 KFGF 302148
CLIGFK


CLIMATE REPORT
NATIONAL WEATHER SERVICE EASTERN NORTH DAKOTA/GRAND FORKS
447 PM CDT MON MAR 30 2015


...................................

...THE GRAND FORKS INTL AP ND CLIMATE SUMMARY FOR MARCH 30 2015...
VALID TODAY AS OF 0400 PM LOCAL TIME.

CLIMATE NORMAL PERIOD 1981 TO 2010
CLIMATE RECORD PERIOD 1941 TO 2015


WEATHER ITEM   OBSERVED TIME   RECORD YEAR NORMAL DEPARTURE LAST
                VALUE   (LST)  VALUE       VALUE  FROM      YEAR
                                                  NORMAL
..................................................................
TEMPERATURE (F)
 TODAY
  MAXIMUM         50    259 PM  68    1967  43      7       41
  MINIMUM         30    253 AM -15    1975  23      7       21
  AVERAGE         40                        33      7       31

PRECIPITATION (IN)
  TODAY            0.03          0.46 2006   0.03   0.00     0.00
  MONTH TO DATE    0.31                      0.93  -0.62     0.59
  SINCE MAR 1      0.31                      0.93  -0.62     0.59
  SINCE JAN 1      1.13                      2.00  -0.87     1.66

SNOWFALL (IN)
  TODAY            0.0          MM      MM   0.2   -0.2      0.0
  MONTH TO DATE    2.1                       7.1   -5.0      2.0
  SINCE MAR 1      2.1                       7.1   -5.0      2.0
  SINCE JUL 1     16.4                      44.3  -27.9     47.7
  SNOW DEPTH       0

DEGREE DAYS
 HEATING
  TODAY           25                        32     -7       34
  MONTH TO DATE 1030                      1205   -175     1407
  SINCE MAR 1   1030                      1205   -175     1407
  SINCE JUL 1   7947                      8355   -408     9302

 COOLING
  TODAY            0                         0      0        0
  MONTH TO DATE    0                         0      0        0
  SINCE MAR 1      0                         0      0        0
  SINCE JAN 1      0                         0      0        0
..................................................................


WIND (MPH)
  HIGHEST WIND SPEED    16   HIGHEST WIND DIRECTION    SE (130)
  HIGHEST GUST SPEED    17   HIGHEST GUST DIRECTION    SE (130)
  AVERAGE WIND SPEED     6.6


SKY COVER
  POSSIBLE SUNSHINE  MM
  AVERAGE SKY COVER 0.7


WEATHER CONDITIONS
 THE FOLLOWING WEATHER WAS RECORDED TODAY.
  LIGHT RAIN


RELATIVE HUMIDITY (PERCENT)
 HIGHEST    89           700 AM
 LOWEST     61           300 PM
 AVERAGE    75

..........................................................


THE GRAND FORKS INTL AP ND CLIMATE NORMALS FOR TOMORROW
                         NORMAL    RECORD    YEAR
 MAXIMUM TEMPERATURE (F)   43        80      1963
 MINIMUM TEMPERATURE (F)   24        -7      1969


SUNRISE AND SUNSET
MARCH 30 2015.........SUNRISE   712 AM CDT   SUNSET   756 PM CDT
MARCH 31 2015.........SUNRISE   710 AM CDT   SUNSET   757 PM CDT


-  INDICATES NEGATIVE NUMBERS.
R  INDICATES RECORD WAS SET OR TIED.
MM INDICATES DATA IS MISSING.
T  INDICATES TRACE AMOUNT.




$$
