000
CDUS43 KFGF 172158
CLIGFK


CLIMATE REPORT
NATIONAL WEATHER SERVICE EASTERN NORTH DAKOTA/GRAND FORKS
457 PM CDT THU AUG 17 2017


...................................

...THE GRAND FORKS INTL AP ND CLIMATE SUMMARY FOR AUGUST 17 2017...
VALID TODAY AS OF 0400 PM LOCAL TIME.

CLIMATE NORMAL PERIOD 1981 TO 2010
CLIMATE RECORD PERIOD 1948 TO 2017


WEATHER ITEM   OBSERVED TIME   RECORD YEAR NORMAL DEPARTURE LAST
                VALUE   (LST)  VALUE       VALUE  FROM      YEAR
                                                  NORMAL
..................................................................
TEMPERATURE (F)
 TODAY
  MAXIMUM         80    259 PM  96    1973  81     -1       88
  MINIMUM         59    716 AM  39    1977  54      5       59
                                      1975
                                      1968
  AVERAGE         70                        67      3       74

PRECIPITATION (IN)
  TODAY            0.00          3.18 2005   0.09  -0.09     0.00
  MONTH TO DATE    0.98                      1.56  -0.58     2.85
  SINCE JUN 1      6.72                      8.19  -1.47    11.45
  SINCE JAN 1     10.87                     13.91  -3.04    17.84

SNOWFALL (IN)
  TODAY            0.0          MM      MM   0.0    0.0      0.0
  MONTH TO DATE    0.0                       0.0    0.0      0.0
  SINCE JUN 1      0.0                       0.0    0.0      0.0
  SINCE JUL 1      0.0                       0.0    0.0      0.0
  SNOW DEPTH       0

DEGREE DAYS
 HEATING
  TODAY            0                         2     -2        0
  MONTH TO DATE    2                        18    -16        0
  SINCE JUN 1     55                       149    -94       66
  SINCE JUL 1     10                        46    -36       12

 COOLING
  TODAY            5                         4      1        9
  MONTH TO DATE   31                        79    -48      106
  SINCE JUN 1    342                       295     47      351
  SINCE JAN 1    344                       312     32      373
..................................................................


WIND (MPH)
  HIGHEST WIND SPEED    13   HIGHEST WIND DIRECTION    NW (330)
  HIGHEST GUST SPEED    17   HIGHEST GUST DIRECTION    NW (320)
  AVERAGE WIND SPEED     8.4


SKY COVER
  POSSIBLE SUNSHINE  MM
  AVERAGE SKY COVER 0.7


WEATHER CONDITIONS
 THE FOLLOWING WEATHER WAS RECORDED TODAY.
  FOG
  FOG W/VISIBILITY <= 1/4 MILE


RELATIVE HUMIDITY (PERCENT)
 HIGHEST   100          1200 AM
 LOWEST     51           300 PM
 AVERAGE    76

..........................................................


THE GRAND FORKS INTL AP ND CLIMATE NORMALS FOR TOMORROW
                         NORMAL    RECORD    YEAR
 MAXIMUM TEMPERATURE (F)   80       101      1955
 MINIMUM TEMPERATURE (F)   54        37      1975


SUNRISE AND SUNSET
AUGUST 17 2017........SUNRISE   627 AM CDT   SUNSET   838 PM CDT
AUGUST 18 2017........SUNRISE   628 AM CDT   SUNSET   836 PM CDT


-  INDICATES NEGATIVE NUMBERS.
R  INDICATES RECORD WAS SET OR TIED.
MM INDICATES DATA IS MISSING.
T  INDICATES TRACE AMOUNT.




$$
