000
CDUS43 KFGF 250644
CLIGFK


CLIMATE REPORT
NATIONAL WEATHER SERVICE EASTERN NORTH DAKOTA/GRAND FORKS
143 AM CDT FRI JUL 25 2014


...................................

...THE GRAND FORKS INTL AP ND CLIMATE SUMMARY FOR JULY 24 2014...

CLIMATE NORMAL PERIOD 1981 TO 2010
CLIMATE RECORD PERIOD 1941 TO 2014


WEATHER ITEM   OBSERVED TIME   RECORD YEAR NORMAL DEPARTURE LAST
                VALUE   (LST)  VALUE       VALUE  FROM      YEAR
                                                  NORMAL
..................................................................
TEMPERATURE (F)
 YESTERDAY
  MAXIMUM         78    429 PM  99    1951  82     -4       81
  MINIMUM         58    222 AM  43    1946  57      1       52
  AVERAGE         68                        69     -1       67

PRECIPITATION (IN)
  YESTERDAY        T             1.96 2012   0.09  -0.09     0.00
  MONTH TO DATE    3.69                      2.54   1.15     1.96
  SINCE JUN 1     10.29                      6.02   4.27     5.06
  SINCE JAN 1     17.47                     11.74   5.73    13.23

SNOWFALL (IN)
  YESTERDAY        0.0          MM      MM   0.0    0.0      0.0
  MONTH TO DATE    0.0                       0.0    0.0      0.0
  SINCE JUN 1      0.0                       0.0    0.0      0.0
  SINCE JUL 1      0.0                       0.0    0.0      0.0
  SNOW DEPTH       0

DEGREE DAYS
 HEATING
  YESTERDAY        0                         1     -1        0
  MONTH TO DATE   29                        25      4        9
  SINCE JUN 1     75                       128    -53       86
  SINCE JUL 1     29                        25      4        9

 COOLING
  YESTERDAY        3                         5     -2        2
  MONTH TO DATE   95                       110    -15      162
  SINCE JUN 1    162                       185    -23      275
  SINCE JAN 1    215                       202     13      284
..................................................................


WIND (MPH)
  HIGHEST WIND SPEED    28   HIGHEST WIND DIRECTION    SE (150)
  HIGHEST GUST SPEED    36   HIGHEST GUST DIRECTION     S (160)
  AVERAGE WIND SPEED     8.9


SKY COVER
  POSSIBLE SUNSHINE  MM
  AVERAGE SKY COVER 0.6


WEATHER CONDITIONS
 THE FOLLOWING WEATHER WAS RECORDED YESTERDAY.
  LIGHT RAIN


RELATIVE HUMIDITY (PERCENT)
 HIGHEST    93           100 AM
 LOWEST     54           300 PM
 AVERAGE    74

..........................................................


THE GRAND FORKS INTL AP ND CLIMATE NORMALS FOR TODAY
                         NORMAL    RECORD    YEAR
 MAXIMUM TEMPERATURE (F)   82        98      1989
 MINIMUM TEMPERATURE (F)   56        40      1972


SUNRISE AND SUNSET
JULY 25 2014..........SUNRISE   556 AM CDT   SUNSET   913 PM CDT
JULY 26 2014..........SUNRISE   558 AM CDT   SUNSET   912 PM CDT


-  INDICATES NEGATIVE NUMBERS.
R  INDICATES RECORD WAS SET OR TIED.
MM INDICATES DATA IS MISSING.
T  INDICATES TRACE AMOUNT.




$$
