000
CDUS43 KFGF 060636
CLIGFK


CLIMATE REPORT
NATIONAL WEATHER SERVICE EASTERN NORTH DAKOTA/GRAND FORKS
131 AM CDT FRI MAY 6 2016


...................................

...THE GRAND FORKS INTL AP ND CLIMATE SUMMARY FOR MAY 5 2016...

CLIMATE NORMAL PERIOD 1981 TO 2010
CLIMATE RECORD PERIOD 1941 TO 2016


WEATHER ITEM   OBSERVED TIME   RECORD YEAR NORMAL DEPARTURE LAST
                VALUE   (LST)  VALUE       VALUE  FROM      YEAR
                                                  NORMAL
..................................................................
TEMPERATURE (F)
 YESTERDAY
  MAXIMUM         93R   245 PM  85    2000  65     28       79
  MINIMUM         49    459 AM  20    2008  37     12       36

  AVERAGE         71                        51     20       58

PRECIPITATION (IN)
  YESTERDAY        0.00          1.18 2007   0.07  -0.07     0.00
  MONTH TO DATE    0.00                      0.33  -0.33     0.02
  SINCE MAR 1      2.11                      2.30  -0.19     1.06
  SINCE JAN 1      2.69                      3.37  -0.68     1.88

SNOWFALL (IN)
  YESTERDAY        0.0           T    2002   0.0    0.0      0.0
  MONTH TO DATE    0.0                       0.0    0.0      0.0
  SINCE MAR 1      2.5                      10.1   -7.6      2.7
  SINCE JUL 1     28.4                      47.3  -18.9     17.0
  SNOW DEPTH       0

DEGREE DAYS
 HEATING
  YESTERDAY        0                        14    -14        7
  MONTH TO DATE   51                        75    -24       39
  SINCE MAR 1   1664                      2003   -339     1697
  SINCE JUL 1   7643                      9153  -1510     8614

 COOLING
  YESTERDAY        6                         0      6        0
  MONTH TO DATE    6                         0      6        0
  SINCE MAR 1      6                         1      5        0
  SINCE JAN 1      6                         1      5        0
..................................................................


WIND (MPH)
  HIGHEST WIND SPEED    26   HIGHEST WIND DIRECTION     W (260)
  HIGHEST GUST SPEED    33   HIGHEST GUST DIRECTION     W (250)
  AVERAGE WIND SPEED    12.8


SKY COVER
  POSSIBLE SUNSHINE  MM
  AVERAGE SKY COVER 0.3


WEATHER CONDITIONS
 THE FOLLOWING WEATHER WAS RECORDED YESTERDAY.
  NO SIGNIFICANT WEATHER WAS OBSERVED.


RELATIVE HUMIDITY (PERCENT)
 HIGHEST    54           600 AM
 LOWEST     15           300 PM
 AVERAGE    35

..........................................................


THE GRAND FORKS INTL AP ND CLIMATE NORMALS FOR TODAY
                         NORMAL    RECORD    YEAR
 MAXIMUM TEMPERATURE (F)   65        86      1992
                                             1953
 MINIMUM TEMPERATURE (F)   38        19      1976


SUNRISE AND SUNSET
MAY  6 2016...........SUNRISE   602 AM CDT   SUNSET   849 PM CDT
MAY  7 2016...........SUNRISE   600 AM CDT   SUNSET   851 PM CDT


-  INDICATES NEGATIVE NUMBERS.
R  INDICATES RECORD WAS SET OR TIED.
MM INDICATES DATA IS MISSING.
T  INDICATES TRACE AMOUNT.




$$
