000
CDUS43 KFGF 260634
CLIGFK


CLIMATE REPORT
NATIONAL WEATHER SERVICE EASTERN NORTH DAKOTA/GRAND FORKS
133 AM CDT SUN OCT 26 2014


...................................

...THE GRAND FORKS INTL AP ND CLIMATE SUMMARY FOR OCTOBER 25 2014...

CLIMATE NORMAL PERIOD 1981 TO 2010
CLIMATE RECORD PERIOD 1941 TO 2014


WEATHER ITEM   OBSERVED TIME   RECORD YEAR NORMAL DEPARTURE LAST
                VALUE   (LST)  VALUE       VALUE  FROM      YEAR
                                                  NORMAL
..................................................................
TEMPERATURE (F)
 YESTERDAY
  MAXIMUM         61    247 PM  78    1989  49     12       60
                                      1977
  MINIMUM         30   1141 PM  15    1988  28      2       27
  AVERAGE         46                        39      7       44

PRECIPITATION (IN)
  YESTERDAY        0.00          0.75 1956   0.06  -0.06     0.00
  MONTH TO DATE    0.37                      1.66  -1.29     2.48
  SINCE SEP 1      1.66                      3.71  -2.05     4.45
  SINCE JAN 1     22.34                     18.94   3.40    18.68

SNOWFALL (IN)
  YESTERDAY        0.0           1.7  1959   0.1   -0.1      0.0
  MONTH TO DATE    0.0                       1.0   -1.0       T
  SINCE SEP 1      0.0                       1.0   -1.0       T
  SINCE JUL 1      0.0                       1.0   -1.0       T
  SNOW DEPTH       0

DEGREE DAYS
 HEATING
  YESTERDAY       19                        26     -7       21
  MONTH TO DATE  408                       512   -104      501
  SINCE SEP 1    600                       781   -181      633
  SINCE JUL 1    654                       863   -209      715

 COOLING
  YESTERDAY        0                         0      0        0
  MONTH TO DATE    0                         0      0        0
  SINCE SEP 1     34                        26      8       39
  SINCE JAN 1    395                       378     17      487
..................................................................


WIND (MPH)
  HIGHEST WIND SPEED    22   HIGHEST WIND DIRECTION    NW (320)
  HIGHEST GUST SPEED    30   HIGHEST GUST DIRECTION    NW (320)
  AVERAGE WIND SPEED     9.6


SKY COVER
  POSSIBLE SUNSHINE  MM
  AVERAGE SKY COVER 0.1


WEATHER CONDITIONS
 THE FOLLOWING WEATHER WAS RECORDED YESTERDAY.
  NO SIGNIFICANT WEATHER WAS OBSERVED.


RELATIVE HUMIDITY (PERCENT)
 HIGHEST    76           500 AM
 LOWEST     25           200 PM
 AVERAGE    51

..........................................................


THE GRAND FORKS INTL AP ND CLIMATE NORMALS FOR TODAY
                         NORMAL    RECORD    YEAR
 MAXIMUM TEMPERATURE (F)   49        80      1990
 MINIMUM TEMPERATURE (F)   28         8      1976


SUNRISE AND SUNSET
OCTOBER 26 2014.......SUNRISE   804 AM CDT   SUNSET   620 PM CDT
OCTOBER 27 2014.......SUNRISE   806 AM CDT   SUNSET   619 PM CDT


-  INDICATES NEGATIVE NUMBERS.
R  INDICATES RECORD WAS SET OR TIED.
MM INDICATES DATA IS MISSING.
T  INDICATES TRACE AMOUNT.




$$
