000
CDUS41 KALY 030624
CLIGFL


CLIMATE REPORT
NATIONAL WEATHER SERVICE ALBANY NY
223 AM EDT THU SEP 3 2015


...................................

...THE GLENS FALLS NY CLIMATE SUMMARY FOR SEPTEMBER 2 2015...

CLIMATE NORMAL PERIOD 1981 TO 2010
CLIMATE RECORD PERIOD 1949 TO 2015


WEATHER ITEM   OBSERVED TIME   RECORD YEAR NORMAL DEPARTURE LAST
                VALUE   (LST)  VALUE       VALUE  FROM      YEAR
                                                  NORMAL
..................................................................
TEMPERATURE (F)
 YESTERDAY
  MAXIMUM         86    350 PM  97    1953  76     10       85
  MINIMUM         57    402 AM  37    2007  52      5       63
  AVERAGE         72                        64      8       74

PRECIPITATION (IN)
  YESTERDAY        0.00          1.00 2013   0.10  -0.10     0.56
  MONTH TO DATE    0.00                      0.20  -0.20     0.56
  SINCE SEP 1      0.00                      0.20  -0.20     0.56
  SINCE JAN 1     17.52                     26.01  -8.49    26.60

DEGREE DAYS
 HEATING
  YESTERDAY        0                         3     -3        0
  MONTH TO DATE    0                         6     -6        0
  SINCE SEP 1      0                         6     -6        0
  SINCE JUL 1     13                        72    -59       15

 COOLING
  YESTERDAY        7                         2      5        9
  MONTH TO DATE   14                         4     10       19
  SINCE SEP 1     14                         4     10       19
  SINCE JAN 1    513                       331    182      357
..................................................................


WIND (MPH)
  HIGHEST WIND SPEED     9   HIGHEST WIND DIRECTION     S (170)
  HIGHEST GUST SPEED    12   HIGHEST GUST DIRECTION    SE (140)
  AVERAGE WIND SPEED     2.1


SKY COVER
  AVERAGE SKY COVER 0.3



RELATIVE HUMIDITY (PERCENT)
 HIGHEST   100           900 AM
 LOWEST     51           200 PM
 AVERAGE    76

..........................................................


THE GLENS FALLS NY CLIMATE NORMALS FOR TODAY
                         NORMAL    RECORD    YEAR
 MAXIMUM TEMPERATURE (F)   75        95      1973
 MINIMUM TEMPERATURE (F)   51        37      1976


SUNRISE AND SUNSET
SEPTEMBER  3 2015.....SUNRISE   620 AM EDT   SUNSET   727 PM EDT
SEPTEMBER  4 2015.....SUNRISE   621 AM EDT   SUNSET   725 PM EDT


-  INDICATES NEGATIVE NUMBERS.
R  INDICATES RECORD WAS SET OR TIED.
MM INDICATES DATA IS MISSING.
T  INDICATES TRACE AMOUNT.




$$
