000
CDUS41 KALY 262049
CLIGFL


CLIMATE REPORT
NATIONAL WEATHER SERVICE ALBANY NY
449 PM EDT MON SEP 26 2016


...................................

...THE GLENS FALLS NY CLIMATE SUMMARY FOR SEPTEMBER 26 2016...
VALID TODAY AS OF 0400 PM LOCAL TIME.

CLIMATE NORMAL PERIOD 1981 TO 2010
CLIMATE RECORD PERIOD 1949 TO 2016


WEATHER ITEM   OBSERVED TIME   RECORD YEAR NORMAL DEPARTURE LAST
                VALUE   (LST)  VALUE       VALUE  FROM      YEAR
                                                  NORMAL
..................................................................
TEMPERATURE (F)
 TODAY
  MAXIMUM         67    309 PM  87    2007  66      1       70
  MINIMUM         32    622 AM  28    1978  42    -10       39
  AVERAGE         50                        54     -4       55

PRECIPITATION (IN)
  TODAY            0.00          1.93 1975   0.12  -0.12     0.00
  MONTH TO DATE    1.09                      2.90  -1.81     1.87
  SINCE SEP 1      1.09                      2.90  -1.81     1.87
  SINCE JAN 1     22.25                     28.71  -6.46    19.39

DEGREE DAYS
 HEATING
  TODAY           15                        11      4       10
  MONTH TO DATE   73                       172    -99       56
  SINCE SEP 1     73                       172    -99       56
  SINCE JUL 1     79                       238   -159       69

 COOLING
  TODAY            0                         0      0        0
  MONTH TO DATE   55                        23     32       93
  SINCE SEP 1     55                        23     32       93
  SINCE JAN 1    640                       350    290      592
..................................................................


WIND (MPH)
  HIGHEST WIND SPEED    13   HIGHEST WIND DIRECTION     S (180)
  HIGHEST GUST SPEED    17   HIGHEST GUST DIRECTION     S (190)
  AVERAGE WIND SPEED     3.2


SKY COVER
  AVERAGE SKY COVER 0.0



RELATIVE HUMIDITY (PERCENT)
 HIGHEST    96           200 AM
 LOWEST     42           300 PM
 AVERAGE    69

..........................................................


THE GLENS FALLS NY CLIMATE NORMALS FOR TOMORROW
                         NORMAL    RECORD    YEAR
 MAXIMUM TEMPERATURE (F)   66        81      2011
 MINIMUM TEMPERATURE (F)   42        27      1966


SUNRISE AND SUNSET
SEPTEMBER 26 2016.....SUNRISE   647 AM EDT   SUNSET   644 PM EDT
SEPTEMBER 27 2016.....SUNRISE   648 AM EDT   SUNSET   642 PM EDT


-  INDICATES NEGATIVE NUMBERS.
R  INDICATES RECORD WAS SET OR TIED.
MM INDICATES DATA IS MISSING.
T  INDICATES TRACE AMOUNT.




$$
